D/dalvikvm( 2202): GC_EXPLICIT freed 88K, 22% free 8747K/11100K, paused 2ms+3ms, total 50ms
D/dalvikvm( 2364): GC_CONCURRENT freed 384K, 65% free 2757K/7696K, paused 2ms+2ms, total 15ms
D/dalvikvm( 2202): GC_EXPLICIT freed 87K, 22% free 8748K/11100K, paused 2ms+4ms, total 50ms
D/dalvikvm( 2202): GC_EXPLICIT freed 87K, 22% free 8747K/11100K, paused 2ms+3ms, total 50ms
D/dalvikvm( 2364): GC_CONCURRENT freed 383K, 65% free 2759K/7696K, paused 2ms+2ms, total 16ms
D/dalvikvm( 2202): GC_EXPLICIT freed 87K, 22% free 8748K/11100K, paused 2ms+4ms, total 51ms
D/dalvikvm( 2364): GC_CONCURRENT freed 399K, 65% free 2758K/7696K, paused 1ms+2ms, total 18ms
D/dalvikvm( 2202): GC_EXPLICIT freed 87K, 22% free 8747K/11100K, paused 2ms+5ms, total 51ms
D/dalvikvm( 2364): GC_CONCURRENT freed 397K, 65% free 2762K/7696K, paused 2ms+3ms, total 23ms
D/dalvikvm( 2202): GC_EXPLICIT freed 87K, 22% free 8748K/11100K, paused 2ms+8ms, total 91ms
D/dalvikvm( 2364): GC_CONCURRENT freed 392K, 65% free 2753K/7696K, paused 2ms+2ms, total 15ms
D/dalvikvm( 2202): GC_EXPLICIT freed 87K, 22% free 8747K/11100K, paused 2ms+4ms, total 50ms
D/dalvikvm( 2364): GC_CONCURRENT freed 393K, 65% free 2762K/7696K, paused 2ms+3ms, total 23ms
D/dalvikvm( 2202): GC_EXPLICIT freed 87K, 22% free 8748K/11100K, paused 2ms+4ms, total 56ms
D/dalvikvm( 2364): GC_CONCURRENT freed 402K, 65% free 2764K/7696K, paused 3ms+3ms, total 24ms
D/dalvikvm( 2202): GC_EXPLICIT freed 87K, 22% free 8748K/11100K, paused 2ms+5ms, total 56ms
D/dalvikvm( 2364): GC_CONCURRENT freed 403K, 65% free 2764K/7696K, paused 2ms+2ms, total 22ms
D/dalvikvm( 2202): GC_EXPLICIT freed 87K, 22% free 8748K/11100K, paused 2ms+4ms, total 56ms
D/dalvikvm( 2364): GC_CONCURRENT freed 400K, 65% free 2764K/7696K, paused 2ms+3ms, total 22ms
D/dalvikvm( 2202): GC_EXPLICIT freed 87K, 22% free 8747K/11100K, paused 2ms+4ms, total 56ms
D/dalvikvm( 2202): GC_EXPLICIT freed 87K, 22% free 8748K/11100K, paused 2ms+6ms, total 66ms
D/dalvikvm( 2364): GC_CONCURRENT freed 403K, 65% free 2764K/7696K, paused 2ms+4ms, total 26ms
D/dalvikvm( 2202): GC_EXPLICIT freed 87K, 22% free 8747K/11100K, paused 2ms+4ms, total 49ms
D/dalvikvm( 2364): GC_CONCURRENT freed 410K, 65% free 2757K/7696K, paused 1ms+3ms, total 20ms
D/dalvikvm( 2202): GC_EXPLICIT freed 87K, 22% free 8747K/11100K, paused 1ms+4ms, total 50ms
D/dalvikvm( 2364): GC_CONCURRENT freed 402K, 65% free 2759K/7696K, paused 1ms+2ms, total 20ms
D/dalvikvm( 2202): GC_EXPLICIT freed 87K, 22% free 8748K/11100K, paused 2ms+5ms, total 61ms
D/dalvikvm( 2364): GC_CONCURRENT freed 402K, 65% free 2760K/7696K, paused 2ms+3ms, total 26ms
D/dalvikvm( 2202): GC_EXPLICIT freed 87K, 22% free 8747K/11100K, paused 3ms+5ms, total 67ms
D/dalvikvm( 2364): GC_CONCURRENT freed 390K, 65% free 2754K/7696K, paused 2ms+3ms, total 19ms
D/dalvikvm( 2202): GC_EXPLICIT freed 87K, 22% free 8748K/11100K, paused 3ms+5ms, total 66ms
D/dalvikvm( 2364): GC_CONCURRENT freed 389K, 65% free 2759K/7696K, paused 2ms+3ms, total 15ms
D/dalvikvm( 2202): GC_EXPLICIT freed 87K, 22% free 8747K/11100K, paused 2ms+4ms, total 49ms
D/dalvikvm( 2364): GC_CONCURRENT freed 405K, 65% free 2752K/7696K, paused 1ms+2ms, total 15ms
D/dalvikvm( 2202): GC_EXPLICIT freed 88K, 22% free 8747K/11100K, paused 2ms+4ms, total 49ms
D/dalvikvm( 2364): GC_CONCURRENT freed 400K, 65% free 2748K/7696K, paused 1ms+3ms, total 15ms
D/dalvikvm( 2202): GC_EXPLICIT freed 88K, 22% free 8747K/11100K, paused 2ms+3ms, total 50ms
D/dalvikvm( 2364): GC_CONCURRENT freed 396K, 65% free 2749K/7696K, paused 2ms+2ms, total 15ms
D/dalvikvm( 2202): GC_EXPLICIT freed 87K, 22% free 8748K/11100K, paused 2ms+4ms, total 49ms
D/dalvikvm( 2364): GC_CONCURRENT freed 389K, 65% free 2743K/7696K, paused 2ms+2ms, total 13ms
D/dalvikvm( 2202): GC_EXPLICIT freed 87K, 22% free 8748K/11100K, paused 2ms+4ms, total 52ms
D/dalvikvm( 2364): GC_CONCURRENT freed 386K, 65% free 2741K/7696K, paused 3ms+3ms, total 20ms
D/dalvikvm( 2202): GC_EXPLICIT freed 87K, 22% free 8748K/11100K, paused 3ms+6ms, total 66ms
D/dalvikvm( 2364): GC_CONCURRENT freed 384K, 65% free 2741K/7696K, paused 3ms+3ms, total 20ms
D/dalvikvm( 2202): GC_EXPLICIT freed 87K, 22% free 8747K/11100K, paused 2ms+5ms, total 65ms
D/dalvikvm( 2364): GC_CONCURRENT freed 392K, 65% free 2747K/7696K, paused 1ms+2ms, total 16ms
D/dalvikvm( 2202): GC_EXPLICIT freed 87K, 22% free 8748K/11100K, paused 2ms+4ms, total 49ms
W/MediaScanner( 2364): Error opening directory '/storage/sdcard0/.android_secure/', skipping: Permission denied.
D/dalvikvm( 2364): GC_CONCURRENT freed 406K, 65% free 2738K/7696K, paused 1ms+3ms, total 17ms
D/dalvikvm( 2202): GC_EXPLICIT freed 89K, 22% free 8748K/11100K, paused 2ms+4ms, total 49ms
D/dalvikvm( 2364): GC_CONCURRENT freed 383K, 65% free 2751K/7696K, paused 1ms+2ms, total 15ms
D/dalvikvm( 2202): GC_EXPLICIT freed 87K, 22% free 8748K/11100K, paused 2ms+4ms, total 49ms
D/dalvikvm( 2202): GC_EXPLICIT freed 87K, 22% free 8747K/11100K, paused 2ms+3ms, total 50ms
D/dalvikvm( 2364): GC_CONCURRENT freed 395K, 65% free 2752K/7696K, paused 1ms+2ms, total 16ms
D/dalvikvm( 2202): GC_EXPLICIT freed 87K, 22% free 8748K/11100K, paused 2ms+4ms, total 49ms
D/dalvikvm( 2364): GC_CONCURRENT freed 398K, 65% free 2749K/7696K, paused 2ms+3ms, total 17ms
D/dalvikvm( 2202): GC_EXPLICIT freed 87K, 22% free 8747K/11100K, paused 2ms+3ms, total 50ms
D/dalvikvm( 2364): GC_CONCURRENT freed 388K, 65% free 2744K/7696K, paused 2ms+2ms, total 15ms
D/dalvikvm( 2202): GC_EXPLICIT freed 87K, 22% free 8748K/11100K, paused 2ms+4ms, total 50ms
D/dalvikvm( 2364): GC_CONCURRENT freed 392K, 65% free 2749K/7696K, paused 1ms+2ms, total 15ms
D/dalvikvm( 2202): GC_EXPLICIT freed 87K, 22% free 8747K/11100K, paused 2ms+3ms, total 49ms
D/dalvikvm( 2364): GC_CONCURRENT freed 399K, 65% free 2746K/7696K, paused 2ms+2ms, total 16ms
D/dalvikvm( 2202): GC_EXPLICIT freed 87K, 22% free 8748K/11100K, paused 2ms+5ms, total 50ms
D/dalvikvm( 2364): GC_CONCURRENT freed 403K, 65% free 2741K/7696K, paused 1ms+2ms, total 15ms
D/dalvikvm( 2202): GC_EXPLICIT freed 87K, 22% free 8747K/11100K, paused 2ms+4ms, total 49ms
D/dalvikvm( 2364): GC_CONCURRENT freed 399K, 65% free 2737K/7696K, paused 1ms+3ms, total 15ms
D/dalvikvm( 2202): GC_EXPLICIT freed 87K, 22% free 8748K/11100K, paused 2ms+3ms, total 50ms
D/dalvikvm( 2364): GC_CONCURRENT freed 395K, 65% free 2741K/7696K, paused 1ms+2ms, total 16ms
D/dalvikvm( 2202): GC_EXPLICIT freed 87K, 22% free 8747K/11100K, paused 2ms+3ms, total 50ms
D/dalvikvm( 2364): GC_CONCURRENT freed 390K, 65% free 2734K/7696K, paused 1ms+2ms, total 13ms
D/dalvikvm( 2202): GC_EXPLICIT freed 87K, 22% free 8748K/11100K, paused 2ms+4ms, total 49ms
D/dalvikvm( 2364): GC_CONCURRENT freed 380K, 65% free 2751K/7696K, paused 2ms+3ms, total 16ms
D/dalvikvm( 2202): GC_EXPLICIT freed 87K, 22% free 8747K/11100K, paused 2ms+4ms, total 49ms
D/dalvikvm( 2364): GC_CONCURRENT freed 391K, 65% free 2743K/7696K, paused 2ms+3ms, total 16ms
D/dalvikvm( 2202): GC_EXPLICIT freed 87K, 22% free 8748K/11100K, paused 2ms+5ms, total 60ms
D/dalvikvm( 2364): GC_CONCURRENT freed 387K, 65% free 2754K/7696K, paused 2ms+3ms, total 21ms
I/hostapd ( 3652): wlan0: AP-STA-CONNECTED 00:22:43:14:e7:04
D/dalvikvm( 2202): GC_EXPLICIT freed 88K, 22% free 8747K/11100K, paused 3ms+4ms, total 50ms
I/dnsmasq ( 3655): DHCPDISCOVER(wlan0) 192.168.43.76 00:22:43:14:e7:04
I/dnsmasq ( 3655): DHCPOFFER(wlan0) 192.168.43.76 00:22:43:14:e7:04
I/dnsmasq ( 3655): DHCPREQUEST(wlan0) 192.168.43.76 00:22:43:14:e7:04
I/dnsmasq ( 3655): DHCPACK(wlan0) 192.168.43.76 00:22:43:14:e7:04 eek
D/dalvikvm( 2202): GC_EXPLICIT freed 87K, 22% free 8748K/11100K, paused 2ms+4ms, total 49ms
D/dalvikvm( 2364): GC_CONCURRENT freed 400K, 65% free 2751K/7696K, paused 2ms+3ms, total 16ms
D/dalvikvm( 2202): GC_EXPLICIT freed 87K, 22% free 8747K/11100K, paused 2ms+4ms, total 49ms
D/dalvikvm( 2364): GC_CONCURRENT freed 405K, 65% free 2743K/7696K, paused 2ms+2ms, total 16ms
D/dalvikvm( 2202): GC_EXPLICIT freed 87K, 22% free 8748K/11100K, paused 2ms+4ms, total 50ms
D/dalvikvm( 2364): GC_CONCURRENT freed 396K, 65% free 2743K/7696K, paused 1ms+2ms, total 15ms
D/dalvikvm( 2202): GC_EXPLICIT freed 87K, 22% free 8748K/11100K, paused 2ms+3ms, total 50ms
D/dalvikvm( 2364): GC_CONCURRENT freed 379K, 65% free 2747K/7696K, paused 2ms+2ms, total 17ms
D/dalvikvm( 2202): GC_EXPLICIT freed 87K, 22% free 8748K/11100K, paused 2ms+5ms, total 57ms
D/dalvikvm( 2364): GC_CONCURRENT freed 392K, 65% free 2748K/7696K, paused 2ms+4ms, total 24ms
D/dalvikvm( 2202): GC_EXPLICIT freed 87K, 22% free 8747K/11100K, paused 2ms+4ms, total 50ms
D/dalvikvm( 2364): GC_CONCURRENT freed 393K, 65% free 2738K/7696K, paused 2ms+3ms, total 16ms
D/dalvikvm( 2202): GC_EXPLICIT freed 87K, 22% free 8748K/11100K, paused 3ms+4ms, total 56ms
D/dalvikvm( 2364): GC_CONCURRENT freed 386K, 65% free 2743K/7696K, paused 2ms+2ms, total 18ms
D/dalvikvm( 2202): GC_EXPLICIT freed 87K, 22% free 8748K/11100K, paused 3ms+4ms, total 63ms
D/dalvikvm( 2364): GC_CONCURRENT freed 387K, 65% free 2739K/7696K, paused 2ms+3ms, total 19ms
D/dalvikvm( 2202): GC_EXPLICIT freed 87K, 22% free 8748K/11100K, paused 2ms+5ms, total 56ms
D/dalvikvm( 2364): GC_CONCURRENT freed 383K, 65% free 2740K/7696K, paused 2ms+3ms, total 16ms
D/dalvikvm( 2202): GC_EXPLICIT freed 87K, 22% free 8747K/11100K, paused 3ms+4ms, total 56ms
D/dalvikvm( 2364): GC_CONCURRENT freed 384K, 65% free 2740K/7696K, paused 2ms+3ms, total 19ms
D/dalvikvm( 2202): GC_EXPLICIT freed 87K, 22% free 8753K/11100K, paused 3ms+10ms, total 76ms
D/dalvikvm( 2364): GC_CONCURRENT freed 385K, 65% free 2740K/7696K, paused 2ms+3ms, total 16ms
D/dalvikvm( 2202): GC_EXPLICIT freed 217K, 22% free 8754K/11100K, paused 2ms+5ms, total 50ms
D/dalvikvm( 2364): GC_CONCURRENT freed 384K, 65% free 2740K/7696K, paused 2ms+2ms, total 14ms
D/dalvikvm( 2202): GC_EXPLICIT freed 92K, 22% free 8750K/11100K, paused 2ms+4ms, total 52ms
D/dalvikvm( 2364): GC_CONCURRENT freed 378K, 65% free 2761K/7696K, paused 2ms+2ms, total 19ms
D/dalvikvm( 2202): GC_EXPLICIT freed 87K, 22% free 8750K/11100K, paused 2ms+5ms, total 57ms
D/dalvikvm( 2364): GC_CONCURRENT freed 360K, 64% free 2800K/7696K, paused 2ms+3ms, total 22ms
D/dalvikvm( 2202): GC_EXPLICIT freed 87K, 22% free 8750K/11100K, paused 2ms+5ms, total 68ms
D/dalvikvm( 2364): GC_CONCURRENT freed 357K, 63% free 2848K/7696K, paused 2ms+3ms, total 24ms
D/dalvikvm( 2202): GC_EXPLICIT freed 87K, 22% free 8750K/11100K, paused 3ms+3ms, total 63ms
D/dalvikvm( 2364): GC_CONCURRENT freed 358K, 63% free 2894K/7696K, paused 1ms+3ms, total 18ms
D/dalvikvm( 2202): GC_EXPLICIT freed 88K, 22% free 8750K/11100K, paused 2ms+4ms, total 50ms
D/dalvikvm( 2364): GC_CONCURRENT freed 357K, 62% free 2940K/7696K, paused 1ms+2ms, total 18ms
D/dalvikvm( 2202): GC_EXPLICIT freed 87K, 22% free 8750K/11100K, paused 2ms+4ms, total 50ms
D/dalvikvm( 2364): GC_CONCURRENT freed 360K, 62% free 2984K/7696K, paused 1ms+2ms, total 19ms
D/dalvikvm( 2202): GC_EXPLICIT freed 87K, 22% free 8750K/11100K, paused 1ms+3ms, total 50ms
D/dalvikvm( 2364): GC_CONCURRENT freed 359K, 61% free 3031K/7696K, paused 1ms+2ms, total 21ms
D/dalvikvm( 2202): GC_EXPLICIT freed 87K, 22% free 8750K/11100K, paused 2ms+8ms, total 80ms
D/dalvikvm( 2364): GC_CONCURRENT freed 355K, 60% free 3079K/7696K, paused 2ms+5ms, total 38ms
D/dalvikvm( 2364): GC_CONCURRENT freed 521K, 62% free 2948K/7696K, paused 1ms+2ms, total 36ms
D/dalvikvm( 2364): GC_CONCURRENT freed 381K, 62% free 2960K/7696K, paused 1ms+1ms, total 17ms
D/dalvikvm( 2364): GC_CONCURRENT freed 386K, 62% free 2961K/7696K, paused 2ms+1ms, total 22ms
D/dalvikvm( 2364): GC_CONCURRENT freed 375K, 62% free 2973K/7696K, paused 2ms+2ms, total 25ms
D/dalvikvm( 2364): GC_CONCURRENT freed 383K, 62% free 2977K/7696K, paused 1ms+2ms, total 16ms
D/dalvikvm( 2364): GC_CONCURRENT freed 385K, 62% free 2981K/7696K, paused 1ms+2ms, total 28ms
D/Tethering( 2202): TetherModeAliveState.processMessage what=4
D/dalvikvm( 2364): GC_CONCURRENT freed 694K, 66% free 2672K/7696K, paused 2ms+2ms, total 22ms
D/dalvikvm( 2202): GC_EXPLICIT freed 516K, 22% free 8765K/11100K, paused 2ms+6ms, total 69ms
D/dalvikvm( 2364): GC_CONCURRENT freed 250K, 64% free 2806K/7696K, paused 3ms+2ms, total 15ms
D/dalvikvm( 2202): GC_EXPLICIT freed 102K, 22% free 8751K/11100K, paused 2ms+5ms, total 54ms
D/dalvikvm( 2364): GC_CONCURRENT freed 338K, 63% free 2871K/7696K, paused 3ms+5ms, total 38ms
D/dalvikvm( 2202): GC_EXPLICIT freed 87K, 22% free 8751K/11100K, paused 4ms+6ms, total 93ms
D/dalvikvm( 2364): GC_CONCURRENT freed 339K, 62% free 2929K/7696K, paused 1ms+3ms, total 23ms
D/dalvikvm( 2202): GC_EXPLICIT freed 87K, 22% free 8751K/11100K, paused 3ms+8ms, total 85ms
D/dalvikvm( 2364): GC_CONCURRENT freed 335K, 62% free 2980K/7696K, paused 2ms+4ms, total 26ms
D/dalvikvm( 2202): GC_EXPLICIT freed 87K, 22% free 8751K/11100K, paused 3ms+6ms, total 73ms
D/dalvikvm( 2364): GC_CONCURRENT freed 345K, 61% free 3028K/7696K, paused 2ms+3ms, total 24ms
D/dalvikvm( 2202): GC_EXPLICIT freed 130K, 22% free 8751K/11100K, paused 5ms+8ms, total 104ms
D/dalvikvm( 2364): GC_CONCURRENT freed 368K, 61% free 3054K/7696K, paused 3ms+4ms, total 25ms
D/dalvikvm( 2202): GC_EXPLICIT freed 89K, 22% free 8750K/11100K, paused 3ms+6ms, total 67ms
D/dalvikvm( 2364): GC_CONCURRENT freed 376K, 61% free 3070K/7696K, paused 2ms+2ms, total 18ms
D/dalvikvm( 2202): GC_EXPLICIT freed 88K, 22% free 8750K/11100K, paused 3ms+5ms, total 67ms
D/dalvikvm( 2364): GC_CONCURRENT freed 373K, 60% free 3083K/7696K, paused 3ms+3ms, total 23ms
D/dalvikvm( 2202): GC_EXPLICIT freed 87K, 22% free 8750K/11100K, paused 3ms+5ms, total 67ms
D/dalvikvm( 2364): GC_CONCURRENT freed 392K, 60% free 3086K/7696K, paused 1ms+2ms, total 18ms
D/dalvikvm( 2202): GC_EXPLICIT freed 98K, 22% free 8750K/11100K, paused 3ms+5ms, total 67ms
D/dalvikvm( 2364): GC_CONCURRENT freed 390K, 60% free 3083K/7696K, paused 3ms+5ms, total 33ms
D/dalvikvm( 2202): GC_EXPLICIT freed 87K, 22% free 8750K/11100K, paused 4ms+10ms, total 106ms
D/dalvikvm( 2364): GC_CONCURRENT freed 389K, 60% free 3083K/7696K, paused 2ms+3ms, total 23ms
D/dalvikvm( 2202): GC_EXPLICIT freed 87K, 22% free 8749K/11100K, paused 3ms+6ms, total 68ms
D/dalvikvm( 2364): GC_CONCURRENT freed 388K, 60% free 3085K/7696K, paused 3ms+3ms, total 23ms
D/dalvikvm( 2202): GC_EXPLICIT freed 87K, 22% free 8750K/11100K, paused 4ms+8ms, total 97ms
D/dalvikvm( 2364): GC_CONCURRENT freed 387K, 60% free 3082K/7696K, paused 3ms+3ms, total 23ms
D/dalvikvm( 2202): GC_EXPLICIT freed 97K, 22% free 8752K/11100K, paused 3ms+7ms, total 69ms
D/dalvikvm( 2364): GC_CONCURRENT freed 388K, 60% free 3086K/7696K, paused 3ms+3ms, total 21ms
D/dalvikvm( 2202): GC_EXPLICIT freed 87K, 22% free 8752K/11100K, paused 3ms+8ms, total 79ms
D/dalvikvm( 2364): GC_CONCURRENT freed 386K, 60% free 3086K/7696K, paused 3ms+3ms, total 24ms
D/dalvikvm( 2202): GC_EXPLICIT freed 87K, 22% free 8752K/11100K, paused 3ms+5ms, total 66ms
D/dalvikvm( 2364): GC_CONCURRENT freed 386K, 60% free 3083K/7696K, paused 2ms+3ms, total 17ms
D/dalvikvm( 2202): GC_EXPLICIT freed 87K, 22% free 8752K/11100K, paused 2ms+4ms, total 51ms
D/dalvikvm( 2364): GC_CONCURRENT freed 393K, 60% free 3088K/7696K, paused 2ms+5ms, total 38ms
D/dalvikvm( 2202): GC_EXPLICIT freed 87K, 22% free 8752K/11100K, paused 4ms+8ms, total 104ms
D/dalvikvm( 2364): GC_CONCURRENT freed 388K, 60% free 3084K/7696K, paused 4ms+6ms, total 36ms
D/dalvikvm( 2202): GC_EXPLICIT freed 87K, 22% free 8752K/11100K, paused 5ms+9ms, total 107ms
D/dalvikvm( 2364): GC_CONCURRENT freed 383K, 60% free 3085K/7696K, paused 3ms+5ms, total 41ms
D/dalvikvm( 2202): GC_EXPLICIT freed 87K, 22% free 8752K/11100K, paused 3ms+4ms, total 61ms
D/dalvikvm( 2364): GC_CONCURRENT freed 392K, 60% free 3088K/7696K, paused 3ms+3ms, total 30ms
D/dalvikvm( 2202): GC_EXPLICIT freed 87K, 22% free 8752K/11100K, paused 3ms+6ms, total 67ms
D/dalvikvm( 2364): GC_CONCURRENT freed 388K, 60% free 3087K/7696K, paused 3ms+3ms, total 25ms
D/dalvikvm( 2202): GC_EXPLICIT freed 87K, 22% free 8752K/11100K, paused 3ms+8ms, total 88ms
D/dalvikvm( 2364): GC_CONCURRENT freed 393K, 60% free 3090K/7696K, paused 4ms+5ms, total 45ms
D/dalvikvm( 2202): GC_EXPLICIT freed 87K, 22% free 8752K/11100K, paused 5ms+7ms, total 97ms
D/dalvikvm( 2364): GC_CONCURRENT freed 397K, 60% free 3090K/7696K, paused 1ms+4ms, total 26ms
D/dalvikvm( 2202): GC_EXPLICIT freed 87K, 22% free 8752K/11100K, paused 2ms+5ms, total 66ms
D/dalvikvm( 2364): GC_CONCURRENT freed 395K, 60% free 3091K/7696K, paused 2ms+4ms, total 27ms
D/dalvikvm( 2202): GC_EXPLICIT freed 87K, 22% free 8752K/11100K, paused 2ms+6ms, total 66ms
D/dalvikvm( 2364): GC_CONCURRENT freed 391K, 60% free 3089K/7696K, paused 2ms+3ms, total 25ms
D/dalvikvm( 2202): GC_EXPLICIT freed 87K, 22% free 8752K/11100K, paused 3ms+8ms, total 89ms
D/dalvikvm( 2364): GC_CONCURRENT freed 386K, 60% free 3089K/7696K, paused 3ms+3ms, total 25ms
D/dalvikvm( 2202): GC_EXPLICIT freed 87K, 22% free 8752K/11100K, paused 3ms+5ms, total 67ms
D/dalvikvm( 2364): GC_CONCURRENT freed 385K, 60% free 3088K/7696K, paused 2ms+2ms, total 18ms
D/dalvikvm( 2202): GC_EXPLICIT freed 87K, 22% free 8752K/11100K, paused 2ms+4ms, total 49ms
D/dalvikvm( 2364): GC_CONCURRENT freed 386K, 60% free 3090K/7696K, paused 3ms+3ms, total 25ms
D/dalvikvm( 2202): GC_EXPLICIT freed 87K, 22% free 8752K/11100K, paused 3ms+5ms, total 70ms
D/dalvikvm( 2202): GC_EXPLICIT freed 87K, 22% free 8752K/11100K, paused 3ms+5ms, total 66ms
D/dalvikvm( 2364): GC_CONCURRENT freed 389K, 60% free 3093K/7696K, paused 2ms+2ms, total 20ms
D/dalvikvm( 2202): GC_EXPLICIT freed 87K, 22% free 8752K/11100K, paused 2ms+6ms, total 66ms
D/dalvikvm( 2364): GC_CONCURRENT freed 404K, 60% free 3084K/7696K, paused 3ms+3ms, total 26ms
D/dalvikvm( 2202): GC_EXPLICIT freed 87K, 22% free 8752K/11100K, paused 5ms+8ms, total 104ms
D/dalvikvm( 2364): GC_CONCURRENT freed 395K, 60% free 3085K/7696K, paused 2ms+4ms, total 24ms
D/dalvikvm( 2202): GC_EXPLICIT freed 87K, 22% free 8752K/11100K, paused 2ms+5ms, total 66ms
D/dalvikvm( 2364): GC_CONCURRENT freed 392K, 60% free 3087K/7696K, paused 3ms+5ms, total 35ms
D/dalvikvm( 2202): GC_EXPLICIT freed 87K, 22% free 8752K/11100K, paused 4ms+5ms, total 86ms
D/dalvikvm( 2364): GC_CONCURRENT freed 389K, 60% free 3083K/7696K, paused 2ms+2ms, total 19ms
D/dalvikvm( 2202): GC_EXPLICIT freed 87K, 22% free 8752K/11100K, paused 2ms+4ms, total 50ms
D/dalvikvm( 2364): GC_CONCURRENT freed 385K, 60% free 3083K/7696K, paused 2ms+3ms, total 17ms
D/dalvikvm( 2202): GC_EXPLICIT freed 87K, 22% free 8751K/11100K, paused 2ms+3ms, total 49ms
D/dalvikvm( 2364): GC_CONCURRENT freed 384K, 60% free 3083K/7696K, paused 2ms+3ms, total 17ms
D/dalvikvm( 2202): GC_EXPLICIT freed 87K, 22% free 8752K/11100K, paused 2ms+4ms, total 50ms
D/dalvikvm( 2364): GC_CONCURRENT freed 384K, 60% free 3082K/7696K, paused 2ms+2ms, total 17ms
D/dalvikvm( 2202): GC_EXPLICIT freed 87K, 22% free 8751K/11100K, paused 2ms+4ms, total 50ms
D/dalvikvm( 2364): GC_CONCURRENT freed 390K, 60% free 3088K/7696K, paused 2ms+3ms, total 28ms
D/dalvikvm( 2202): GC_EXPLICIT freed 87K, 22% free 8752K/11100K, paused 3ms+4ms, total 62ms
D/dalvikvm( 2364): GC_CONCURRENT freed 391K, 60% free 3090K/7696K, paused 1ms+2ms, total 21ms
D/dalvikvm( 2202): GC_EXPLICIT freed 87K, 22% free 8751K/11100K, paused 2ms+5ms, total 66ms
D/dalvikvm( 2364): GC_CONCURRENT freed 395K, 60% free 3091K/7696K, paused 2ms+3ms, total 27ms
D/dalvikvm( 2202): GC_EXPLICIT freed 87K, 22% free 8752K/11100K, paused 2ms+8ms, total 90ms
D/dalvikvm( 2364): GC_CONCURRENT freed 389K, 60% free 3089K/7696K, paused 4ms+6ms, total 43ms
D/dalvikvm( 2202): GC_EXPLICIT freed 87K, 22% free 8752K/11100K, paused 2ms+4ms, total 50ms
D/dalvikvm( 2364): GC_CONCURRENT freed 393K, 60% free 3090K/7696K, paused 3ms+4ms, total 28ms
D/dalvikvm( 2202): GC_EXPLICIT freed 87K, 22% free 8752K/11100K, paused 2ms+6ms, total 65ms
D/dalvikvm( 2364): GC_CONCURRENT freed 394K, 60% free 3092K/7696K, paused 2ms+5ms, total 40ms
D/dalvikvm( 2202): GC_EXPLICIT freed 87K, 22% free 8751K/11100K, paused 4ms+8ms, total 98ms
D/dalvikvm( 2364): GC_CONCURRENT freed 396K, 60% free 3091K/7696K, paused 4ms+6ms, total 43ms
D/dalvikvm( 2202): GC_EXPLICIT freed 87K, 22% free 8752K/11100K, paused 5ms+6ms, total 87ms
D/dalvikvm( 2364): GC_CONCURRENT freed 392K, 60% free 3089K/7696K, paused 4ms+5ms, total 33ms
D/dalvikvm( 2202): GC_EXPLICIT freed 87K, 22% free 8752K/11100K, paused 5ms+5ms, total 97ms
D/dalvikvm( 2364): GC_CONCURRENT freed 391K, 60% free 3091K/7696K, paused 1ms+3ms, total 23ms
D/dalvikvm( 2202): GC_EXPLICIT freed 87K, 22% free 8752K/11100K, paused 3ms+6ms, total 65ms
D/dalvikvm( 2364): GC_CONCURRENT freed 387K, 60% free 3088K/7696K, paused 3ms+3ms, total 22ms
D/dalvikvm( 2202): GC_EXPLICIT freed 87K, 22% free 8752K/11100K, paused 3ms+8ms, total 91ms
D/dalvikvm( 2364): GC_CONCURRENT freed 384K, 60% free 3089K/7696K, paused 2ms+3ms, total 22ms
D/dalvikvm( 2202): GC_EXPLICIT freed 87K, 22% free 8752K/11100K, paused 2ms+6ms, total 70ms
D/dalvikvm( 2202): GC_EXPLICIT freed 87K, 22% free 8752K/11100K, paused 3ms+6ms, total 72ms
D/dalvikvm( 2364): GC_CONCURRENT freed 387K, 60% free 3091K/7696K, paused 1ms+3ms, total 21ms
D/dalvikvm( 2202): GC_EXPLICIT freed 87K, 22% free 8752K/11100K, paused 2ms+6ms, total 67ms
D/dalvikvm( 2364): GC_CONCURRENT freed 398K, 60% free 3082K/7696K, paused 3ms+2ms, total 18ms
D/dalvikvm( 2202): GC_EXPLICIT freed 87K, 22% free 8752K/11100K, paused 3ms+5ms, total 66ms
D/dalvikvm( 2364): GC_CONCURRENT freed 385K, 60% free 3084K/7696K, paused 3ms+4ms, total 24ms
D/dalvikvm( 2202): GC_EXPLICIT freed 87K, 22% free 8752K/11100K, paused 3ms+5ms, total 66ms
D/dalvikvm( 2364): GC_CONCURRENT freed 387K, 60% free 3083K/7696K, paused 2ms+4ms, total 24ms
D/dalvikvm( 2202): GC_EXPLICIT freed 87K, 22% free 8752K/11100K, paused 2ms+5ms, total 66ms
D/dalvikvm( 2364): GC_CONCURRENT freed 384K, 60% free 3084K/7696K, paused 3ms+3ms, total 24ms
D/dalvikvm( 2202): GC_EXPLICIT freed 87K, 22% free 8752K/11100K, paused 3ms+5ms, total 66ms
D/dalvikvm( 2364): GC_CONCURRENT freed 384K, 60% free 3083K/7696K, paused 2ms+2ms, total 17ms
D/dalvikvm( 2202): GC_EXPLICIT freed 87K, 22% free 8752K/11100K, paused 2ms+5ms, total 66ms
D/dalvikvm( 2364): GC_CONCURRENT freed 391K, 60% free 3088K/7696K, paused 1ms+4ms, total 31ms
D/dalvikvm( 2202): GC_EXPLICIT freed 87K, 22% free 8752K/11100K, paused 3ms+5ms, total 66ms
D/dalvikvm( 2364): GC_CONCURRENT freed 387K, 60% free 3087K/7696K, paused 3ms+3ms, total 24ms
D/dalvikvm( 2202): GC_EXPLICIT freed 87K, 22% free 8752K/11100K, paused 2ms+5ms, total 65ms
D/dalvikvm( 2364): GC_CONCURRENT freed 387K, 60% free 3084K/7696K, paused 2ms+2ms, total 17ms
D/dalvikvm( 2202): GC_EXPLICIT freed 87K, 22% free 8752K/11100K, paused 2ms+4ms, total 51ms
D/dalvikvm( 2364): GC_CONCURRENT freed 384K, 60% free 3085K/7696K, paused 3ms+2ms, total 18ms
D/dalvikvm( 2202): GC_EXPLICIT freed 87K, 22% free 8752K/11100K, paused 3ms+5ms, total 67ms
D/dalvikvm( 2364): GC_CONCURRENT freed 386K, 60% free 3089K/7696K, paused 4ms+5ms, total 37ms
D/dalvikvm( 2202): GC_EXPLICIT freed 87K, 22% free 8751K/11100K, paused 4ms+8ms, total 97ms
D/dalvikvm( 2364): GC_CONCURRENT freed 389K, 60% free 3087K/7696K, paused 1ms+3ms, total 24ms
D/Tethering( 2202): TetherModeAliveState.processMessage what=4
D/dalvikvm( 2202): GC_EXPLICIT freed 93K, 22% free 8752K/11100K, paused 3ms+6ms, total 66ms
D/dalvikvm( 2364): GC_CONCURRENT freed 385K, 60% free 3089K/7696K, paused 3ms+4ms, total 27ms
D/dalvikvm( 2202): GC_EXPLICIT freed 87K, 22% free 8752K/11100K, paused 2ms+5ms, total 66ms
D/dalvikvm( 2364): GC_CONCURRENT freed 386K, 60% free 3089K/7696K, paused 3ms+4ms, total 27ms
D/dalvikvm( 2202): GC_EXPLICIT freed 87K, 22% free 8752K/11100K, paused 3ms+5ms, total 66ms
D/dalvikvm( 2364): GC_CONCURRENT freed 388K, 60% free 3091K/7696K, paused 2ms+3ms, total 24ms
D/dalvikvm( 2202): GC_EXPLICIT freed 87K, 22% free 8753K/11100K, paused 3ms+5ms, total 66ms
D/dalvikvm( 2364): GC_CONCURRENT freed 386K, 60% free 3092K/7696K, paused 3ms+4ms, total 26ms
D/dalvikvm( 2202): GC_EXPLICIT freed 87K, 22% free 8752K/11100K, paused 2ms+8ms, total 82ms
D/dalvikvm( 2364): GC_CONCURRENT freed 386K, 60% free 3091K/7696K, paused 2ms+3ms, total 21ms
D/dalvikvm( 2202): GC_EXPLICIT freed 87K, 22% free 8753K/11100K, paused 3ms+6ms, total 66ms
D/dalvikvm( 2364): GC_CONCURRENT freed 385K, 60% free 3091K/7696K, paused 2ms+3ms, total 26ms
D/dalvikvm( 2202): GC_EXPLICIT freed 87K, 22% free 8752K/11100K, paused 3ms+5ms, total 66ms
D/dalvikvm( 2364): GC_CONCURRENT freed 385K, 60% free 3091K/7696K, paused 2ms+3ms, total 24ms
D/dalvikvm( 2202): GC_EXPLICIT freed 97K, 22% free 8753K/11100K, paused 3ms+7ms, total 67ms
D/dalvikvm( 2364): GC_CONCURRENT freed 384K, 60% free 3092K/7696K, paused 3ms+3ms, total 24ms
D/dalvikvm( 2202): GC_EXPLICIT freed 89K, 22% free 8751K/11100K, paused 3ms+5ms, total 66ms
D/dalvikvm( 2202): GC_EXPLICIT freed 86K, 22% free 8752K/11100K, paused 3ms+6ms, total 66ms
D/dalvikvm( 2364): GC_CONCURRENT freed 388K, 60% free 3093K/7696K, paused 3ms+3ms, total 25ms
D/dalvikvm( 2202): GC_EXPLICIT freed 87K, 22% free 8751K/11100K, paused 3ms+5ms, total 66ms
D/dalvikvm( 2364): GC_CONCURRENT freed 397K, 60% free 3086K/7696K, paused 2ms+5ms, total 38ms
D/dalvikvm( 2364): GC_CONCURRENT freed 460K, 61% free 3017K/7696K, paused 3ms+4ms, total 32ms
D/dalvikvm( 2364): GC_CONCURRENT freed 451K, 62% free 2951K/7696K, paused 1ms+1ms, total 15ms
D/dalvikvm( 2364): GC_CONCURRENT freed 487K, 63% free 2848K/7696K, paused 2ms+1ms, total 17ms
D/dalvikvm( 2364): GC_CONCURRENT freed 378K, 63% free 2854K/7696K, paused 2ms+1ms, total 14ms
D/dalvikvm( 2364): GC_CONCURRENT freed 380K, 63% free 2858K/7696K, paused 3ms+1ms, total 15ms
I/ActivityManager( 2202): Start proc com.google.android.music:main for broadcast com.google.android.music/.store.MediaStoreImportService$Receiver: pid=3858 uid=10067 gids={50067, 3003, 1015, 1028}
E/Trace ( 3858): error opening trace file: No such file or directory (2)
D/gp.PicasaPhotoCP( 3279): set fsid first time:-1
I/MusicStore( 3858): Database version: 50
D/MusicStore( 3858): Disabled WAL
D/MusicStore( 3858): Database opened
D/dalvikvm( 2364): GC_CONCURRENT freed 609K, 66% free 2681K/7696K, paused 3ms+1ms, total 27ms
E/MetadataRetrieverClient( 1852): failed to extract an album art
D/dalvikvm( 2364): GC_CONCURRENT freed 417K, 66% free 2673K/7696K, paused 3ms+3ms, total 20ms
D/dalvikvm( 2202): GC_EXPLICIT freed 164K, 22% free 8761K/11100K, paused 2ms+4ms, total 54ms
E/MetadataRetrieverClient( 1852): failed to extract an album art
E/MetadataRetrieverClient( 1852): failed to extract an album art
D/dalvikvm( 2364): GC_CONCURRENT freed 412K, 66% free 2685K/7696K, paused 1ms+3ms, total 17ms
E/MetadataRetrieverClient( 1852): failed to extract an album art
D/dalvikvm( 2364): GC_CONCURRENT freed 407K, 66% free 2667K/7696K, paused 1ms+1ms, total 20ms
D/dalvikvm( 2364): GC_CONCURRENT freed 386K, 66% free 2679K/7696K, paused 1ms+1ms, total 19ms
I/MediaStoreImporter( 3858): Update: full Added music: 39 Updated music: 0 Deleted music: 0 Created playlists: 1 Updated playlists: 0 Deleted playlists: 0 Inserted playlist items: 18 Deleted playlist items: 0 Removed orphaned playlist items: 0
D/dalvikvm( 2364): GC_CONCURRENT freed 392K, 66% free 2684K/7696K, paused 2ms+1ms, total 15ms
D/dalvikvm( 2364): GC_CONCURRENT freed 401K, 66% free 2672K/7696K, paused 3ms+2ms, total 25ms
D/dalvikvm( 2364): GC_CONCURRENT freed 388K, 66% free 2673K/7696K, paused 1ms+2ms, total 22ms
I/MusicLeanback( 3858): EnablingReceiver action:com.google.android.music.START_DOWNLOAD_SCHEDULING
D/MusicLeanback( 3858): Acquired WakeLock
D/MusicLeanback( 3858): Service action:com.google.android.music.leanback.APP_IN_USE
W/MusicLeanback( 3858): No streaming account configured
D/MusicLeanback( 3858): Released WakeLock
D/dalvikvm( 2364): GC_CONCURRENT freed 385K, 66% free 2671K/7696K, paused 2ms+1ms, total 26ms
D/dalvikvm( 2364): GC_CONCURRENT freed 386K, 66% free 2674K/7696K, paused 4ms+3ms, total 36ms
D/dalvikvm( 2364): GC_CONCURRENT freed 378K, 66% free 2679K/7696K, paused 1ms+1ms, total 14ms
D/dalvikvm( 2364): GC_CONCURRENT freed 417K, 66% free 2672K/7696K, paused 2ms+4ms, total 32ms
D/dalvikvm( 2364): GC_CONCURRENT freed 399K, 66% free 2674K/7696K, paused 3ms+3ms, total 29ms
D/dalvikvm( 2364): GC_CONCURRENT freed 384K, 66% free 2674K/7696K, paused 2ms+1ms, total 22ms
D/dalvikvm( 2364): GC_CONCURRENT freed 383K, 66% free 2675K/7696K, paused 2ms+1ms, total 13ms
D/dalvikvm( 2364): GC_CONCURRENT freed 395K, 66% free 2674K/7696K, paused 4ms+4ms, total 39ms
D/dalvikvm( 2202): GC_EXPLICIT freed 222K, 22% free 8762K/11100K, paused 2ms+4ms, total 52ms
D/dalvikvm( 2364): GC_CONCURRENT freed 283K, 64% free 2793K/7696K, paused 1ms+2ms, total 19ms
D/dalvikvm( 2202): GC_EXPLICIT freed 91K, 22% free 8758K/11100K, paused 3ms+5ms, total 57ms
D/dalvikvm( 2364): GC_CONCURRENT freed 357K, 64% free 2820K/7696K, paused 2ms+2ms, total 14ms
D/dalvikvm( 2202): GC_EXPLICIT freed 87K, 22% free 8757K/11100K, paused 2ms+4ms, total 51ms
D/dalvikvm( 2364): GC_CONCURRENT freed 388K, 64% free 2819K/7696K, paused 2ms+2ms, total 17ms
D/dalvikvm( 2202): GC_EXPLICIT freed 86K, 22% free 8758K/11100K, paused 3ms+4ms, total 55ms
D/dalvikvm( 2364): GC_CONCURRENT freed 384K, 64% free 2818K/7696K, paused 2ms+2ms, total 14ms
D/dalvikvm( 2202): GC_EXPLICIT freed 87K, 22% free 8757K/11100K, paused 2ms+4ms, total 50ms
D/Tethering( 2202): TetherModeAliveState.processMessage what=4
D/dalvikvm( 2364): GC_CONCURRENT freed 386K, 64% free 2817K/7696K, paused 3ms+4ms, total 19ms
D/dalvikvm( 2202): GC_EXPLICIT freed 93K, 22% free 8758K/11100K, paused 2ms+4ms, total 52ms
D/dalvikvm( 2364): GC_CONCURRENT freed 397K, 64% free 2824K/7696K, paused 1ms+4ms, total 22ms
D/dalvikvm( 2202): GC_EXPLICIT freed 87K, 22% free 8758K/11100K, paused 2ms+6ms, total 57ms
D/dalvikvm( 2364): GC_CONCURRENT freed 389K, 64% free 2819K/7696K, paused 3ms+3ms, total 17ms
D/dalvikvm( 2202): GC_EXPLICIT freed 87K, 22% free 8759K/11100K, paused 2ms+4ms, total 49ms
D/dalvikvm( 2364): GC_CONCURRENT freed 377K, 64% free 2825K/7696K, paused 2ms+3ms, total 14ms
D/dalvikvm( 2202): GC_EXPLICIT freed 87K, 22% free 8758K/11100K, paused 2ms+3ms, total 50ms
D/dalvikvm( 2364): GC_CONCURRENT freed 385K, 64% free 2825K/7696K, paused 2ms+2ms, total 16ms
D/dalvikvm( 2202): GC_EXPLICIT freed 87K, 22% free 8758K/11100K, paused 2ms+3ms, total 50ms
D/dalvikvm( 2364): GC_CONCURRENT freed 382K, 64% free 2827K/7696K, paused 2ms+3ms, total 16ms
D/dalvikvm( 2202): GC_EXPLICIT freed 87K, 22% free 8759K/11100K, paused 2ms+4ms, total 50ms
D/dalvikvm( 2364): GC_CONCURRENT freed 384K, 64% free 2827K/7696K, paused 2ms+2ms, total 14ms
D/dalvikvm( 2202): GC_EXPLICIT freed 87K, 22% free 8758K/11100K, paused 2ms+4ms, total 49ms
D/dalvikvm( 2202): GC_EXPLICIT freed 87K, 22% free 8758K/11100K, paused 3ms+5ms, total 57ms
D/dalvikvm( 2364): GC_CONCURRENT freed 386K, 64% free 2831K/7696K, paused 3ms+2ms, total 19ms
D/dalvikvm( 2202): GC_EXPLICIT freed 87K, 22% free 8758K/11100K, paused 2ms+4ms, total 49ms
D/dalvikvm( 2364): GC_CONCURRENT freed 393K, 64% free 2822K/7696K, paused 2ms+2ms, total 14ms
D/dalvikvm( 2202): GC_EXPLICIT freed 87K, 22% free 8758K/11100K, paused 2ms+4ms, total 54ms
D/dalvikvm( 2364): GC_CONCURRENT freed 390K, 64% free 2830K/7696K, paused 1ms+3ms, total 20ms
D/dalvikvm( 2202): GC_EXPLICIT freed 87K, 22% free 8758K/11100K, paused 3ms+5ms, total 69ms
D/dalvikvm( 2364): GC_CONCURRENT freed 383K, 64% free 2833K/7696K, paused 3ms+4ms, total 22ms
D/dalvikvm( 2202): GC_EXPLICIT freed 87K, 22% free 8759K/11100K, paused 3ms+5ms, total 57ms
D/dalvikvm( 2364): GC_CONCURRENT freed 386K, 64% free 2830K/7696K, paused 3ms+2ms, total 14ms
D/dalvikvm( 2202): GC_EXPLICIT freed 87K, 22% free 8758K/11100K, paused 3ms+4ms, total 63ms
D/dalvikvm( 2364): GC_CONCURRENT freed 382K, 64% free 2832K/7696K, paused 2ms+3ms, total 14ms
D/dalvikvm( 2202): GC_EXPLICIT freed 87K, 22% free 8758K/11100K, paused 2ms+4ms, total 50ms
D/dalvikvm( 2364): GC_CONCURRENT freed 384K, 64% free 2832K/7696K, paused 2ms+3ms, total 14ms
D/dalvikvm( 2202): GC_EXPLICIT freed 87K, 22% free 8758K/11100K, paused 2ms+4ms, total 49ms
D/dalvikvm( 2364): GC_CONCURRENT freed 390K, 64% free 2825K/7696K, paused 2ms+3ms, total 14ms
D/dalvikvm( 2202): GC_EXPLICIT freed 87K, 22% free 8758K/11100K, paused 2ms+5ms, total 50ms
D/dalvikvm( 2364): GC_CONCURRENT freed 379K, 64% free 2830K/7696K, paused 2ms+2ms, total 15ms
D/dalvikvm( 2202): GC_EXPLICIT freed 87K, 22% free 8758K/11100K, paused 2ms+4ms, total 54ms
D/dalvikvm( 2364): GC_CONCURRENT freed 395K, 64% free 2841K/7696K, paused 1ms+3ms, total 26ms
D/dalvikvm( 2202): GC_EXPLICIT freed 98K, 22% free 8758K/11100K, paused 2ms+5ms, total 65ms
D/dalvikvm( 2364): GC_CONCURRENT freed 392K, 64% free 2834K/7696K, paused 2ms+4ms, total 22ms
D/dalvikvm( 2202): GC_EXPLICIT freed 88K, 22% free 8758K/11100K, paused 2ms+4ms, total 50ms
D/dalvikvm( 2202): GC_EXPLICIT freed 87K, 22% free 8758K/11100K, paused 2ms+4ms, total 51ms
D/dalvikvm( 2364): GC_CONCURRENT freed 397K, 64% free 2840K/7696K, paused 2ms+2ms, total 21ms
D/dalvikvm( 2202): GC_EXPLICIT freed 87K, 22% free 8757K/11100K, paused 2ms+5ms, total 50ms
D/dalvikvm( 2364): GC_CONCURRENT freed 402K, 64% free 2822K/7696K, paused 2ms+2ms, total 14ms
D/dalvikvm( 2202): GC_EXPLICIT freed 87K, 22% free 8757K/11100K, paused 2ms+3ms, total 50ms
D/dalvikvm( 2364): GC_CONCURRENT freed 386K, 64% free 2822K/7696K, paused 2ms+3ms, total 15ms
D/dalvikvm( 2202): GC_EXPLICIT freed 87K, 22% free 8758K/11100K, paused 2ms+4ms, total 50ms
D/dalvikvm( 2364): GC_CONCURRENT freed 390K, 64% free 2827K/7696K, paused 2ms+2ms, total 18ms
D/dalvikvm( 2202): GC_EXPLICIT freed 87K, 22% free 8758K/11100K, paused 2ms+5ms, total 50ms
D/dalvikvm( 2364): GC_CONCURRENT freed 386K, 64% free 2824K/7696K, paused 2ms+3ms, total 14ms
D/dalvikvm( 2202): GC_EXPLICIT freed 87K, 22% free 8758K/11100K, paused 2ms+4ms, total 49ms
D/dalvikvm( 2364): GC_CONCURRENT freed 378K, 64% free 2830K/7696K, paused 3ms+2ms, total 15ms
D/dalvikvm( 2202): GC_EXPLICIT freed 87K, 22% free 8757K/11100K, paused 2ms+4ms, total 50ms
D/dalvikvm( 2364): GC_CONCURRENT freed 392K, 64% free 2837K/7696K, paused 2ms+2ms, total 18ms
D/dalvikvm( 2202): GC_EXPLICIT freed 87K, 22% free 8757K/11100K, paused 2ms+5ms, total 50ms
D/dalvikvm( 2364): GC_CONCURRENT freed 396K, 64% free 2839K/7696K, paused 2ms+3ms, total 18ms
D/dalvikvm( 2202): GC_EXPLICIT freed 86K, 22% free 8758K/11100K, paused 2ms+4ms, total 50ms
D/dalvikvm( 2364): GC_CONCURRENT freed 400K, 64% free 2840K/7696K, paused 1ms+3ms, total 20ms
D/dalvikvm( 2202): GC_EXPLICIT freed 87K, 22% free 8758K/11100K, paused 2ms+4ms, total 55ms
D/dalvikvm( 2364): GC_CONCURRENT freed 400K, 64% free 2840K/7696K, paused 1ms+2ms, total 19ms
D/dalvikvm( 2202): GC_EXPLICIT freed 86K, 22% free 8758K/11100K, paused 2ms+5ms, total 57ms
D/dalvikvm( 2364): GC_CONCURRENT freed 388K, 64% free 2835K/7696K, paused 2ms+2ms, total 15ms
D/dalvikvm( 2202): GC_EXPLICIT freed 87K, 22% free 8757K/11100K, paused 2ms+3ms, total 50ms
D/dalvikvm( 2364): GC_CONCURRENT freed 384K, 64% free 2835K/7696K, paused 2ms+2ms, total 14ms
D/dalvikvm( 2202): GC_EXPLICIT freed 87K, 22% free 8758K/11100K, paused 2ms+4ms, total 50ms
D/dalvikvm( 2202): GC_EXPLICIT freed 87K, 22% free 8758K/11100K, paused 3ms+6ms, total 58ms
D/dalvikvm( 2364): GC_CONCURRENT freed 386K, 64% free 2834K/7696K, paused 2ms+3ms, total 20ms
D/dalvikvm( 2202): GC_EXPLICIT freed 86K, 22% free 8758K/11100K, paused 2ms+7ms, total 54ms
D/dalvikvm( 2364): GC_CONCURRENT freed 400K, 64% free 2833K/7696K, paused 1ms+4ms, total 22ms
D/dalvikvm( 2202): GC_EXPLICIT freed 87K, 22% free 8758K/11100K, paused 2ms+4ms, total 49ms
D/dalvikvm( 2364): GC_CONCURRENT freed 388K, 64% free 2829K/7696K, paused 2ms+2ms, total 15ms
D/dalvikvm( 2202): GC_EXPLICIT freed 87K, 22% free 8758K/11100K, paused 2ms+4ms, total 51ms
D/dalvikvm( 2364): GC_CONCURRENT freed 388K, 64% free 2831K/7696K, paused 2ms+2ms, total 17ms
D/dalvikvm( 2202): GC_EXPLICIT freed 87K, 22% free 8758K/11100K, paused 2ms+5ms, total 50ms
D/dalvikvm( 2364): GC_CONCURRENT freed 394K, 64% free 2836K/7696K, paused 1ms+2ms, total 17ms
D/dalvikvm( 2202): GC_EXPLICIT freed 87K, 22% free 8758K/11100K, paused 2ms+6ms, total 54ms
D/dalvikvm( 2364): GC_CONCURRENT freed 391K, 64% free 2830K/7696K, paused 3ms+4ms, total 20ms
D/dalvikvm( 2202): GC_EXPLICIT freed 86K, 22% free 8758K/11100K, paused 2ms+4ms, total 50ms
D/dalvikvm( 2364): GC_CONCURRENT freed 384K, 64% free 2829K/7696K, paused 2ms+2ms, total 14ms
D/dalvikvm( 2202): GC_EXPLICIT freed 87K, 22% free 8758K/11100K, paused 2ms+4ms, total 49ms
D/dalvikvm( 2364): GC_CONCURRENT freed 382K, 64% free 2832K/7696K, paused 2ms+2ms, total 17ms
D/dalvikvm( 2202): GC_EXPLICIT freed 86K, 22% free 8758K/11100K, paused 2ms+4ms, total 50ms
D/dalvikvm( 2364): GC_CONCURRENT freed 383K, 64% free 2833K/7696K, paused 3ms+2ms, total 15ms
D/dalvikvm( 2202): GC_EXPLICIT freed 87K, 22% free 8758K/11100K, paused 2ms+3ms, total 50ms
D/dalvikvm( 2364): GC_CONCURRENT freed 383K, 64% free 2834K/7696K, paused 2ms+2ms, total 14ms
D/dalvikvm( 2202): GC_EXPLICIT freed 86K, 22% free 8758K/11100K, paused 2ms+5ms, total 50ms
D/dalvikvm( 2364): GC_CONCURRENT freed 389K, 64% free 2837K/7696K, paused 1ms+2ms, total 16ms
D/dalvikvm( 2202): GC_EXPLICIT freed 87K, 22% free 8758K/11100K, paused 1ms+4ms, total 50ms
D/dalvikvm( 2202): GC_EXPLICIT freed 87K, 22% free 8758K/11100K, paused 2ms+4ms, total 50ms
D/dalvikvm( 2364): GC_CONCURRENT freed 394K, 64% free 2841K/7696K, paused 1ms+2ms, total 17ms
D/dalvikvm( 2202): GC_EXPLICIT freed 87K, 22% free 8758K/11100K, paused 2ms+5ms, total 50ms
D/dalvikvm( 2364): GC_CONCURRENT freed 403K, 64% free 2838K/7696K, paused 2ms+3ms, total 20ms
D/dalvikvm( 2202): GC_EXPLICIT freed 86K, 22% free 8758K/11100K, paused 2ms+4ms, total 56ms
D/dalvikvm( 2364): GC_CONCURRENT freed 399K, 64% free 2837K/7696K, paused 3ms+3ms, total 23ms
D/dalvikvm( 2202): GC_EXPLICIT freed 87K, 22% free 8758K/11100K, paused 3ms+6ms, total 67ms
D/dalvikvm( 2364): GC_CONCURRENT freed 395K, 64% free 2838K/7696K, paused 1ms+2ms, total 16ms
D/dalvikvm( 2202): GC_EXPLICIT freed 87K, 22% free 8758K/11100K, paused 2ms+4ms, total 49ms
D/dalvikvm( 2364): GC_CONCURRENT freed 390K, 64% free 2832K/7696K, paused 2ms+2ms, total 14ms
D/dalvikvm( 2202): GC_EXPLICIT freed 87K, 22% free 8758K/11100K, paused 2ms+4ms, total 54ms
D/dalvikvm( 2364): GC_CONCURRENT freed 389K, 64% free 2836K/7696K, paused 2ms+3ms, total 21ms
D/dalvikvm( 2202): GC_EXPLICIT freed 86K, 22% free 8758K/11100K, paused 2ms+6ms, total 66ms
D/dalvikvm( 2364): GC_CONCURRENT freed 394K, 64% free 2841K/7696K, paused 1ms+2ms, total 17ms
D/dalvikvm( 2202): GC_EXPLICIT freed 87K, 22% free 8758K/11100K, paused 2ms+4ms, total 50ms
D/dalvikvm( 2364): GC_CONCURRENT freed 390K, 64% free 2835K/7696K, paused 2ms+2ms, total 17ms
D/dalvikvm( 2202): GC_EXPLICIT freed 87K, 22% free 8758K/11100K, paused 2ms+4ms, total 56ms
D/dalvikvm( 2364): GC_CONCURRENT freed 383K, 64% free 2835K/7696K, paused 2ms+3ms, total 14ms
D/dalvikvm( 2202): GC_EXPLICIT freed 87K, 22% free 8758K/11100K, paused 2ms+4ms, total 51ms
D/dalvikvm( 2202): GC_EXPLICIT freed 86K, 22% free 8758K/11100K, paused 2ms+4ms, total 51ms
D/dalvikvm( 2364): GC_CONCURRENT freed 393K, 64% free 2842K/7696K, paused 2ms+3ms, total 18ms
D/dalvikvm( 2202): GC_EXPLICIT freed 87K, 22% free 8757K/11100K, paused 2ms+4ms, total 50ms
D/dalvikvm( 2364): GC_CONCURRENT freed 396K, 64% free 2829K/7696K, paused 2ms+2ms, total 15ms
D/dalvikvm( 2202): GC_EXPLICIT freed 87K, 22% free 8758K/11100K, paused 2ms+4ms, total 53ms
D/dalvikvm( 2364): GC_CONCURRENT freed 393K, 64% free 2836K/7696K, paused 1ms+2ms, total 19ms
D/dalvikvm( 2202): GC_EXPLICIT freed 87K, 22% free 8758K/11100K, paused 2ms+4ms, total 51ms
D/dalvikvm( 2364): GC_CONCURRENT freed 390K, 64% free 2833K/7696K, paused 2ms+3ms, total 16ms
D/dalvikvm( 2202): GC_EXPLICIT freed 87K, 22% free 8758K/11100K, paused 2ms+4ms, total 51ms
D/dalvikvm( 2364): GC_CONCURRENT freed 386K, 64% free 2834K/7696K, paused 2ms+3ms, total 16ms
D/dalvikvm( 2202): GC_EXPLICIT freed 87K, 22% free 8757K/11100K, paused 2ms+4ms, total 49ms
D/dalvikvm( 2364): GC_CONCURRENT freed 394K, 64% free 2840K/7696K, paused 1ms+3ms, total 20ms
D/dalvikvm( 2202): GC_EXPLICIT freed 86K, 22% free 8758K/11100K, paused 2ms+5ms, total 58ms
D/dalvikvm( 2364): GC_CONCURRENT freed 399K, 64% free 2840K/7696K, paused 1ms+3ms, total 19ms
D/dalvikvm( 2202): GC_EXPLICIT freed 87K, 22% free 8758K/11100K, paused 2ms+5ms, total 57ms
D/dalvikvm( 2364): GC_CONCURRENT freed 397K, 64% free 2841K/7696K, paused 2ms+2ms, total 18ms
D/dalvikvm( 2202): GC_EXPLICIT freed 86K, 22% free 8758K/11100K, paused 2ms+4ms, total 50ms
D/dalvikvm( 2202): GC_EXPLICIT freed 87K, 22% free 8757K/11100K, paused 2ms+4ms, total 61ms
D/dalvikvm( 2364): GC_CONCURRENT freed 393K, 64% free 2840K/7696K, paused 3ms+3ms, total 79ms
D/dalvikvm( 2202): GC_EXPLICIT freed 87K, 22% free 8758K/11100K, paused 2ms+4ms, total 56ms
D/dalvikvm( 2364): GC_CONCURRENT freed 388K, 64% free 2835K/7696K, paused 2ms+3ms, total 16ms
D/dalvikvm( 2202): GC_EXPLICIT freed 87K, 22% free 8758K/11100K, paused 2ms+6ms, total 57ms
D/dalvikvm( 2364): GC_CONCURRENT freed 398K, 64% free 2835K/7696K, paused 2ms+2ms, total 19ms
D/dalvikvm( 2202): GC_EXPLICIT freed 86K, 22% free 8758K/11100K, paused 2ms+5ms, total 50ms
D/dalvikvm( 2364): GC_CONCURRENT freed 395K, 64% free 2838K/7696K, paused 2ms+3ms, total 18ms
D/dalvikvm( 2202): GC_EXPLICIT freed 87K, 22% free 8757K/11100K, paused 2ms+4ms, total 50ms
D/dalvikvm( 2364): GC_CONCURRENT freed 398K, 64% free 2837K/7696K, paused 1ms+3ms, total 17ms
D/dalvikvm( 2202): GC_EXPLICIT freed 87K, 22% free 8758K/11100K, paused 3ms+5ms, total 58ms
D/dalvikvm( 2364): GC_CONCURRENT freed 390K, 64% free 2832K/7696K, paused 2ms+3ms, total 22ms
D/dalvikvm( 2202): GC_EXPLICIT freed 87K, 22% free 8757K/11100K, paused 3ms+5ms, total 66ms
D/dalvikvm( 2364): GC_CONCURRENT freed 391K, 64% free 2839K/7696K, paused 1ms+2ms, total 16ms
D/dalvikvm( 2202): GC_EXPLICIT freed 86K, 22% free 8758K/11100K, paused 2ms+4ms, total 50ms
D/dalvikvm( 2364): GC_CONCURRENT freed 396K, 64% free 2839K/7696K, paused 1ms+2ms, total 15ms
D/dalvikvm( 2202): GC_EXPLICIT freed 87K, 22% free 8757K/11100K, paused 2ms+5ms, total 57ms
D/dalvikvm( 2364): GC_CONCURRENT freed 389K, 64% free 2835K/7696K, paused 2ms+2ms, total 17ms
D/dalvikvm( 2202): GC_EXPLICIT freed 86K, 22% free 8758K/11100K, paused 2ms+5ms, total 56ms
D/dalvikvm( 2202): GC_EXPLICIT freed 87K, 22% free 8757K/11100K, paused 2ms+4ms, total 49ms
D/dalvikvm( 2364): GC_CONCURRENT freed 383K, 64% free 2836K/7696K, paused 3ms+3ms, total 15ms
D/dalvikvm( 2202): GC_EXPLICIT freed 86K, 22% free 8758K/11100K, paused 2ms+5ms, total 50ms
D/dalvikvm( 2364): GC_CONCURRENT freed 397K, 64% free 2835K/7696K, paused 2ms+3ms, total 19ms
D/dalvikvm( 2202): GC_EXPLICIT freed 87K, 22% free 8757K/11100K, paused 2ms+5ms, total 51ms
D/dalvikvm( 2364): GC_CONCURRENT freed 393K, 64% free 2836K/7696K, paused 2ms+4ms, total 17ms
D/dalvikvm( 2202): GC_EXPLICIT freed 87K, 22% free 8758K/11100K, paused 2ms+4ms, total 50ms
D/dalvikvm( 2364): GC_CONCURRENT freed 395K, 64% free 2838K/7696K, paused 1ms+3ms, total 17ms
D/dalvikvm( 2202): GC_EXPLICIT freed 87K, 22% free 8757K/11100K, paused 2ms+4ms, total 49ms
D/dalvikvm( 2364): GC_CONCURRENT freed 397K, 64% free 2839K/7696K, paused 3ms+3ms, total 18ms
D/dalvikvm( 2202): GC_EXPLICIT freed 87K, 22% free 8758K/11100K, paused 1ms+5ms, total 50ms
D/dalvikvm( 2364): GC_CONCURRENT freed 396K, 64% free 2839K/7696K, paused 1ms+2ms, total 17ms
D/dalvikvm( 2202): GC_EXPLICIT freed 87K, 22% free 8757K/11100K, paused 2ms+4ms, total 50ms
D/dalvikvm( 2364): GC_CONCURRENT freed 397K, 64% free 2840K/7696K, paused 1ms+3ms, total 19ms
D/dalvikvm( 2202): GC_EXPLICIT freed 87K, 22% free 8758K/11100K, paused 2ms+4ms, total 52ms
D/dalvikvm( 2364): GC_CONCURRENT freed 390K, 64% free 2834K/7696K, paused 2ms+3ms, total 14ms
D/dalvikvm( 2202): GC_EXPLICIT freed 87K, 22% free 8757K/11100K, paused 2ms+3ms, total 49ms
D/dalvikvm( 2364): GC_CONCURRENT freed 382K, 64% free 2835K/7696K, paused 2ms+2ms, total 14ms
D/dalvikvm( 2202): GC_EXPLICIT freed 86K, 22% free 8758K/11100K, paused 2ms+4ms, total 49ms
D/dalvikvm( 2202): GC_EXPLICIT freed 87K, 22% free 8757K/11100K, paused 2ms+4ms, total 50ms
D/dalvikvm( 2364): GC_CONCURRENT freed 392K, 64% free 2842K/7696K, paused 1ms+3ms, total 18ms
D/dalvikvm( 2202): GC_EXPLICIT freed 86K, 22% free 8758K/11100K, paused 1ms+4ms, total 50ms
D/dalvikvm( 2364): GC_CONCURRENT freed 400K, 64% free 2835K/7696K, paused 2ms+2ms, total 17ms
D/dalvikvm( 2202): GC_EXPLICIT freed 87K, 22% free 8757K/11100K, paused 2ms+5ms, total 55ms
D/dalvikvm( 2364): GC_CONCURRENT freed 387K, 64% free 2831K/7696K, paused 2ms+3ms, total 16ms
D/dalvikvm( 2202): GC_EXPLICIT freed 86K, 22% free 8758K/11100K, paused 2ms+4ms, total 50ms
D/dalvikvm( 2364): GC_CONCURRENT freed 393K, 64% free 2838K/7696K, paused 1ms+3ms, total 17ms
D/dalvikvm( 2202): GC_EXPLICIT freed 87K, 22% free 8757K/11100K, paused 2ms+4ms, total 51ms
D/dalvikvm( 2364): GC_CONCURRENT freed 398K, 64% free 2838K/7696K, paused 3ms+2ms, total 21ms
D/dalvikvm( 2202): GC_EXPLICIT freed 86K, 22% free 8758K/11100K, paused 2ms+6ms, total 57ms
D/dalvikvm( 2364): GC_CONCURRENT freed 394K, 64% free 2838K/7696K, paused 2ms+2ms, total 18ms
D/dalvikvm( 2202): GC_EXPLICIT freed 87K, 22% free 8757K/11100K, paused 2ms+3ms, total 49ms
D/dalvikvm( 2364): GC_CONCURRENT freed 394K, 64% free 2837K/7696K, paused 2ms+2ms, total 17ms
D/dalvikvm( 2202): GC_EXPLICIT freed 86K, 22% free 8758K/11100K, paused 2ms+4ms, total 50ms
D/dalvikvm( 2364): GC_CONCURRENT freed 386K, 64% free 2835K/7696K, paused 2ms+2ms, total 14ms
D/dalvikvm( 2202): GC_EXPLICIT freed 87K, 22% free 8757K/11100K, paused 2ms+3ms, total 50ms
D/dalvikvm( 2364): GC_CONCURRENT freed 395K, 64% free 2842K/7696K, paused 3ms+4ms, total 26ms
D/dalvikvm( 2202): GC_EXPLICIT freed 86K, 22% free 8758K/11100K, paused 3ms+6ms, total 67ms
D/dalvikvm( 2202): GC_EXPLICIT freed 87K, 22% free 8757K/11100K, paused 2ms+4ms, total 49ms
D/dalvikvm( 2364): GC_CONCURRENT freed 390K, 64% free 2836K/7696K, paused 3ms+3ms, total 15ms
D/dalvikvm( 2202): GC_EXPLICIT freed 86K, 22% free 8758K/11100K, paused 2ms+4ms, total 50ms
D/dalvikvm( 2364): GC_CONCURRENT freed 401K, 64% free 2838K/7696K, paused 1ms+2ms, total 19ms
D/dalvikvm( 2202): GC_EXPLICIT freed 87K, 22% free 8757K/11100K, paused 2ms+5ms, total 53ms
D/dalvikvm( 2364): GC_CONCURRENT freed 401K, 64% free 2838K/7696K, paused 2ms+3ms, total 21ms
D/dalvikvm( 2202): GC_EXPLICIT freed 87K, 22% free 8757K/11100K, paused 2ms+4ms, total 50ms
D/dalvikvm( 2364): GC_CONCURRENT freed 394K, 64% free 2838K/7696K, paused 2ms+2ms, total 18ms
D/dalvikvm( 2202): GC_EXPLICIT freed 87K, 22% free 8758K/11100K, paused 2ms+5ms, total 50ms
D/dalvikvm( 2364): GC_CONCURRENT freed 387K, 64% free 2834K/7696K, paused 2ms+2ms, total 14ms
D/dalvikvm( 2202): GC_EXPLICIT freed 87K, 22% free 8757K/11100K, paused 2ms+4ms, total 49ms
D/dalvikvm( 2364): GC_CONCURRENT freed 385K, 64% free 2832K/7696K, paused 2ms+2ms, total 14ms
D/dalvikvm( 2202): GC_EXPLICIT freed 86K, 22% free 8758K/11100K, paused 2ms+4ms, total 49ms
D/dalvikvm( 2364): GC_CONCURRENT freed 391K, 64% free 2840K/7696K, paused 2ms+2ms, total 20ms
D/dalvikvm( 2202): GC_EXPLICIT freed 87K, 22% free 8757K/11100K, paused 2ms+5ms, total 50ms
D/dalvikvm( 2364): GC_CONCURRENT freed 397K, 64% free 2844K/7696K, paused 1ms+3ms, total 21ms
D/dalvikvm( 2202): GC_EXPLICIT freed 87K, 22% free 8758K/11100K, paused 2ms+5ms, total 56ms
D/dalvikvm( 2364): GC_CONCURRENT freed 393K, 64% free 2836K/7696K, paused 2ms+3ms, total 20ms
D/dalvikvm( 2202): GC_EXPLICIT freed 87K, 22% free 8757K/11100K, paused 3ms+4ms, total 65ms
D/dalvikvm( 2202): GC_EXPLICIT freed 87K, 22% free 8758K/11100K, paused 2ms+4ms, total 51ms
D/dalvikvm( 2364): GC_CONCURRENT freed 391K, 64% free 2842K/7696K, paused 1ms+2ms, total 17ms
D/dalvikvm( 2202): GC_EXPLICIT freed 87K, 22% free 8757K/11100K, paused 2ms+4ms, total 50ms
D/dalvikvm( 2364): GC_CONCURRENT freed 401K, 64% free 2836K/7696K, paused 1ms+3ms, total 16ms
D/dalvikvm( 2202): GC_EXPLICIT freed 87K, 22% free 8758K/11100K, paused 2ms+4ms, total 50ms
D/dalvikvm( 2364): GC_CONCURRENT freed 394K, 64% free 2839K/7696K, paused 1ms+2ms, total 16ms
D/dalvikvm( 2202): GC_EXPLICIT freed 87K, 22% free 8757K/11100K, paused 2ms+3ms, total 50ms
D/dalvikvm( 2364): GC_CONCURRENT freed 391K, 64% free 2832K/7696K, paused 2ms+3ms, total 15ms
D/dalvikvm( 2202): GC_EXPLICIT freed 86K, 22% free 8758K/11100K, paused 2ms+5ms, total 50ms
D/dalvikvm( 2364): GC_CONCURRENT freed 392K, 64% free 2836K/7696K, paused 1ms+2ms, total 17ms
D/dalvikvm( 2202): GC_EXPLICIT freed 87K, 22% free 8757K/11100K, paused 2ms+4ms, total 50ms
D/dalvikvm( 2364): GC_CONCURRENT freed 393K, 64% free 2839K/7696K, paused 1ms+3ms, total 16ms
D/dalvikvm( 2202): GC_EXPLICIT freed 87K, 22% free 8758K/11100K, paused 1ms+4ms, total 49ms
D/dalvikvm( 2364): GC_CONCURRENT freed 396K, 64% free 2838K/7696K, paused 1ms+2ms, total 16ms
D/dalvikvm( 2202): GC_EXPLICIT freed 87K, 22% free 8757K/11100K, paused 2ms+3ms, total 50ms
D/dalvikvm( 2364): GC_CONCURRENT freed 393K, 64% free 2842K/7696K, paused 1ms+2ms, total 17ms
D/dalvikvm( 2202): GC_EXPLICIT freed 87K, 22% free 8758K/11100K, paused 2ms+4ms, total 51ms
D/dalvikvm( 2364): GC_CONCURRENT freed 391K, 64% free 2835K/7696K, paused 2ms+2ms, total 16ms
D/dalvikvm( 2202): GC_EXPLICIT freed 87K, 22% free 8757K/11100K, paused 2ms+4ms, total 50ms
D/dalvikvm( 2202): GC_EXPLICIT freed 87K, 22% free 8758K/11100K, paused 2ms+4ms, total 56ms
D/dalvikvm( 2364): GC_CONCURRENT freed 384K, 64% free 2834K/7696K, paused 2ms+3ms, total 18ms
D/dalvikvm( 2202): GC_EXPLICIT freed 87K, 22% free 8757K/11100K, paused 2ms+5ms, total 57ms
D/dalvikvm( 2364): GC_CONCURRENT freed 390K, 64% free 2829K/7696K, paused 2ms+4ms, total 23ms
D/dalvikvm( 2202): GC_EXPLICIT freed 87K, 22% free 8758K/11100K, paused 3ms+5ms, total 64ms
