I/ActivityManager( 2202): Start proc com.google.android.talk for broadcast com.google.android.talk/.ConnectionStateOnlineReceiver: pid=3464 uid=10036 gids={50036, 3003, 1015, 1006, 1028, 3002}
E/Trace ( 3464): error opening trace file: No such file or directory (2)
D/vclib:CallStateClient( 3464): startListening
I/ActivityManager( 2202): No longer want com.android.voicedialer (pid 3264): empty #17
D/dalvikvm( 2543): GC_CONCURRENT freed 369K, 61% free 3042K/7696K, paused 3ms+2ms, total 26ms
I/CheckinTask( 2543): Checkin success: https://android.clients.google.com/checkin (1 requests sent)
D/dalvikvm( 2364): GC_CONCURRENT freed 402K, 67% free 2609K/7696K, paused 5ms+1ms, total 19ms
I//system/bin/fsck_msdos( 1845): ** Phase 4 - Checking for Lost Files
I//system/bin/fsck_msdos( 1845): Next free cluster in FSInfo block (51202) not free
I//system/bin/fsck_msdos( 1845): FIXED
I//system/bin/fsck_msdos( 1845): 17442 files, 2894816 free (90463 clusters)
I/Vold ( 1845): Filesystem check completed OK
I/Vold ( 1845): Device /dev/block/vold/259:3, target /storage/sdcard0 mounted @ /mnt/secure/staging
D/Vold ( 1845): Volume sdcard0 state changing 3 (Checking) -> 4 (Mounted)
I/PackageManager( 2202): Updating external media status from unmounted to mounted
E/VoldConnector( 2202): NDC Command {4 volume mount /storage/sdcard0} took too long (12745ms)
D/MountService( 2202): volume state changed for /storage/sdcard0 (checking -> mounted)
D/MountService( 2202): sendStorageIntent Intent { act=android.intent.action.MEDIA_MOUNTED dat=file:///storage/sdcard0 (has extras) } to UserHandle{-1}
D/MediaScannerReceiver( 2364): action: android.intent.action.MEDIA_MOUNTED path: /storage/sdcard0
I/PackageManager( 2202): Deleting container with no matching settings org.madprod.freeboxmobile.remotecontrol.earlypropale-1
I/PackageManager( 2202): Deleting container with no matching settings com.nbaimd.gametime.nba2011-1
I/PackageManager( 2202): Deleting container with no matching settings com.roguerocketgames.sushichop-1
I/PackageManager( 2202): Deleting container with no matching settings com.lumiplan.montagne.LesArcs-2
W/PackageManager( 2202): Unknown permission android.permission.ADD_SYSTEM_SERVICE in package com.android.phone
W/PackageManager( 2202): Unknown permission com.android.vending.billing.IBillingAccountService.BIND2 in package com.google.android.gsf.login
W/PackageManager( 2202): Unknown permission com.google.android.gallery3d.permission.GALLERY_PROVIDER in package com.android.bluetooth
W/PackageManager( 2202): Unknown permission android.permission.MMS_PUSH in package com.android.bluetooth
W/PackageManager( 2202): Not granting permission android.permission.SEND_DOWNLOAD_COMPLETED_INTENTS to package com.android.browser (protectionLevel=2 flags=0x89be45)
W/PackageManager( 2202): Unknown permission com.google.android.gallery3d.permission.PICASA_STORE in package com.android.dreams.phototable
W/PackageManager( 2202): Unknown permission android.permission.READ_OWNER_DATA in package com.google.android.setupwizard
W/PackageManager( 2202): Unknown permission android.permission.WRITE_OWNER_DATA in package com.google.android.setupwizard
W/PackageManager( 2202): Unknown permission com.google.android.voicesearch.SHORTCUTS_ACCESS in package com.google.android.googlequicksearchbox
W/PackageManager( 2202): Unknown permission com.google.googlenav.friend.permission.OPT_IN in package com.google.android.googlequicksearchbox
W/PackageManager( 2202): Unknown permission com.google.android.apps.maps.permission.PREFETCH in package com.google.android.googlequicksearchbox
W/PackageManager( 2202): Unknown permission com.google.android.apps.googlevoice.permission.AUTO_SEND in package com.google.android.googlequicksearchbox
W/PackageManager( 2202): Unknown permission android.permission.RECORD_VIDEO in package com.alpinereplay.android
W/PackageManager( 2202): Not granting permission android.permission.ACCOUNT_MANAGER to package com.google.android.music (protectionLevel=2 flags=0x88be64)
W/PackageManager( 2202): Unknown permission com.google.android.gallery3d.permission.GALLERY_PROVIDER in package com.android.exchange
W/PackageManager( 2202): Unknown permission com.google.android.gallery3d.permission.GALLERY_PROVIDER in package com.android.email
W/PackageManager( 2202): Unknown permission com.cyanogenmod.filemanager.permissions.READ_THEME in package com.cyanogenmod.filemanager
W/PackageManager( 2202): Unknown permission com.google.android.gallery3d.permission.PICASA_STORE in package com.google.android.apps.plus
W/PackageManager( 2202): Not granting permission android.permission.SEND_DOWNLOAD_COMPLETED_INTENTS to package com.android.vending (protectionLevel=2 flags=0x8abec5)
W/PackageManager( 2202): Unknown permission android.permission.ACCESS_4G_RADIO_DISABLE in package com.android.systemui
W/PackageManager( 2202): Unknown permission android.permission.ACCESS_4G_STATE in package com.android.systemui
W/PackageManager( 2202): Unknown permission android.permission.CHANGE_4G_STATE in package com.android.systemui
W/PackageManager( 2202): Not granting permission android.permission.DEVICE_POWER to package com.android.deskclock (protectionLevel=2 flags=0x88be45)
W/PackageManager( 2202): Not granting permission android.permission.READ_DREAM_STATE to package com.google.android.gsf (protectionLevel=2 flags=0x883e45)
W/PackageManager( 2202): Container com.roguerocketgames.sushichop-1 is stale
W/PackageManager( 2202): Container com.nbaimd.gametime.nba2011-1 is stale
W/PackageManager( 2202): Container com.lumiplan.montagne.LesArcs-2 is stale
W/PackageManager( 2202): Container org.madprod.freeboxmobile.remotecontrol.earlypropale-1 is stale
I/PowerManagerService( 2202): Going to sleep due to screen timeout...
D/PermissionCache( 1849): checking android.permission.READ_FRAME_BUFFER for uid=1000 => granted (418 us)
D/dalvikvm( 2543): GC_CONCURRENT freed 384K, 61% free 3046K/7696K, paused 3ms+5ms, total 40ms
D/dalvikvm( 2364): GC_CONCURRENT freed 408K, 66% free 2627K/7696K, paused 1ms+2ms, total 16ms
D/SurfaceFlinger( 1849): Screen released, type=0 flinger=0x41b7c318
I/WindowManager( 2202): No lock screen!
D/dalvikvm( 2202): GC_CONCURRENT freed 1505K, 18% free 8245K/10004K, paused 4ms+9ms, total 99ms
D/dalvikvm( 2202): WAIT_FOR_CONCURRENT_GC blocked 68ms
D/dalvikvm( 2202): WAIT_FOR_CONCURRENT_GC blocked 67ms
D/dalvikvm( 2202): WAIT_FOR_CONCURRENT_GC blocked 66ms
D/TinyALSA-Audio Hardware( 1852): audio_hw_set_parameters(0x412a9a68, screen_state=on)++
D/TinyALSA-Audio Hardware( 1852): audio_hw_set_parameters(0x412a9a68, screen_state=on)-- (PARAMETER ERROR)
D/AKMD2 ( 2202): akm_disable_sensor: Accel is disabled. (orien = 0)
I/AKMD2 ( 2202): enable_accelerometer, mEnabled = 1, enable = 0
D/dalvikvm( 2202): GC_FOR_ALLOC freed 439K, 19% free 8184K/10004K, paused 41ms, total 41ms
I/dalvikvm-heap( 2202): Grow heap (frag case) to 8.943MB for 214528-byte allocation
D/TinyALSA-Audio Hardware( 1852): audio_hw_set_parameters(0x412a9a68, screen_state=off)++
D/TinyALSA-Audio Hardware( 1852): audio_hw_set_parameters(0x412a9a68, screen_state=off)-- (PARAMETER ERROR)
D/dalvikvm( 2202): GC_FOR_ALLOC freed 468K, 18% free 8437K/10212K, paused 57ms, total 58ms
D/PhoneStatusBar( 2304): disable: < expand icons alerts ticker system_info back home RECENT* clock search > V/TAG ( 2202): bug 7643792: fitSystemWindows([0,38][0,0])
D/PhoneStatusBar( 2304): disable: < expand icons alerts ticker system_info BACK* HOME* RECENT CLOCK* search > D/dalvikvm( 2202): GC_CONCURRENT freed 1279K, 16% free 8679K/10216K, paused 2ms+8ms, total 60ms
D/dalvikvm( 2364): GC_CONCURRENT freed 437K, 67% free 2612K/7696K, paused 3ms+3ms, total 21ms
D/dalvikvm( 2364): GC_CONCURRENT freed 386K, 67% free 2610K/7696K, paused 3ms+2ms, total 23ms
D/dalvikvm( 3035): GC_CONCURRENT freed 1762K, 63% free 2865K/7696K, paused 3ms+6ms, total 82ms
D/Volley ( 3035): [111] BasicNetwork.logSlowRequests: HTTP response for request=<[ ] https://android.clients.google.com/fdfe/replicateLibrary NORMAL 2> [lifetime=3411], [size=17949], [rc=200], [retryCount=0]
D/dalvikvm( 3035): GC_CONCURRENT freed 206K, 61% free 3043K/7696K, paused 3ms+2ms, total 19ms
D/dalvikvm( 3035): GC_CONCURRENT freed 122K, 57% free 3313K/7696K, paused 3ms+2ms, total 26ms
D/dalvikvm( 3035): GC_CONCURRENT freed 227K, 54% free 3584K/7696K, paused 2ms+3ms, total 23ms
D/dalvikvm( 3035): GC_FOR_ALLOC freed 30K, 54% free 3616K/7696K, paused 14ms, total 14ms
I/dalvikvm-heap( 3035): Grow heap (frag case) to 4.399MB for 129040-byte allocation
D/dalvikvm( 3035): GC_FOR_ALLOC freed 246K, 53% free 3718K/7824K, paused 14ms, total 15ms
D/dalvikvm( 3035): GC_FOR_ALLOC freed 62K, 52% free 3782K/7824K, paused 14ms, total 15ms
D/dalvikvm( 3035): GC_FOR_ALLOC freed 180K, 52% free 3819K/7824K, paused 15ms, total 16ms
D/dalvikvm( 3035): GC_FOR_ALLOC freed 62K, 51% free 3882K/7824K, paused 15ms, total 17ms
I/dalvikvm-heap( 3035): Grow heap (frag case) to 4.633MB for 102724-byte allocation
D/dalvikvm( 3035): GC_CONCURRENT freed 200K, 49% free 4118K/7928K, paused 2ms+2ms, total 29ms
D/dalvikvm( 3035): GC_CONCURRENT freed 128K, 43% free 4574K/7928K, paused 2ms+3ms, total 28ms
D/dalvikvm( 3035): GC_CONCURRENT freed 361K, 39% free 4915K/7928K, paused 2ms+3ms, total 30ms
D/Volley ( 3035): [1] Request.finish: 4190 ms: [ ] https://android.clients.google.com/fdfe/replicateLibrary NORMAL 2
D/dalvikvm( 3035): GC_CONCURRENT freed 892K, 40% free 4777K/7928K, paused 3ms+5ms, total 65ms
D/Finsky ( 3035): [1] 3.onMutationsApplied: App library has changed, requesting content sync.
D/dalvikvm( 3035): GC_CONCURRENT freed 467K, 37% free 4999K/7928K, paused 3ms+2ms, total 37ms
D/dalvikvm( 2364): GC_CONCURRENT freed 383K, 67% free 2611K/7696K, paused 1ms+1ms, total 14ms
D/dalvikvm( 2364): GC_CONCURRENT freed 384K, 67% free 2612K/7696K, paused 3ms+1ms, total 18ms
D/dalvikvm( 2364): GC_CONCURRENT freed 385K, 67% free 2611K/7696K, paused 1ms+1ms, total 14ms
D/dalvikvm( 2364): GC_CONCURRENT freed 396K, 67% free 2612K/7696K, paused 3ms+2ms, total 27ms
D/dalvikvm( 3035): GC_CONCURRENT freed 736K, 34% free 5096K/7700K, paused 4ms+5ms, total 57ms
D/Finsky ( 3035): [1] 5.onFinished: Installation state replication succeeded.
D/dalvikvm( 2364): GC_CONCURRENT freed 420K, 67% free 2613K/7696K, paused 3ms+1ms, total 16ms
D/dalvikvm( 2364): GC_CONCURRENT freed 385K, 67% free 2613K/7696K, paused 3ms+1ms, total 26ms
D/dalvikvm( 2364): GC_CONCURRENT freed 385K, 67% free 2612K/7696K, paused 1ms+1ms, total 15ms
D/dalvikvm( 2364): GC_CONCURRENT freed 384K, 67% free 2613K/7696K, paused 2ms+1ms, total 19ms
D/dalvikvm( 2364): GC_CONCURRENT freed 389K, 67% free 2613K/7696K, paused 5ms+3ms, total 31ms
W/ProcessStats( 2202): Skipping unknown process pid 3571
W/ProcessStats( 2202): Skipping unknown process pid 3574
W/ProcessStats( 2202): Skipping unknown process pid 3575
D/dalvikvm( 2364): GC_CONCURRENT freed 387K, 67% free 2612K/7696K, paused 4ms+3ms, total 59ms
D/dalvikvm( 2202): GC_EXPLICIT freed 1290K, 18% free 8556K/10396K, paused 2ms+5ms, total 55ms
D/dalvikvm( 2364): GC_CONCURRENT freed 259K, 65% free 2739K/7696K, paused 2ms+4ms, total 17ms
D/dalvikvm( 2202): GC_EXPLICIT freed 247K, 20% free 8396K/10396K, paused 2ms+4ms, total 55ms
D/dalvikvm( 2364): GC_CONCURRENT freed 374K, 65% free 2766K/7696K, paused 3ms+4ms, total 23ms
D/dalvikvm( 2202): GC_EXPLICIT freed 87K, 20% free 8396K/10396K, paused 2ms+4ms, total 55ms
W/ThrottleService( 2202): unable to find stats for iface pdp0
D/dalvikvm( 2364): null clazz in OP_INSTANCE_OF, single-stepping
D/dalvikvm( 2364): GC_CONCURRENT freed 391K, 65% free 2761K/7696K, paused 2ms+3ms, total 17ms
D/dalvikvm( 2202): GC_EXPLICIT freed 113K, 20% free 8395K/10396K, paused 3ms+5ms, total 56ms
D/dalvikvm( 2364): GC_CONCURRENT freed 388K, 65% free 2763K/7696K, paused 2ms+3ms, total 17ms
D/dalvikvm( 2202): GC_EXPLICIT freed 87K, 20% free 8395K/10396K, paused 2ms+4ms, total 49ms
D/dalvikvm( 2364): GC_CONCURRENT freed 396K, 65% free 2765K/7696K, paused 1ms+2ms, total 15ms
D/dalvikvm( 2202): GC_EXPLICIT freed 87K, 20% free 8395K/10396K, paused 3ms+4ms, total 54ms
D/dalvikvm( 2364): GC_CONCURRENT freed 390K, 65% free 2758K/7696K, paused 2ms+2ms, total 16ms
D/dalvikvm( 2202): GC_EXPLICIT freed 87K, 20% free 8395K/10396K, paused 2ms+4ms, total 54ms
D/dalvikvm( 2364): GC_CONCURRENT freed 382K, 65% free 2761K/7696K, paused 2ms+3ms, total 16ms
D/dalvikvm( 2202): GC_EXPLICIT freed 87K, 20% free 8395K/10396K, paused 2ms+4ms, total 49ms
D/dalvikvm( 2364): GC_CONCURRENT freed 380K, 65% free 2765K/7696K, paused 3ms+3ms, total 16ms
D/dalvikvm( 2202): GC_EXPLICIT freed 87K, 20% free 8395K/10396K, paused 3ms+5ms, total 57ms
D/dalvikvm( 2364): GC_CONCURRENT freed 384K, 65% free 2766K/7696K, paused 2ms+4ms, total 20ms
D/dalvikvm( 2202): GC_EXPLICIT freed 87K, 20% free 8395K/10396K, paused 3ms+6ms, total 66ms
D/dalvikvm( 2364): GC_CONCURRENT freed 390K, 64% free 2774K/7696K, paused 2ms+4ms, total 18ms
D/dalvikvm( 2202): GC_EXPLICIT freed 87K, 20% free 8395K/10396K, paused 2ms+4ms, total 48ms
D/dalvikvm( 2202): GC_EXPLICIT freed 154K, 20% free 8399K/10396K, paused 1ms+4ms, total 49ms
D/dalvikvm( 2364): GC_CONCURRENT freed 387K, 65% free 2770K/7696K, paused 2ms+3ms, total 14ms
D/dalvikvm( 2202): GC_EXPLICIT freed 90K, 20% free 8397K/10396K, paused 2ms+4ms, total 48ms
D/dalvikvm( 2364): GC_CONCURRENT freed 402K, 64% free 2770K/7696K, paused 1ms+3ms, total 17ms
D/dalvikvm( 2202): GC_EXPLICIT freed 87K, 20% free 8397K/10396K, paused 2ms+4ms, total 48ms
D/dalvikvm( 2364): GC_CONCURRENT freed 400K, 64% free 2771K/7696K, paused 1ms+3ms, total 19ms
D/dalvikvm( 2202): GC_EXPLICIT freed 87K, 20% free 8397K/10396K, paused 3ms+4ms, total 54ms
D/dalvikvm( 2364): GC_CONCURRENT freed 395K, 64% free 2773K/7696K, paused 1ms+3ms, total 18ms
D/dalvikvm( 2202): GC_EXPLICIT freed 158K, 20% free 8401K/10396K, paused 2ms+3ms, total 49ms
D/dalvikvm( 2364): GC_CONCURRENT freed 384K, 64% free 2773K/7696K, paused 2ms+2ms, total 14ms
D/dalvikvm( 2202): GC_EXPLICIT freed 90K, 20% free 8398K/10396K, paused 1ms+4ms, total 49ms
D/dalvikvm( 2364): GC_CONCURRENT freed 386K, 64% free 2771K/7696K, paused 2ms+3ms, total 16ms
D/dalvikvm( 2202): GC_EXPLICIT freed 86K, 20% free 8398K/10396K, paused 2ms+3ms, total 48ms
D/dalvikvm( 2364): GC_CONCURRENT freed 381K, 64% free 2773K/7696K, paused 2ms+3ms, total 15ms
D/dalvikvm( 2202): GC_EXPLICIT freed 87K, 20% free 8398K/10396K, paused 2ms+4ms, total 49ms
D/dalvikvm( 2364): GC_CONCURRENT freed 384K, 64% free 2774K/7696K, paused 2ms+3ms, total 21ms
D/dalvikvm( 2202): GC_EXPLICIT freed 87K, 20% free 8398K/10396K, paused 3ms+3ms, total 58ms
D/dalvikvm( 2364): GC_CONCURRENT freed 390K, 65% free 2768K/7696K, paused 3ms+2ms, total 14ms
D/dalvikvm( 2202): GC_EXPLICIT freed 87K, 20% free 8398K/10396K, paused 2ms+4ms, total 49ms
D/dalvikvm( 2364): GC_CONCURRENT freed 381K, 64% free 2773K/7696K, paused 3ms+3ms, total 23ms
D/dalvikvm( 2202): GC_EXPLICIT freed 87K, 20% free 8398K/10396K, paused 2ms+4ms, total 49ms
D/dalvikvm( 2202): GC_EXPLICIT freed 87K, 20% free 8398K/10396K, paused 2ms+4ms, total 48ms
D/dalvikvm( 2364): GC_CONCURRENT freed 389K, 64% free 2780K/7696K, paused 1ms+2ms, total 16ms
D/dalvikvm( 2202): GC_EXPLICIT freed 91K, 20% free 8398K/10396K, paused 2ms+5ms, total 55ms
D/dalvikvm( 2364): GC_CONCURRENT freed 424K, 65% free 2753K/7696K, paused 1ms+2ms, total 16ms
D/dalvikvm( 2202): GC_EXPLICIT freed 87K, 20% free 8398K/10396K, paused 2ms+4ms, total 49ms
D/dalvikvm( 2364): GC_CONCURRENT freed 394K, 65% free 2756K/7696K, paused 1ms+3ms, total 16ms
D/dalvikvm( 2202): GC_EXPLICIT freed 87K, 20% free 8399K/10396K, paused 2ms+3ms, total 49ms
D/dalvikvm( 2364): GC_CONCURRENT freed 400K, 65% free 2751K/7696K, paused 2ms+3ms, total 16ms
D/dalvikvm( 2202): GC_EXPLICIT freed 87K, 20% free 8398K/10396K, paused 2ms+4ms, total 54ms
D/dalvikvm( 2364): GC_CONCURRENT freed 386K, 65% free 2749K/7696K, paused 2ms+3ms, total 20ms
D/dalvikvm( 2202): GC_EXPLICIT freed 87K, 20% free 8398K/10396K, paused 2ms+5ms, total 52ms
D/dalvikvm( 2364): GC_CONCURRENT freed 392K, 65% free 2753K/7696K, paused 2ms+3ms, total 19ms
D/dalvikvm( 2202): GC_EXPLICIT freed 98K, 20% free 8400K/10396K, paused 3ms+4ms, total 56ms
D/dalvikvm( 2364): GC_CONCURRENT freed 394K, 65% free 2757K/7696K, paused 1ms+3ms, total 18ms
D/dalvikvm( 2202): GC_EXPLICIT freed 88K, 20% free 8399K/10396K, paused 3ms+5ms, total 70ms
D/dalvikvm( 2364): GC_CONCURRENT freed 391K, 65% free 2764K/7696K, paused 3ms+5ms, total 27ms
D/dalvikvm( 2202): GC_EXPLICIT freed 86K, 20% free 8400K/10396K, paused 3ms+6ms, total 65ms
D/dalvikvm( 2364): GC_CONCURRENT freed 390K, 65% free 2758K/7696K, paused 2ms+4ms, total 18ms
D/dalvikvm( 2202): GC_EXPLICIT freed 87K, 20% free 8399K/10396K, paused 3ms+5ms, total 65ms
D/lights ( 2202): set_light_buttons on=1
D/AKMD2 ( 2202): akm_enable_sensor: Accel is enabled. (orien = 0)
I/AKMD2 ( 2202): enable_accelerometer, mEnabled = 0, enable = 1
I/PowerManagerService( 2202): Waking up from sleep...
D/TinyALSA-Audio Hardware( 1852): audio_hw_set_parameters(0x412a9a68, screen_state=on)++
D/TinyALSA-Audio Hardware( 1852): audio_hw_set_parameters(0x412a9a68, screen_state=on)-- (PARAMETER ERROR)
I/WindowManager( 2202): Lock screen displayed!
D/PowerManagerService-JNI( 2202): Excessive delay in autosuspend_disable() while turning screen on: 189ms
D/SurfaceFlinger( 1849): Screen acquired, type=0 flinger=0x41b7c318
D/dalvikvm( 2364): GC_CONCURRENT freed 392K, 65% free 2761K/7696K, paused 2ms+3ms, total 18ms
D/dalvikvm( 2202): GC_EXPLICIT freed 1185K, 20% free 8417K/10396K, paused 2ms+5ms, total 68ms
D/dalvikvm( 2364): GC_CONCURRENT freed 387K, 65% free 2759K/7696K, paused 3ms+2ms, total 22ms
D/dalvikvm( 2202): GC_EXPLICIT freed 105K, 20% free 8410K/10396K, paused 2ms+5ms, total 62ms
D/dalvikvm( 2202): GC_EXPLICIT freed 435K, 19% free 8442K/10396K, paused 3ms+6ms, total 71ms
D/PhoneStatusBar( 2304): disable: < expand icons alerts ticker system_info BACK HOME recent* CLOCK search > D/PhoneStatusBar( 2304): disable: < expand icons alerts ticker system_info back* home* recent clock* search > W/InputMethodManagerService( 2202): Window already focused, ignoring focus gain of: com.android.internal.view.IInputMethodClient$Stub$Proxy@41146008 attribute=android.view.inputmethod.EditorInfo@41116140, token = android.os.BinderProxy@41212cf0
D/dalvikvm( 2364): GC_CONCURRENT freed 389K, 65% free 2761K/7696K, paused 5ms+4ms, total 39ms
D/dalvikvm( 2202): GC_EXPLICIT freed 143K, 19% free 8422K/10396K, paused 3ms+4ms, total 60ms
D/dalvikvm( 2364): GC_CONCURRENT freed 400K, 65% free 2758K/7696K, paused 1ms+3ms, total 24ms
V/TAG ( 2202): bug 7643792: fitSystemWindows([0,38][0,0])
D/dalvikvm( 2202): GC_EXPLICIT freed 104K, 20% free 8416K/10396K, paused 2ms+4ms, total 50ms
D/dalvikvm( 2364): GC_CONCURRENT freed 389K, 65% free 2755K/7696K, paused 2ms+3ms, total 16ms
D/dalvikvm( 2202): GC_EXPLICIT freed 90K, 20% free 8414K/10396K, paused 2ms+4ms, total 51ms
D/dalvikvm( 2364): GC_CONCURRENT freed 392K, 65% free 2755K/7696K, paused 2ms+2ms, total 17ms
D/dalvikvm( 2429): GC_FOR_ALLOC freed 425K, 27% free 5623K/7696K, paused 22ms, total 22ms
I/dalvikvm-heap( 2429): Grow heap (frag case) to 6.838MB for 635812-byte allocation
D/dalvikvm( 2202): GC_EXPLICIT freed 103K, 19% free 8423K/10396K, paused 2ms+6ms, total 60ms
D/dalvikvm( 2364): GC_CONCURRENT freed 395K, 65% free 2760K/7696K, paused 1ms+2ms, total 21ms
D/dalvikvm( 2202): GC_EXPLICIT freed 91K, 19% free 8421K/10396K, paused 2ms+4ms, total 50ms
D/dalvikvm( 2364): GC_CONCURRENT freed 392K, 65% free 2756K/7696K, paused 2ms+3ms, total 18ms
I/ActivityManager( 2202): START u0 {act=android.settings.SETTINGS flg=0x10200000 cmp=com.android.settings/.Settings} from pid 2429
D/dalvikvm( 2202): GC_FOR_ALLOC freed 67K, 19% free 8443K/10396K, paused 41ms, total 41ms
I/dalvikvm-heap( 2202): Grow heap (frag case) to 9.197MB for 214528-byte allocation
D/BluetoothManagerService( 2202): Message: 20
D/BluetoothManagerService( 2202): Added callback: android.bluetooth.IBluetoothManagerCallback$Stub$Proxy@4117f670:true
D/BluetoothAdapter( 3373): 1089109696: getState() : mService = null. Returning STATE_OFF
D/BluetoothManagerService( 2202): Message: 30
D/BluetoothManagerService( 2202): Message: 30
D/BluetoothPan( 3373): BluetoothPan() call bindService
W/ContextImpl( 3373): Calling a method in the system process without a qualified user: android.app.ContextImpl.bindService:1458 android.content.ContextWrapper.bindService:473 android.bluetooth.BluetoothInputDevice.:240 android.bluetooth.BluetoothAdapter.getProfileProxy:1161 com.android.settings.bluetooth.LocalBluetoothAdapter.getProfileProxy:94
D/BluetoothPan( 3373): BluetoothPan(), bindService called
D/BluetoothManagerService( 2202): Message: 30
D/LocalBluetoothProfileManager( 3373): LocalBluetoothProfileManager construction complete
W/ContextImpl( 3373): Calling a method in the system process without a qualified user: android.app.ContextImpl.bindService:1458 android.content.ContextWrapper.bindService:473 android.bluetooth.BluetoothPan.:141 android.bluetooth.BluetoothAdapter.getProfileProxy:1164 com.android.settings.bluetooth.PanProfile.:73
W/ContextImpl( 3373): Calling a method in the system process without a qualified user: android.app.ContextImpl.bindService:1458 android.content.ContextWrapper.bindService:473 android.bluetooth.BluetoothPbap.:161 com.android.settings.bluetooth.PbapServerProfile.:68 com.android.settings.bluetooth.LocalBluetoothProfileManager.:124
D/BluetoothAdapter( 3373): 1089109696: getState() : mService = null. Returning STATE_OFF
D/BluetoothAdapter( 3373): 1089109696: getState() : mService = null. Returning STATE_OFF
D/libEGL ( 3373): loaded /system/lib/egl/libEGL_mali.so
D/libEGL ( 3373): loaded /system/lib/egl/libGLESv1_CM_mali.so
D/libEGL ( 3373): loaded /system/lib/egl/libGLESv2_mali.so
E/ ( 3373): Device driver API match
E/ ( 3373): Device driver API version: 17
E/ ( 3373): User space API version: 17
E/ ( 3373): mali: REVISION=Linux-r3p1-01rel1 BUILD_DATE=Thu Jan 24 17:16:14 KST 2013
D/OpenGLRenderer( 3373): Enabling debug mode 0
D/BluetoothAdapter( 3373): 1089109696: getState() : mService = null. Returning STATE_OFF
D/dalvikvm( 2202): GC_EXPLICIT freed 403K, 20% free 8555K/10608K, paused 3ms+4ms, total 60ms
I/ActivityManager( 2202): Displayed com.android.settings/.Settings: +500ms
D/dalvikvm( 2364): GC_CONCURRENT freed 385K, 65% free 2755K/7696K, paused 3ms+4ms, total 25ms
D/dalvikvm( 2202): GC_EXPLICIT freed 108K, 20% free 8546K/10608K, paused 1ms+5ms, total 57ms
D/dalvikvm( 2364): GC_CONCURRENT freed 388K, 65% free 2752K/7696K, paused 3ms+3ms, total 18ms
D/dalvikvm( 2202): GC_EXPLICIT freed 184K, 21% free 8453K/10608K, paused 1ms+5ms, total 50ms
D/dalvikvm( 2364): GC_CONCURRENT freed 393K, 65% free 2759K/7696K, paused 2ms+2ms, total 20ms
D/dalvikvm( 2202): GC_EXPLICIT freed 87K, 21% free 8452K/10608K, paused 2ms+4ms, total 63ms
D/dalvikvm( 2364): GC_CONCURRENT freed 397K, 65% free 2761K/7696K, paused 5ms+3ms, total 24ms
D/dalvikvm( 2202): GC_EXPLICIT freed 90K, 21% free 8453K/10608K, paused 2ms+5ms, total 56ms
I/ActivityManager( 2202): START u0 {act=android.intent.action.MAIN cmp=com.android.settings/.SubSettings (has extras)} from pid 3373
W/ResourceType( 3373): getEntry failing because entryIndex 129 is beyond type entryCount 4
D/dalvikvm( 2364): GC_CONCURRENT freed 388K, 65% free 2758K/7696K, paused 2ms+2ms, total 22ms
D/DataUsage( 3373): generating cs=1363042800000 to ce=1365717600000 waiting for hs=1363104000000
D/dalvikvm( 2202): GC_EXPLICIT freed 157K, 18% free 8701K/10608K, paused 2ms+4ms, total 58ms
I/dalvikvm( 2202): Jit: resizing JitTable from 8192 to 16384
I/ActivityManager( 2202): Displayed com.android.settings/.SubSettings: +502ms
D/android.widget.GridLayout( 3373): vertical constraints: y3-y0>=72, y3-y2<=0, y2-y1<=24, y1-y0<=40 are inconsistent; permanently removing: y3-y2<=0.
D/dalvikvm( 2364): GC_CONCURRENT freed 390K, 65% free 2760K/7696K, paused 2ms+3ms, total 19ms
D/dalvikvm( 2202): GC_EXPLICIT freed 122K, 18% free 8705K/10608K, paused 2ms+3ms, total 53ms
D/dalvikvm( 2202): GC_FOR_ALLOC freed 39K, 19% free 8690K/10608K, paused 39ms, total 39ms
I/dalvikvm-heap( 2202): Grow heap (frag case) to 9.437MB for 214528-byte allocation
D/BluetoothAdapter( 3373): 1089109696: getState() : mService = null. Returning STATE_OFF
D/BluetoothAdapter( 3373): 1089109696: getState() : mService = null. Returning STATE_OFF
D/dalvikvm( 2364): GC_CONCURRENT freed 384K, 65% free 2761K/7696K, paused 3ms+3ms, total 17ms
D/dalvikvm( 2202): GC_EXPLICIT freed 490K, 20% free 8680K/10820K, paused 4ms+5ms, total 96ms
D/dalvikvm( 2364): GC_CONCURRENT freed 394K, 65% free 2760K/7696K, paused 2ms+2ms, total 19ms
D/dalvikvm( 2202): GC_EXPLICIT freed 97K, 20% free 8670K/10820K, paused 2ms+5ms, total 55ms
I/ActivityManager( 2202): START u0 {act=android.intent.action.MAIN cmp=com.android.settings/.SubSettings (has extras)} from pid 3373
V/NFC ( 3373): this device does not have NFC support
I/ActivityManager( 2202): Displayed com.android.settings/.SubSettings: +213ms
D/dalvikvm( 2364): GC_CONCURRENT freed 392K, 65% free 2760K/7696K, paused 2ms+2ms, total 18ms
D/dalvikvm( 2202): GC_EXPLICIT freed 392K, 20% free 8703K/10820K, paused 3ms+8ms, total 70ms
D/dalvikvm( 2364): GC_CONCURRENT freed 386K, 65% free 2759K/7696K, paused 2ms+3ms, total 14ms
D/dalvikvm( 2202): GC_EXPLICIT freed 104K, 20% free 8695K/10820K, paused 2ms+4ms, total 52ms
I/ActivityManager( 2202): START u0 {act=android.intent.action.MAIN cmp=com.android.settings/.SubSettings (has extras)} from pid 3373
D/BluetoothPan( 3373): BluetoothPan() call bindService
D/BluetoothManagerService( 2202): Message: 30
D/BluetoothPan( 3373): BluetoothPan(), bindService called
W/ContextImpl( 3373): Calling a method in the system process without a qualified user: android.app.ContextImpl.bindService:1458 android.content.ContextWrapper.bindService:473 android.bluetooth.BluetoothPan.:141 android.bluetooth.BluetoothAdapter.getProfileProxy:1164 com.android.settings.TetherSettings.onCreate:119
D/BluetoothAdapter( 3373): 1089109696: getState() : mService = null. Returning STATE_OFF
D/BluetoothAdapter( 3373): 1089109696: getState() : mService = null. Returning STATE_OFF
I/ActivityManager( 2202): Displayed com.android.settings/.SubSettings: +262ms
D/dalvikvm( 2202): GC_EXPLICIT freed 329K, 20% free 8709K/10820K, paused 2ms+5ms, total 71ms
D/dalvikvm( 2364): GC_CONCURRENT freed 387K, 65% free 2763K/7696K, paused 2ms+3ms, total 18ms
D/dalvikvm( 2202): GC_EXPLICIT freed 108K, 20% free 8708K/10820K, paused 2ms+4ms, total 51ms
D/dalvikvm( 2364): GC_CONCURRENT freed 397K, 65% free 2755K/7696K, paused 2ms+3ms, total 16ms
D/dalvikvm( 2202): GC_EXPLICIT freed 90K, 20% free 8704K/10820K, paused 2ms+5ms, total 60ms
D/dalvikvm( 2364): GC_CONCURRENT freed 387K, 65% free 2758K/7696K, paused 3ms+2ms, total 18ms
D/dalvikvm( 2202): GC_EXPLICIT freed 88K, 20% free 8707K/10820K, paused 3ms+5ms, total 60ms
D/dalvikvm( 2364): GC_CONCURRENT freed 388K, 65% free 2753K/7696K, paused 2ms+2ms, total 15ms
D/Tethering( 2202): sendTetherStateChangedBroadcast 1, 0, 0
D/Tethering( 2202): InitialState.processMessage what=4
D/Tethering( 2202): sendTetherStateChangedBroadcast 0, 0, 0
D/BluetoothAdapter( 3373): 1089109696: getState() : mService = null. Returning STATE_OFF
D/SoftapController( 1846): Softap fwReload - Ok
D/SoftapController( 1846): Softap startap - Ok
E/hostapd ( 3652): Configuration file: /data/misc/wifi/hostapd.conf
I/hostapd ( 3652): rfkill: Cannot open RFKILL control device
I/InputReader( 2202): Reconfiguring input devices. changes=0x00000004
I/InputReader( 2202): Device reconfigured: id=6, name='sec_touchscreen', size 480x800, orientation 3, mode 1, display id 0
I/ActivityManager( 2202): Config changes=1480 {1.0 208mcc1mnc en_GB ldltr sw320dp w533dp h294dp 240dpi nrml long land finger -keyb/v/h -nav/h s.7 themeResource=null}
I/PCKeyboard( 2382): onConfigurationChanged()
D/Tethering( 2202): sendTetherStateChangedBroadcast 1, 0, 0
D/dalvikvm( 3373): GC_EXPLICIT freed 912K, 30% free 5400K/7696K, paused 2ms+7ms, total 69ms
W/hostapd ( 3652): wlan0: Could not connect to kernel driver
D/dalvikvm( 2304): GC_FOR_ALLOC freed 2468K, 27% free 7423K/10140K, paused 20ms, total 21ms
I/dalvikvm-heap( 2304): Grow heap (frag case) to 10.688MB for 2828816-byte allocation
D/dalvikvm( 2304): GC_CONCURRENT freed 712K, 27% free 9473K/12904K, paused 5ms+2ms, total 35ms
D/BluetoothManagerService( 2202): Message: 30
D/BluetoothPan( 3373): BluetoothPan() call bindService
D/BluetoothPan( 3373): BluetoothPan(), bindService called
W/ContextImpl( 3373): Calling a method in the system process without a qualified user: android.app.ContextImpl.bindService:1458 android.content.ContextWrapper.bindService:473 android.bluetooth.BluetoothPan.:141 android.bluetooth.BluetoothAdapter.getProfileProxy:1164 com.android.settings.TetherSettings.onCreate:119
D/dalvikvm( 2202): GC_EXPLICIT freed 238K, 20% free 8716K/10820K, paused 3ms+5ms, total 64ms
D/BluetoothAdapter( 2304): 1089108296: getState() : mService = null. Returning STATE_OFF
D/dalvikvm( 2202): GC_FOR_ALLOC freed 56K, 20% free 8726K/10820K, paused 42ms, total 42ms
I/dalvikvm-heap( 2202): Grow heap (frag case) to 11.246MB for 2073616-byte allocation
D/dalvikvm( 2202): GC_CONCURRENT freed 7K, 17% free 10749K/12848K, paused 3ms+4ms, total 57ms
E/hostapd ( 3652): Using interface wlan0 with hwaddr 98:0c:82:19:af:12 and ssid 'qwerty'
D/CommandListener( 1846): Setting iface cfg
D/dalvikvm( 2304): GC_FOR_ALLOC freed 79K, 27% free 9476K/12904K, paused 13ms, total 13ms
D/dalvikvm( 2304): GC_CONCURRENT freed 4K, 11% free 11502K/12904K, paused 1ms+1ms, total 19ms
D/CommandListener( 1846): Trying to bring up wlan0
D/dalvikvm( 2364): GC_CONCURRENT freed 385K, 65% free 2754K/7696K, paused 2ms+3ms, total 17ms
D/Tethering( 2202): Tethering wlan0
D/Tethering( 2202): InitialState.processMessage what=2
D/Tethering( 2202): sendTetherStateChangedBroadcast 0, 0, 0
D/Tethering( 2202): Tethered wlan0
D/Tethering( 2202): sendTetherStateChangedBroadcast 0, 1, 0
D/Tethering( 2202): MasterInitialState.processMessage what=1
D/TetherController( 1846): Setting IP forward enable = 1
D/TetherController( 1846): Starting tethering services
D/TetherController( 1846): Tethering services running
D/TetherController( 1846): setDnsForwarders(0 = '8.8.8.8')
D/TetherController( 1846): setDnsForwarders(1 = '8.8.4.4')
D/TetherController( 1846): Sending update msg to dnsmasq [update_dns:8.8.8.8:8.8.4.4]
I/dnsmasq ( 3655): started, version 2.51 cachesize 150
I/dnsmasq ( 3655): compile time options: no-IPv6 GNU-getopt no-DBus no-I18N DHCP no-scripts no-TFTP
W/dnsmasq ( 3655): warning: no upstream servers configured
I/dnsmasq ( 3655): DHCP, IP range 192.168.48.2 -- 192.168.48.254, lease time 1h
I/dnsmasq ( 3655): DHCP, IP range 192.168.47.2 -- 192.168.47.254, lease time 1h
I/dnsmasq ( 3655): DHCP, IP range 192.168.46.2 -- 192.168.46.254, lease time 1h
I/dnsmasq ( 3655): DHCP, IP range 192.168.45.2 -- 192.168.45.254, lease time 1h
I/dnsmasq ( 3655): DHCP, IP range 192.168.44.2 -- 192.168.44.254, lease time 1h
I/dnsmasq ( 3655): DHCP, IP range 192.168.43.2 -- 192.168.43.254, lease time 1h
I/dnsmasq ( 3655): DHCP, IP range 192.168.42.2 -- 192.168.42.254, lease time 1h
I/dnsmasq ( 3655): read /etc/hosts - 1 addresses
D/Tethering( 2202): chooseUpstreamType(true), preferredApn =4, got type=-1
I/dnsmasq ( 3655): using nameserver 8.8.4.4#53
I/dnsmasq ( 3655): using nameserver 8.8.8.8#53
D/BluetoothAdapter( 3373): 1089109696: getState() : mService = null. Returning STATE_OFF
D/BluetoothAdapter( 3373): 1089109696: getState() : mService = null. Returning STATE_OFF
D/ConnectivityService( 2202): startUsingNetworkFeature reconnecting to 0: enableDUNAlways
D/Tethering( 2202): notifying tethered with iface =null
D/Tethering( 2202): TetheredState.processMessage what=12
I/Choreographer( 3373): Skipped 38 frames! The application may be doing too much work on its main thread.
D/BluetoothAdapter( 3373): 1089109696: getState() : mService = null. Returning STATE_OFF
D/BluetoothAdapter( 3373): 1089109696: getState() : mService = null. Returning STATE_OFF
D/dalvikvm( 2202): GC_EXPLICIT freed 2319K, 18% free 8731K/10636K, paused 2ms+7ms, total 65ms
D/dalvikvm( 2364): GC_CONCURRENT freed 389K, 65% free 2757K/7696K, paused 4ms+3ms, total 21ms
D/dalvikvm( 2202): GC_EXPLICIT freed 100K, 18% free 8722K/10636K, paused 2ms+4ms, total 51ms
D/dalvikvm( 2364): GC_CONCURRENT freed 390K, 65% free 2760K/7696K, paused 1ms+4ms, total 17ms
D/dalvikvm( 2202): GC_EXPLICIT freed 121K, 19% free 8709K/10636K, paused 3ms+7ms, total 72ms
D/dalvikvm( 2202): GC_EXPLICIT freed 45K, 19% free 8703K/10636K, paused 5ms+10ms, total 116ms
D/dalvikvm( 2364): GC_CONCURRENT freed 393K, 65% free 2757K/7696K, paused 3ms+5ms, total 39ms
D/lights ( 2202): set_light_buttons off
D/dalvikvm( 2202): GC_EXPLICIT freed 81K, 19% free 8709K/10636K, paused 3ms+5ms, total 56ms
D/dalvikvm( 2364): GC_CONCURRENT freed 389K, 65% free 2752K/7696K, paused 2ms+3ms, total 16ms
D/dalvikvm( 2202): GC_EXPLICIT freed 173K, 19% free 8714K/10636K, paused 2ms+5ms, total 54ms
D/dalvikvm( 2364): GC_CONCURRENT freed 388K, 65% free 2759K/7696K, paused 1ms+2ms, total 17ms
D/dalvikvm( 2202): GC_EXPLICIT freed 90K, 19% free 8710K/10636K, paused 2ms+5ms, total 51ms
D/dalvikvm( 2364): GC_CONCURRENT freed 392K, 65% free 2758K/7696K, paused 2ms+2ms, total 18ms
D/dalvikvm( 2202): GC_EXPLICIT freed 91K, 19% free 8710K/10636K, paused 2ms+4ms, total 51ms
D/dalvikvm( 2364): GC_CONCURRENT freed 392K, 65% free 2760K/7696K, paused 1ms+2ms, total 16ms
D/dalvikvm( 2202): GC_EXPLICIT freed 88K, 19% free 8711K/10636K, paused 2ms+4ms, total 50ms
D/dalvikvm( 2364): GC_CONCURRENT freed 393K, 65% free 2760K/7696K, paused 1ms+2ms, total 17ms
D/dalvikvm( 2202): GC_EXPLICIT freed 87K, 19% free 8710K/10636K, paused 2ms+5ms, total 57ms
D/dalvikvm( 2364): GC_CONCURRENT freed 390K, 65% free 2758K/7696K, paused 2ms+3ms, total 15ms
D/dalvikvm( 2202): GC_EXPLICIT freed 87K, 19% free 8711K/10636K, paused 2ms+5ms, total 51ms
D/dalvikvm( 2364): GC_CONCURRENT freed 390K, 65% free 2760K/7696K, paused 2ms+3ms, total 17ms
D/dalvikvm( 2202): GC_EXPLICIT freed 87K, 19% free 8711K/10636K, paused 2ms+4ms, total 53ms
D/dalvikvm( 2364): GC_CONCURRENT freed 387K, 65% free 2761K/7696K, paused 2ms+2ms, total 16ms
D/dalvikvm( 2202): GC_EXPLICIT freed 231K, 19% free 8720K/10636K, paused 2ms+5ms, total 54ms
D/dalvikvm( 2364): GC_CONCURRENT freed 386K, 65% free 2760K/7696K, paused 2ms+2ms, total 26ms
D/dalvikvm( 2202): GC_EXPLICIT freed 92K, 19% free 8714K/10636K, paused 2ms+4ms, total 52ms
D/dalvikvm( 2202): GC_EXPLICIT freed 86K, 19% free 8715K/10636K, paused 2ms+5ms, total 51ms
D/dalvikvm( 2364): GC_CONCURRENT freed 389K, 65% free 2762K/7696K, paused 2ms+2ms, total 17ms
D/dalvikvm( 2202): GC_EXPLICIT freed 87K, 19% free 8714K/10636K, paused 2ms+4ms, total 51ms
D/dalvikvm( 2364): GC_CONCURRENT freed 396K, 65% free 2759K/7696K, paused 1ms+4ms, total 17ms
D/dalvikvm( 2202): GC_EXPLICIT freed 87K, 19% free 8714K/10636K, paused 2ms+4ms, total 50ms
D/dalvikvm( 2364): GC_CONCURRENT freed 393K, 65% free 2757K/7696K, paused 2ms+4ms, total 20ms
D/dalvikvm( 2202): GC_EXPLICIT freed 87K, 19% free 8714K/10636K, paused 2ms+4ms, total 50ms
D/dalvikvm( 2364): GC_CONCURRENT freed 388K, 65% free 2759K/7696K, paused 3ms+3ms, total 17ms
D/dalvikvm( 2202): GC_EXPLICIT freed 87K, 19% free 8714K/10636K, paused 2ms+4ms, total 51ms
D/dalvikvm( 2364): GC_CONCURRENT freed 391K, 65% free 2758K/7696K, paused 1ms+2ms, total 17ms
D/dalvikvm( 2202): GC_EXPLICIT freed 87K, 19% free 8714K/10636K, paused 2ms+4ms, total 51ms
D/dalvikvm( 2364): GC_CONCURRENT freed 391K, 65% free 2757K/7696K, paused 1ms+2ms, total 15ms
D/dalvikvm( 2202): GC_EXPLICIT freed 87K, 19% free 8714K/10636K, paused 2ms+4ms, total 51ms
D/dalvikvm( 2364): GC_CONCURRENT freed 389K, 65% free 2758K/7696K, paused 2ms+2ms, total 17ms
D/dalvikvm( 2202): GC_EXPLICIT freed 86K, 19% free 8714K/10636K, paused 2ms+4ms, total 51ms
D/dalvikvm( 2364): GC_CONCURRENT freed 389K, 65% free 2759K/7696K, paused 1ms+2ms, total 15ms
D/dalvikvm( 2202): GC_EXPLICIT freed 87K, 19% free 8714K/10636K, paused 2ms+4ms, total 51ms
D/dalvikvm( 2364): GC_CONCURRENT freed 389K, 65% free 2760K/7696K, paused 1ms+2ms, total 16ms
D/dalvikvm( 2202): GC_EXPLICIT freed 86K, 19% free 8715K/10636K, paused 2ms+4ms, total 50ms
D/dalvikvm( 2202): GC_EXPLICIT freed 87K, 19% free 8714K/10636K, paused 2ms+4ms, total 50ms
D/dalvikvm( 2364): GC_CONCURRENT freed 386K, 65% free 2758K/7696K, paused 2ms+3ms, total 17ms
D/dalvikvm( 2202): GC_EXPLICIT freed 86K, 19% free 8715K/10636K, paused 2ms+5ms, total 50ms
D/dalvikvm( 2364): GC_CONCURRENT freed 394K, 65% free 2755K/7696K, paused 1ms+3ms, total 16ms
D/dalvikvm( 2202): GC_EXPLICIT freed 87K, 19% free 8714K/10636K, paused 2ms+4ms, total 51ms
D/dalvikvm( 2364): GC_CONCURRENT freed 388K, 65% free 2756K/7696K, paused 2ms+3ms, total 16ms
D/dalvikvm( 2202): GC_EXPLICIT freed 86K, 19% free 8714K/10636K, paused 2ms+4ms, total 50ms
D/dalvikvm( 2364): GC_CONCURRENT freed 389K, 65% free 2757K/7696K, paused 2ms+3ms, total 19ms
D/dalvikvm( 2202): GC_EXPLICIT freed 87K, 19% free 8714K/10636K, paused 2ms+4ms, total 51ms
D/dalvikvm( 2364): GC_CONCURRENT freed 385K, 65% free 2756K/7696K, paused 2ms+2ms, total 15ms
D/dalvikvm( 2202): GC_EXPLICIT freed 86K, 19% free 8714K/10636K, paused 2ms+4ms, total 51ms
D/dalvikvm( 2364): GC_CONCURRENT freed 388K, 65% free 2758K/7696K, paused 1ms+3ms, total 16ms
D/dalvikvm( 2202): GC_EXPLICIT freed 87K, 19% free 8714K/10636K, paused 2ms+5ms, total 51ms
D/dalvikvm( 2364): GC_CONCURRENT freed 388K, 65% free 2759K/7696K, paused 3ms+2ms, total 17ms
D/dalvikvm( 2202): GC_EXPLICIT freed 86K, 19% free 8715K/10636K, paused 2ms+4ms, total 50ms
D/dalvikvm( 2364): GC_CONCURRENT freed 388K, 65% free 2759K/7696K, paused 1ms+3ms, total 15ms
D/dalvikvm( 2202): GC_EXPLICIT freed 87K, 19% free 8714K/10636K, paused 2ms+5ms, total 51ms
D/dalvikvm( 2364): GC_CONCURRENT freed 389K, 65% free 2761K/7696K, paused 1ms+2ms, total 16ms
D/dalvikvm( 2202): GC_EXPLICIT freed 86K, 19% free 8714K/10636K, paused 2ms+4ms, total 51ms
D/dalvikvm( 2364): GC_CONCURRENT freed 390K, 65% free 2761K/7696K, paused 1ms+2ms, total 15ms
D/dalvikvm( 2202): GC_EXPLICIT freed 87K, 19% free 8714K/10636K, paused 2ms+3ms, total 50ms
D/dalvikvm( 2202): GC_EXPLICIT freed 99K, 19% free 8718K/10636K, paused 2ms+7ms, total 56ms
D/dalvikvm( 2364): GC_CONCURRENT freed 389K, 65% free 2760K/7696K, paused 2ms+4ms, total 22ms
D/dalvikvm( 2202): GC_EXPLICIT freed 110K, 19% free 8715K/10636K, paused 2ms+4ms, total 50ms
D/dalvikvm( 2364): GC_CONCURRENT freed 395K, 65% free 2754K/7696K, paused 1ms+2ms, total 15ms
D/dalvikvm( 2202): GC_EXPLICIT freed 87K, 19% free 8714K/10636K, paused 2ms+4ms, total 51ms
D/dalvikvm( 2364): GC_CONCURRENT freed 387K, 65% free 2757K/7696K, paused 1ms+2ms, total 16ms
D/dalvikvm( 2202): GC_EXPLICIT freed 87K, 19% free 8714K/10636K, paused 2ms+4ms, total 51ms
D/dalvikvm( 2364): GC_CONCURRENT freed 391K, 65% free 2756K/7696K, paused 1ms+3ms, total 15ms
D/dalvikvm( 2202): GC_EXPLICIT freed 87K, 19% free 8714K/10636K, paused 2ms+4ms, total 50ms
D/dalvikvm( 2364): GC_CONCURRENT freed 388K, 65% free 2758K/7696K, paused 2ms+2ms, total 16ms
D/dalvikvm( 2202): GC_EXPLICIT freed 86K, 19% free 8715K/10636K, paused 2ms+4ms, total 51ms
D/dalvikvm( 2364): GC_CONCURRENT freed 387K, 65% free 2754K/7696K, paused 2ms+3ms, total 16ms
D/dalvikvm( 2202): GC_EXPLICIT freed 87K, 19% free 8714K/10636K, paused 2ms+4ms, total 50ms
D/dalvikvm( 2364): GC_CONCURRENT freed 386K, 65% free 2757K/7696K, paused 1ms+2ms, total 15ms
D/dalvikvm( 2202): GC_EXPLICIT freed 86K, 19% free 8715K/10636K, paused 1ms+5ms, total 50ms
D/dalvikvm( 2364): GC_CONCURRENT freed 388K, 65% free 2760K/7696K, paused 1ms+4ms, total 19ms
D/dalvikvm( 2202): GC_EXPLICIT freed 91K, 19% free 8714K/10636K, paused 2ms+4ms, total 52ms
D/dalvikvm( 2364): GC_CONCURRENT freed 391K, 65% free 2759K/7696K, paused 1ms+2ms, total 15ms
D/dalvikvm( 2202): GC_EXPLICIT freed 87K, 19% free 8714K/10636K, paused 2ms+4ms, total 50ms
D/dalvikvm( 2364): GC_CONCURRENT freed 387K, 65% free 2761K/7696K, paused 2ms+3ms, total 16ms
D/dalvikvm( 2202): GC_EXPLICIT freed 162K, 19% free 8720K/10636K, paused 2ms+4ms, total 56ms
D/dalvikvm( 2202): GC_EXPLICIT freed 92K, 19% free 8715K/10636K, paused 2ms+5ms, total 54ms
D/dalvikvm( 2364): GC_CONCURRENT freed 385K, 65% free 2760K/7696K, paused 3ms+2ms, total 16ms
D/dalvikvm( 2202): GC_EXPLICIT freed 87K, 19% free 8715K/10636K, paused 2ms+4ms, total 51ms
D/dalvikvm( 2364): GC_CONCURRENT freed 392K, 65% free 2754K/7696K, paused 2ms+3ms, total 15ms
D/dalvikvm( 2202): GC_EXPLICIT freed 86K, 19% free 8715K/10636K, paused 2ms+4ms, total 50ms
D/dalvikvm( 2364): GC_CONCURRENT freed 392K, 65% free 2759K/7696K, paused 2ms+2ms, total 19ms
D/dalvikvm( 2202): GC_EXPLICIT freed 87K, 19% free 8715K/10636K, paused 2ms+4ms, total 52ms
D/dalvikvm( 2364): GC_CONCURRENT freed 393K, 65% free 2757K/7696K, paused 2ms+2ms, total 17ms
D/dalvikvm( 2202): GC_EXPLICIT freed 87K, 19% free 8715K/10636K, paused 2ms+5ms, total 57ms
D/dalvikvm( 2364): GC_CONCURRENT freed 392K, 65% free 2758K/7696K, paused 2ms+2ms, total 17ms
D/dalvikvm( 2202): GC_EXPLICIT freed 87K, 19% free 8715K/10636K, paused 2ms+3ms, total 50ms
D/dalvikvm( 2364): GC_CONCURRENT freed 392K, 65% free 2763K/7696K, paused 2ms+2ms, total 19ms
D/dalvikvm( 2202): GC_EXPLICIT freed 86K, 19% free 8715K/10636K, paused 2ms+4ms, total 50ms
D/dalvikvm( 2364): GC_CONCURRENT freed 390K, 65% free 2759K/7696K, paused 3ms+3ms, total 15ms
D/dalvikvm( 2202): GC_EXPLICIT freed 87K, 19% free 8715K/10636K, paused 2ms+4ms, total 51ms
D/dalvikvm( 2364): GC_CONCURRENT freed 387K, 65% free 2759K/7696K, paused 2ms+3ms, total 17ms
D/dalvikvm( 2202): GC_EXPLICIT freed 86K, 19% free 8715K/10636K, paused 2ms+5ms, total 57ms
D/dalvikvm( 2364): GC_CONCURRENT freed 392K, 65% free 2764K/7696K, paused 2ms+2ms, total 19ms
D/dalvikvm( 2202): GC_EXPLICIT freed 87K, 19% free 8715K/10636K, paused 2ms+5ms, total 53ms
D/dalvikvm( 2364): GC_CONCURRENT freed 391K, 65% free 2762K/7696K, paused 2ms+2ms, total 24ms
D/dalvikvm( 2202): GC_EXPLICIT freed 86K, 19% free 8715K/10636K, paused 2ms+4ms, total 51ms
D/dalvikvm( 2202): GC_EXPLICIT freed 160K, 19% free 8719K/10636K, paused 2ms+4ms, total 53ms
D/dalvikvm( 2364): GC_CONCURRENT freed 392K, 65% free 2764K/7696K, paused 2ms+3ms, total 20ms
D/dalvikvm( 2202): GC_EXPLICIT freed 165K, 19% free 8721K/10636K, paused 4ms+4ms, total 70ms
D/dalvikvm( 2364): GC_CONCURRENT freed 394K, 65% free 2756K/7696K, paused 2ms+2ms, total 18ms
D/dalvikvm( 2202): GC_EXPLICIT freed 90K, 19% free 8718K/10636K, paused 2ms+4ms, total 54ms
D/dalvikvm( 2364): GC_CONCURRENT freed 393K, 65% free 2759K/7696K, paused 2ms+4ms, total 21ms
I/PowerManagerService( 2202): Going to sleep due to screen timeout...
D/dalvikvm( 2202): GC_EXPLICIT freed 87K, 19% free 8719K/10636K, paused 2ms+9ms, total 83ms
D/SurfaceFlinger( 1849): Screen released, type=0 flinger=0x41b7c318
D/AKMD2 ( 2202): akm_disable_sensor: Accel is disabled. (orien = 0)
I/AKMD2 ( 2202): enable_accelerometer, mEnabled = 1, enable = 0
D/TinyALSA-Audio Hardware( 1852): audio_hw_set_parameters(0x412a9a68, screen_state=off)++
D/TinyALSA-Audio Hardware( 1852): audio_hw_set_parameters(0x412a9a68, screen_state=off)-- (PARAMETER ERROR)
D/dalvikvm( 2364): GC_CONCURRENT freed 388K, 65% free 2755K/7696K, paused 2ms+3ms, total 46ms
D/dalvikvm( 2202): GC_EXPLICIT freed 653K, 18% free 8724K/10636K, paused 4ms+10ms, total 100ms
D/dalvikvm( 2364): GC_CONCURRENT freed 385K, 65% free 2757K/7696K, paused 2ms+4ms, total 23ms
D/dalvikvm( 2202): GC_EXPLICIT freed 167K, 18% free 8722K/10636K, paused 2ms+4ms, total 50ms
D/dalvikvm( 2364): GC_CONCURRENT freed 386K, 65% free 2754K/7696K, paused 2ms+2ms, total 15ms
D/dalvikvm( 2202): GC_EXPLICIT freed 89K, 19% free 8719K/10636K, paused 2ms+4ms, total 50ms
D/ConnectivityService( 2202): ConnectivityChange for mobile_dun: CONNECTED/CONNECTED
E/SecondaryTablController( 1846): ip route add failed: /system/bin/ip route add 0.0.0.0/0 via 10.221.18.1 dev rmnet1 table 60
W/FrameworkListener( 1846): Handler 'interface' error (No such device)
E/ConnectivityService( 2202): Exception trying to add a route: java.lang.IllegalStateException: command '25 interface route add rmnet1 secondary 0.0.0.0 0 10.221.18.1' failed with '400 25 ip route modification failed (No such device)'
E/ConnectivityService( 2202): Exception trying to remove a route: java.lang.IllegalStateException: command '26 interface route remove rmnet1 default 0.0.0.0 0 10.221.18.1' failed with '400 26 Failed to remove route from default table (No such process)'
W/NetworkPolicy( 2202): shared quota unsupported; generating rule for each iface
D/dalvikvm( 2364): GC_CONCURRENT freed 383K, 65% free 2757K/7696K, paused 3ms+5ms, total 25ms
D/dalvikvm( 2202): GC_EXPLICIT freed 280K, 18% free 8729K/10636K, paused 5ms+8ms, total 105ms
D/dalvikvm( 2202): GC_FOR_ALLOC freed 456K, 16% free 8952K/10636K, paused 42ms, total 42ms
D/dalvikvm( 2202): GC_FOR_ALLOC freed 21K, 16% free 9143K/10844K, paused 39ms, total 39ms
D/PhoneStatusBar( 2304): disable: < expand icons alerts ticker system_info back home RECENT* clock search > I/InputReader( 2202): Reconfiguring input devices. changes=0x00000004
I/InputReader( 2202): Device reconfigured: id=6, name='sec_touchscreen', size 480x800, orientation 0, mode 1, display id 0
I/ActivityManager( 2202): Config changes=1480 {1.0 208mcc1mnc en_GB ldltr sw320dp w320dp h508dp 240dpi nrml long port finger -keyb/v/h -nav/h s.8 themeResource=null}
I/PCKeyboard( 2382): onConfigurationChanged()
V/TAG ( 2202): bug 7643792: fitSystemWindows([0,38][0,0])
D/dalvikvm( 3373): GC_EXPLICIT freed 1369K, 44% free 4365K/7696K, paused 2ms+4ms, total 47ms
D/BluetoothManagerService( 2202): Message: 30
D/BluetoothPan( 3373): BluetoothPan() call bindService
D/BluetoothPan( 3373): BluetoothPan(), bindService called
W/ContextImpl( 3373): Calling a method in the system process without a qualified user: android.app.ContextImpl.bindService:1458 android.content.ContextWrapper.bindService:473 android.bluetooth.BluetoothPan.:141 android.bluetooth.BluetoothAdapter.getProfileProxy:1164 com.android.settings.TetherSettings.onCreate:119
D/dalvikvm( 2202): GC_FOR_ALLOC freed 678K, 15% free 9460K/11052K, paused 47ms, total 47ms
D/BluetoothAdapter( 3373): 1089109696: getState() : mService = null. Returning STATE_OFF
D/BluetoothAdapter( 3373): 1089109696: getState() : mService = null. Returning STATE_OFF
D/BluetoothAdapter( 2304): 1089108296: getState() : mService = null. Returning STATE_OFF
D/PhoneStatusBar( 2304): disable: < expand icons alerts ticker system_info BACK* HOME* RECENT CLOCK* search > D/BluetoothAdapter( 3373): 1089109696: getState() : mService = null. Returning STATE_OFF
D/dalvikvm( 2202): GC_FOR_ALLOC freed 1486K, 21% free 8847K/11180K, paused 45ms, total 45ms
I/dalvikvm-heap( 2202): Grow heap (frag case) to 11.363MB for 2073616-byte allocation
D/BluetoothAdapter( 3373): 1089109696: getState() : mService = null. Returning STATE_OFF
D/dalvikvm( 2202): GC_CONCURRENT freed 62K, 18% free 10859K/13208K, paused 2ms+7ms, total 90ms
D/dalvikvm( 2304): GC_FOR_ALLOC freed 2204K, 21% free 10224K/12904K, paused 14ms, total 14ms
D/dalvikvm( 2304): GC_CONCURRENT freed 23K, 6% free 12226K/12904K, paused 2ms+1ms, total 18ms
D/dalvikvm( 2364): GC_CONCURRENT freed 387K, 65% free 2758K/7696K, paused 2ms+3ms, total 21ms
D/Tethering( 2202): TetherModeAliveState.processMessage what=3
D/Tethering( 2202): chooseUpstreamType(true), preferredApn =4, got type=4
I/UpdateCheckReceiver( 3355): Got connectivity change, has connection: true
I/UpdateCheckReceiver( 3355): Scheduling future, repeating update checks.
D/TetherController( 1846): setDnsForwarders(0 = '192.168.10.110')
D/TetherController( 1846): Sending update msg to dnsmasq [update_dns:192.168.10.110]
I/dnsmasq ( 3655): using nameserver 192.168.10.110#53
D/Tethering( 2202): notifying tethered with iface =rmnet1
D/Tethering( 2202): TetheredState.processMessage what=12
D/WeatherUpdateService( 2813): Service started, but shouldn't update ... stopping
W/libc ( 3740): protoent* getprotobyname(char const*)(3) is not implemented on Android
D/gp.PicasaSyncManager( 3279): active network: NetworkInfo: type: mobile[HSPA+], state: CONNECTED/CONNECTED, reason: dataAttached, extra: orange.fr, roaming: false, failover: false, isAvailable: true
D/gp.PicasaSyncManager( 3279): background data: true
D/ConnectivityService( 2202): handleInetConditionHoldEnd: net=0, condition=100, published condition=100
D/dalvikvm( 2202): GC_EXPLICIT freed 2343K, 21% free 8840K/11100K, paused 3ms+10ms, total 97ms
D/dalvikvm( 2364): GC_CONCURRENT freed 389K, 65% free 2753K/7696K, paused 4ms+6ms, total 49ms
D/dalvikvm( 2202): GC_EXPLICIT freed 438K, 22% free 8764K/11100K, paused 4ms+7ms, total 103ms
D/dalvikvm( 2364): GC_CONCURRENT freed 382K, 65% free 2756K/7696K, paused 3ms+4ms, total 23ms
D/dalvikvm( 2202): GC_EXPLICIT freed 100K, 22% free 8754K/11100K, paused 7ms+7ms, total 79ms
W/WindowManager( 2202): App freeze timeout expired.
D/dalvikvm( 2364): GC_CONCURRENT freed 384K, 65% free 2755K/7696K, paused 2ms+3ms, total 24ms
D/dalvikvm( 2202): GC_EXPLICIT freed 91K, 22% free 8752K/11100K, paused 3ms+4ms, total 74ms
D/dalvikvm( 2364): GC_CONCURRENT freed 383K, 65% free 2756K/7696K, paused 2ms+2ms, total 15ms
D/dalvikvm( 2202): GC_EXPLICIT freed 87K, 22% free 8752K/11100K, paused 2ms+3ms, total 50ms
D/Tethering( 2202): TetherModeAliveState.processMessage what=4
D/dalvikvm( 2364): GC_CONCURRENT freed 384K, 65% free 2757K/7696K, paused 2ms+2ms, total 17ms
D/dalvikvm( 2202): GC_EXPLICIT freed 110K, 22% free 8747K/11100K, paused 2ms+4ms, total 50ms
D/dalvikvm( 2364): GC_CONCURRENT freed 383K, 65% free 2757K/7696K, paused 2ms+2ms, total 14ms
D/dalvikvm( 2202): GC_EXPLICIT freed 96K, 22% free 8748K/11100K, paused 2ms+5ms, total 51ms
D/dalvikvm( 2364): GC_CONCURRENT freed 383K, 65% free 2758K/7696K, paused 2ms+2ms, total 15ms
