D/dalvikvm( 2364): GC_CONCURRENT freed 389K, 64% free 2834K/7696K, paused 2ms+3ms, total 18ms
D/dalvikvm( 2202): GC_EXPLICIT freed 87K, 22% free 8757K/11100K, paused 3ms+5ms, total 57ms
D/dalvikvm( 2364): GC_CONCURRENT freed 394K, 64% free 2833K/7696K, paused 2ms+3ms, total 19ms
D/dalvikvm( 2202): GC_EXPLICIT freed 87K, 22% free 8758K/11100K, paused 2ms+5ms, total 56ms
D/dalvikvm( 2364): GC_CONCURRENT freed 396K, 64% free 2837K/7696K, paused 2ms+4ms, total 22ms
D/dalvikvm( 2202): GC_EXPLICIT freed 87K, 22% free 8757K/11100K, paused 2ms+3ms, total 50ms
D/dalvikvm( 2364): GC_CONCURRENT freed 390K, 64% free 2833K/7696K, paused 2ms+12ms, total 39ms
D/dalvikvm( 2202): GC_EXPLICIT freed 218K, 22% free 8763K/11100K, paused 2ms+4ms, total 50ms
D/dalvikvm( 2364): GC_CONCURRENT freed 390K, 64% free 2836K/7696K, paused 3ms+2ms, total 17ms
D/dalvikvm( 2202): GC_EXPLICIT freed 222K, 22% free 8765K/11100K, paused 2ms+4ms, total 50ms
D/dalvikvm( 2364): GC_CONCURRENT freed 394K, 64% free 2840K/7696K, paused 2ms+2ms, total 18ms
D/dalvikvm( 2202): GC_EXPLICIT freed 91K, 22% free 8761K/11100K, paused 1ms+3ms, total 49ms
D/dalvikvm( 2364): GC_CONCURRENT freed 392K, 64% free 2841K/7696K, paused 1ms+3ms, total 29ms
D/dalvikvm( 2202): GC_EXPLICIT freed 87K, 22% free 8761K/11100K, paused 3ms+4ms, total 58ms
D/dalvikvm( 2202): GC_EXPLICIT freed 87K, 22% free 8761K/11100K, paused 3ms+5ms, total 66ms
D/dalvikvm( 2364): GC_CONCURRENT freed 389K, 64% free 2835K/7696K, paused 2ms+2ms, total 16ms
D/dalvikvm( 2202): WAIT_FOR_CONCURRENT_GC blocked 1ms
D/dalvikvm( 2202): GC_EXPLICIT freed 87K, 22% free 8761K/11100K, paused 2ms+4ms, total 49ms
D/dalvikvm( 2364): GC_CONCURRENT freed 397K, 64% free 2835K/7696K, paused 2ms+2ms, total 17ms
D/dalvikvm( 2202): GC_EXPLICIT freed 219K, 22% free 8765K/11100K, paused 2ms+4ms, total 50ms
D/dalvikvm( 2364): GC_CONCURRENT freed 389K, 64% free 2830K/7696K, paused 2ms+2ms, total 14ms
D/dalvikvm( 2202): GC_EXPLICIT freed 91K, 22% free 8761K/11100K, paused 2ms+4ms, total 50ms
D/dalvikvm( 2364): GC_CONCURRENT freed 390K, 64% free 2835K/7696K, paused 2ms+2ms, total 16ms
D/dalvikvm( 2202): GC_EXPLICIT freed 86K, 22% free 8761K/11100K, paused 2ms+4ms, total 50ms
D/dalvikvm( 2364): GC_CONCURRENT freed 387K, 64% free 2831K/7696K, paused 2ms+2ms, total 16ms
D/dalvikvm( 2202): GC_EXPLICIT freed 87K, 22% free 8761K/11100K, paused 2ms+3ms, total 51ms
D/dalvikvm( 2364): GC_CONCURRENT freed 390K, 64% free 2838K/7696K, paused 1ms+2ms, total 16ms
D/dalvikvm( 2202): GC_EXPLICIT freed 86K, 22% free 8761K/11100K, paused 2ms+4ms, total 50ms
D/dalvikvm( 2364): GC_CONCURRENT freed 396K, 64% free 2838K/7696K, paused 1ms+2ms, total 17ms
D/dalvikvm( 2202): GC_EXPLICIT freed 87K, 22% free 8761K/11100K, paused 2ms+4ms, total 49ms
D/dalvikvm( 2364): GC_CONCURRENT freed 391K, 64% free 2838K/7696K, paused 2ms+2ms, total 17ms
D/dalvikvm( 2202): GC_EXPLICIT freed 86K, 22% free 8761K/11100K, paused 2ms+4ms, total 50ms
D/dalvikvm( 2364): GC_CONCURRENT freed 395K, 64% free 2839K/7696K, paused 3ms+3ms, total 18ms
D/dalvikvm( 2202): GC_EXPLICIT freed 87K, 22% free 8761K/11100K, paused 2ms+4ms, total 49ms
D/dalvikvm( 2202): GC_EXPLICIT freed 86K, 22% free 8761K/11100K, paused 1ms+4ms, total 49ms
D/dalvikvm( 2364): GC_CONCURRENT freed 388K, 64% free 2835K/7696K, paused 3ms+2ms, total 16ms
D/dalvikvm( 2202): GC_EXPLICIT freed 87K, 22% free 8761K/11100K, paused 2ms+4ms, total 49ms
D/dalvikvm( 2364): GC_CONCURRENT freed 395K, 64% free 2828K/7696K, paused 2ms+2ms, total 19ms
D/dalvikvm( 2202): GC_EXPLICIT freed 86K, 22% free 8761K/11100K, paused 2ms+4ms, total 50ms
D/dalvikvm( 2364): GC_CONCURRENT freed 385K, 64% free 2827K/7696K, paused 2ms+3ms, total 16ms
D/Tethering( 2202): TetherModeAliveState.processMessage what=4
D/dalvikvm( 2202): GC_EXPLICIT freed 225K, 22% free 8767K/11100K, paused 1ms+5ms, total 50ms
D/dalvikvm( 2364): GC_CONCURRENT freed 387K, 64% free 2829K/7696K, paused 3ms+16ms, total 34ms
D/dalvikvm( 2202): GC_EXPLICIT freed 238K, 22% free 8768K/11100K, paused 2ms+3ms, total 50ms
D/dalvikvm( 2364): GC_CONCURRENT freed 395K, 64% free 2836K/7696K, paused 1ms+3ms, total 18ms
D/dalvikvm( 2202): GC_EXPLICIT freed 92K, 22% free 8762K/11100K, paused 2ms+5ms, total 55ms
D/dalvikvm( 2364): GC_CONCURRENT freed 401K, 64% free 2837K/7696K, paused 2ms+4ms, total 26ms
D/dalvikvm( 2202): GC_EXPLICIT freed 218K, 22% free 8768K/11100K, paused 2ms+4ms, total 61ms
D/dalvikvm( 2364): GC_CONCURRENT freed 398K, 64% free 2838K/7696K, paused 1ms+2ms, total 17ms
D/dalvikvm( 2202): GC_EXPLICIT freed 91K, 22% free 8764K/11100K, paused 2ms+4ms, total 50ms
D/dalvikvm( 2364): GC_CONCURRENT freed 390K, 64% free 2832K/7696K, paused 3ms+2ms, total 17ms
D/dalvikvm( 2202): GC_EXPLICIT freed 87K, 22% free 8763K/11100K, paused 2ms+4ms, total 51ms
D/dalvikvm( 2364): GC_CONCURRENT freed 402K, 64% free 2822K/7696K, paused 1ms+2ms, total 17ms
D/dalvikvm( 2202): GC_EXPLICIT freed 86K, 22% free 8764K/11100K, paused 2ms+4ms, total 51ms
D/dalvikvm( 2364): GC_CONCURRENT freed 394K, 64% free 2825K/7696K, paused 1ms+2ms, total 32ms
D/dalvikvm( 2202): GC_EXPLICIT freed 87K, 22% free 8764K/11100K, paused 2ms+4ms, total 55ms
D/dalvikvm( 2364): GC_CONCURRENT freed 390K, 64% free 2818K/7696K, paused 2ms+2ms, total 15ms
D/dalvikvm( 2202): GC_EXPLICIT freed 87K, 22% free 8764K/11100K, paused 2ms+3ms, total 50ms
D/dalvikvm( 2364): GC_CONCURRENT freed 395K, 64% free 2825K/7696K, paused 1ms+4ms, total 20ms
D/dalvikvm( 2202): GC_EXPLICIT freed 87K, 22% free 8764K/11100K, paused 2ms+4ms, total 50ms
D/dalvikvm( 2364): GC_CONCURRENT freed 392K, 64% free 2820K/7696K, paused 2ms+2ms, total 15ms
D/dalvikvm( 2202): GC_EXPLICIT freed 87K, 22% free 8764K/11100K, paused 2ms+3ms, total 50ms
D/dalvikvm( 2364): GC_CONCURRENT freed 393K, 64% free 2825K/7696K, paused 4ms+3ms, total 23ms
D/dalvikvm( 2202): GC_EXPLICIT freed 133K, 22% free 8764K/11100K, paused 3ms+4ms, total 51ms
D/dalvikvm( 2364): GC_CONCURRENT freed 399K, 64% free 2823K/7696K, paused 2ms+2ms, total 18ms
D/dalvikvm( 2202): GC_EXPLICIT freed 88K, 22% free 8763K/11100K, paused 2ms+4ms, total 50ms
W/MediaScanner( 2364): Error opening directory '/storage/sdcard0/.android_secure/', skipping: Permission denied.
D/dalvikvm( 2202): GC_EXPLICIT freed 87K, 22% free 8763K/11100K, paused 2ms+3ms, total 50ms
D/dalvikvm( 2364): GC_CONCURRENT freed 393K, 64% free 2830K/7696K, paused 2ms+2ms, total 20ms
D/dalvikvm( 2202): GC_EXPLICIT freed 87K, 22% free 8763K/11100K, paused 2ms+3ms, total 50ms
D/dalvikvm( 2364): GC_CONCURRENT freed 397K, 64% free 2834K/7696K, paused 2ms+3ms, total 22ms
D/dalvikvm( 2202): GC_EXPLICIT freed 87K, 22% free 8763K/11100K, paused 2ms+5ms, total 56ms
D/dalvikvm( 2364): GC_CONCURRENT freed 400K, 64% free 2837K/7696K, paused 1ms+2ms, total 21ms
D/dalvikvm( 2202): GC_EXPLICIT freed 87K, 22% free 8763K/11100K, paused 3ms+4ms, total 54ms
D/dalvikvm( 2364): GC_CONCURRENT freed 399K, 64% free 2839K/7696K, paused 3ms+3ms, total 23ms
D/dalvikvm( 2202): GC_EXPLICIT freed 87K, 22% free 8763K/11100K, paused 2ms+5ms, total 56ms
D/dalvikvm( 2364): GC_CONCURRENT freed 399K, 64% free 2838K/7696K, paused 2ms+4ms, total 25ms
D/dalvikvm( 2202): GC_EXPLICIT freed 87K, 22% free 8763K/11100K, paused 2ms+5ms, total 66ms
D/dalvikvm( 2364): GC_CONCURRENT freed 397K, 64% free 2835K/7696K, paused 2ms+2ms, total 20ms
D/dalvikvm( 2202): GC_EXPLICIT freed 89K, 22% free 8763K/11100K, paused 2ms+3ms, total 50ms
D/dalvikvm( 2364): GC_CONCURRENT freed 406K, 64% free 2834K/7696K, paused 2ms+2ms, total 23ms
D/dalvikvm( 2202): GC_EXPLICIT freed 97K, 22% free 8763K/11100K, paused 2ms+4ms, total 50ms
D/dalvikvm( 2364): GC_CONCURRENT freed 412K, 64% free 2828K/7696K, paused 2ms+4ms, total 23ms
D/dalvikvm( 2202): GC_EXPLICIT freed 88K, 22% free 8762K/11100K, paused 3ms+5ms, total 56ms
D/dalvikvm( 2364): GC_CONCURRENT freed 405K, 64% free 2830K/7696K, paused 2ms+3ms, total 25ms
D/dalvikvm( 2202): GC_EXPLICIT freed 87K, 22% free 8762K/11100K, paused 2ms+4ms, total 56ms
D/dalvikvm( 2364): GC_CONCURRENT freed 406K, 64% free 2832K/7696K, paused 1ms+3ms, total 24ms
D/dalvikvm( 2202): GC_EXPLICIT freed 87K, 22% free 8762K/11100K, paused 2ms+5ms, total 65ms
D/dalvikvm( 2364): GC_CONCURRENT freed 390K, 64% free 2831K/7696K, paused 1ms+4ms, total 45ms
D/dalvikvm( 2202): GC_EXPLICIT freed 86K, 22% free 8762K/11100K, paused 3ms+5ms, total 73ms
D/dalvikvm( 2202): GC_EXPLICIT freed 87K, 22% free 8762K/11100K, paused 2ms+4ms, total 49ms
D/dalvikvm( 2364): GC_CONCURRENT freed 393K, 64% free 2835K/7696K, paused 1ms+2ms, total 17ms
D/dalvikvm( 2202): GC_EXPLICIT freed 87K, 22% free 8762K/11100K, paused 2ms+4ms, total 51ms
D/dalvikvm( 2364): GC_CONCURRENT freed 398K, 64% free 2834K/7696K, paused 1ms+3ms, total 16ms
D/dalvikvm( 2202): GC_EXPLICIT freed 87K, 22% free 8762K/11100K, paused 2ms+5ms, total 51ms
D/dalvikvm( 2364): GC_CONCURRENT freed 398K, 64% free 2834K/7696K, paused 1ms+2ms, total 20ms
D/dalvikvm( 2202): GC_EXPLICIT freed 86K, 22% free 8762K/11100K, paused 2ms+3ms, total 50ms
D/dalvikvm( 2364): GC_CONCURRENT freed 394K, 64% free 2824K/7696K, paused 3ms+2ms, total 16ms
D/dalvikvm( 2202): GC_EXPLICIT freed 87K, 22% free 8762K/11100K, paused 2ms+3ms, total 50ms
D/dalvikvm( 2364): GC_CONCURRENT freed 383K, 64% free 2825K/7696K, paused 1ms+2ms, total 14ms
D/dalvikvm( 2202): GC_EXPLICIT freed 87K, 22% free 8762K/11100K, paused 2ms+3ms, total 50ms
D/dalvikvm( 2364): GC_CONCURRENT freed 378K, 64% free 2831K/7696K, paused 2ms+3ms, total 20ms
D/dalvikvm( 2202): GC_EXPLICIT freed 87K, 22% free 8762K/11100K, paused 3ms+4ms, total 64ms
D/dalvikvm( 2364): GC_CONCURRENT freed 384K, 64% free 2832K/7696K, paused 2ms+3ms, total 22ms
D/dalvikvm( 2202): GC_EXPLICIT freed 86K, 22% free 8762K/11100K, paused 5ms+8ms, total 98ms
D/dalvikvm( 2364): GC_CONCURRENT freed 390K, 64% free 2826K/7696K, paused 3ms+3ms, total 22ms
D/dalvikvm( 2202): GC_EXPLICIT freed 87K, 22% free 8762K/11100K, paused 2ms+5ms, total 66ms
D/dalvikvm( 2364): GC_CONCURRENT freed 388K, 64% free 2829K/7696K, paused 2ms+3ms, total 23ms
D/dalvikvm( 2202): GC_EXPLICIT freed 87K, 22% free 8762K/11100K, paused 3ms+6ms, total 69ms
D/dalvikvm( 2364): GC_CONCURRENT freed 393K, 64% free 2833K/7696K, paused 2ms+2ms, total 17ms
D/dalvikvm( 2202): GC_EXPLICIT freed 87K, 22% free 8762K/11100K, paused 2ms+3ms, total 49ms
D/dalvikvm( 2364): GC_CONCURRENT freed 388K, 64% free 2830K/7696K, paused 2ms+3ms, total 19ms
D/dalvikvm( 2202): GC_EXPLICIT freed 86K, 22% free 8762K/11100K, paused 2ms+5ms, total 57ms
D/dalvikvm( 2202): GC_EXPLICIT freed 87K, 22% free 8762K/11100K, paused 2ms+3ms, total 50ms
D/dalvikvm( 2364): GC_CONCURRENT freed 387K, 64% free 2827K/7696K, paused 2ms+2ms, total 16ms
D/dalvikvm( 2202): GC_EXPLICIT freed 87K, 22% free 8762K/11100K, paused 2ms+4ms, total 50ms
D/dalvikvm( 2364): GC_CONCURRENT freed 398K, 64% free 2825K/7696K, paused 1ms+2ms, total 15ms
D/dalvikvm( 2202): GC_EXPLICIT freed 87K, 22% free 8762K/11100K, paused 2ms+4ms, total 50ms
D/dalvikvm( 2364): GC_CONCURRENT freed 386K, 64% free 2822K/7696K, paused 2ms+2ms, total 14ms
D/dalvikvm( 2202): GC_EXPLICIT freed 86K, 22% free 8762K/11100K, paused 3ms+5ms, total 66ms
D/dalvikvm( 2364): GC_CONCURRENT freed 391K, 64% free 2826K/7696K, paused 2ms+2ms, total 17ms
D/dalvikvm( 2202): GC_EXPLICIT freed 87K, 22% free 8762K/11100K, paused 2ms+4ms, total 49ms
D/dalvikvm( 2364): GC_CONCURRENT freed 395K, 64% free 2828K/7696K, paused 1ms+2ms, total 15ms
D/dalvikvm( 2202): GC_EXPLICIT freed 87K, 22% free 8762K/11100K, paused 2ms+4ms, total 50ms
D/dalvikvm( 2364): GC_CONCURRENT freed 398K, 64% free 2828K/7696K, paused 1ms+2ms, total 16ms
D/dalvikvm( 2202): GC_EXPLICIT freed 87K, 22% free 8762K/11100K, paused 2ms+4ms, total 50ms
D/dalvikvm( 2364): GC_CONCURRENT freed 397K, 64% free 2828K/7696K, paused 3ms+2ms, total 18ms
D/dalvikvm( 2202): GC_EXPLICIT freed 86K, 22% free 8762K/11100K, paused 2ms+4ms, total 50ms
D/dalvikvm( 2364): GC_CONCURRENT freed 389K, 64% free 2823K/7696K, paused 2ms+2ms, total 15ms
D/dalvikvm( 2202): GC_EXPLICIT freed 87K, 22% free 8762K/11100K, paused 2ms+4ms, total 49ms
D/dalvikvm( 2364): GC_CONCURRENT freed 392K, 64% free 2829K/7696K, paused 2ms+3ms, total 18ms
D/dalvikvm( 2202): GC_EXPLICIT freed 87K, 22% free 8762K/11100K, paused 2ms+5ms, total 50ms
D/dalvikvm( 2364): GC_CONCURRENT freed 398K, 64% free 2829K/7696K, paused 2ms+3ms, total 19ms
D/dalvikvm( 2202): GC_EXPLICIT freed 87K, 22% free 8762K/11100K, paused 2ms+4ms, total 50ms
D/dalvikvm( 2364): GC_CONCURRENT freed 395K, 64% free 2831K/7696K, paused 11ms+3ms, total 31ms
D/dalvikvm( 2202): GC_EXPLICIT freed 219K, 22% free 8767K/11100K, paused 2ms+4ms, total 51ms
D/dalvikvm( 2364): GC_CONCURRENT freed 398K, 64% free 2831K/7696K, paused 1ms+2ms, total 17ms
D/dalvikvm( 2202): GC_EXPLICIT freed 222K, 21% free 8769K/11100K, paused 2ms+3ms, total 50ms
D/dalvikvm( 2364): GC_CONCURRENT freed 395K, 64% free 2827K/7696K, paused 3ms+3ms, total 18ms
D/dalvikvm( 2202): GC_EXPLICIT freed 91K, 22% free 8764K/11100K, paused 2ms+5ms, total 56ms
D/dalvikvm( 2364): GC_CONCURRENT freed 391K, 64% free 2832K/7696K, paused 2ms+3ms, total 17ms
D/dalvikvm( 2202): GC_EXPLICIT freed 86K, 22% free 8765K/11100K, paused 2ms+3ms, total 60ms
D/dalvikvm( 2364): GC_CONCURRENT freed 397K, 64% free 2833K/7696K, paused 1ms+3ms, total 16ms
D/dalvikvm( 2202): GC_EXPLICIT freed 87K, 22% free 8764K/11100K, paused 2ms+5ms, total 51ms
D/dalvikvm( 2364): GC_CONCURRENT freed 389K, 64% free 2828K/7696K, paused 2ms+2ms, total 14ms
D/dalvikvm( 2202): GC_EXPLICIT freed 86K, 22% free 8765K/11100K, paused 2ms+4ms, total 49ms
D/dalvikvm( 2364): GC_CONCURRENT freed 393K, 64% free 2831K/7696K, paused 1ms+2ms, total 16ms
D/dalvikvm( 2202): GC_EXPLICIT freed 87K, 22% free 8764K/11100K, paused 2ms+5ms, total 50ms
D/dalvikvm( 2364): GC_CONCURRENT freed 386K, 64% free 2829K/7696K, paused 2ms+2ms, total 17ms
D/dalvikvm( 2202): GC_EXPLICIT freed 87K, 22% free 8765K/11100K, paused 2ms+3ms, total 52ms
D/dalvikvm( 2202): GC_EXPLICIT freed 87K, 22% free 8764K/11100K, paused 2ms+3ms, total 50ms
D/dalvikvm( 2364): GC_CONCURRENT freed 393K, 64% free 2831K/7696K, paused 2ms+3ms, total 19ms
D/dalvikvm( 2202): GC_EXPLICIT freed 86K, 22% free 8765K/11100K, paused 2ms+4ms, total 51ms
D/dalvikvm( 2364): GC_CONCURRENT freed 393K, 64% free 2823K/7696K, paused 2ms+2ms, total 15ms
D/dalvikvm( 2202): GC_EXPLICIT freed 87K, 22% free 8764K/11100K, paused 2ms+4ms, total 49ms
D/dalvikvm( 2364): GC_CONCURRENT freed 387K, 64% free 2820K/7696K, paused 2ms+3ms, total 16ms
D/dalvikvm( 2202): GC_EXPLICIT freed 86K, 22% free 8765K/11100K, paused 2ms+5ms, total 50ms
D/dalvikvm( 2364): GC_CONCURRENT freed 390K, 64% free 2825K/7696K, paused 0ms+2ms, total 15ms
D/dalvikvm( 2202): GC_EXPLICIT freed 89K, 22% free 8765K/11100K, paused 2ms+3ms, total 49ms
D/dalvikvm( 2364): GC_CONCURRENT freed 392K, 64% free 2822K/7696K, paused 3ms+2ms, total 16ms
D/dalvikvm( 2202): GC_EXPLICIT freed 87K, 22% free 8764K/11100K, paused 2ms+4ms, total 50ms
D/dalvikvm( 2364): GC_CONCURRENT freed 389K, 64% free 2825K/7696K, paused 1ms+2ms, total 15ms
D/dalvikvm( 2202): GC_EXPLICIT freed 88K, 22% free 8764K/11100K, paused 4ms+7ms, total 97ms
D/dalvikvm( 2364): GC_CONCURRENT freed 387K, 64% free 2825K/7696K, paused 2ms+5ms, total 30ms
D/dalvikvm( 2202): GC_EXPLICIT freed 87K, 22% free 8764K/11100K, paused 10ms+5ms, total 179ms
D/dalvikvm( 2364): GC_CONCURRENT freed 388K, 64% free 2822K/7696K, paused 8ms+12ms, total 83ms
D/dalvikvm( 2202): GC_EXPLICIT freed 87K, 22% free 8764K/11100K, paused 4ms+10ms, total 106ms
D/dalvikvm( 2364): GC_CONCURRENT freed 385K, 64% free 2823K/7696K, paused 2ms+3ms, total 22ms
D/dalvikvm( 2202): GC_EXPLICIT freed 86K, 22% free 8764K/11100K, paused 5ms+5ms, total 83ms
D/dalvikvm( 2364): GC_CONCURRENT freed 384K, 64% free 2824K/7696K, paused 4ms+5ms, total 34ms
D/dalvikvm( 2202): GC_EXPLICIT freed 87K, 22% free 8764K/11100K, paused 5ms+9ms, total 103ms
D/dalvikvm( 2364): GC_CONCURRENT freed 384K, 64% free 2824K/7696K, paused 2ms+4ms, total 25ms
D/dalvikvm( 2202): GC_EXPLICIT freed 86K, 22% free 8764K/11100K, paused 5ms+8ms, total 100ms
D/dalvikvm( 2364): GC_CONCURRENT freed 386K, 64% free 2823K/7696K, paused 2ms+3ms, total 24ms
D/dalvikvm( 2202): GC_EXPLICIT freed 87K, 22% free 8764K/11100K, paused 3ms+6ms, total 71ms
D/dalvikvm( 2364): GC_CONCURRENT freed 383K, 64% free 2824K/7696K, paused 3ms+6ms, total 33ms
D/dalvikvm( 2202): GC_EXPLICIT freed 86K, 22% free 8764K/11100K, paused 4ms+6ms, total 91ms
D/dalvikvm( 2364): GC_CONCURRENT freed 385K, 64% free 2825K/7696K, paused 3ms+6ms, total 33ms
D/dalvikvm( 2202): GC_EXPLICIT freed 87K, 22% free 8764K/11100K, paused 4ms+8ms, total 103ms
D/dalvikvm( 2364): GC_CONCURRENT freed 386K, 64% free 2825K/7696K, paused 4ms+5ms, total 42ms
D/dalvikvm( 2202): GC_EXPLICIT freed 87K, 22% free 8764K/11100K, paused 5ms+10ms, total 108ms
D/dalvikvm( 2364): GC_CONCURRENT freed 385K, 64% free 2825K/7696K, paused 4ms+4ms, total 36ms
D/dalvikvm( 2202): GC_EXPLICIT freed 87K, 22% free 8764K/11100K, paused 4ms+9ms, total 101ms
D/dalvikvm( 2364): GC_CONCURRENT freed 386K, 64% free 2825K/7696K, paused 3ms+6ms, total 34ms
D/dalvikvm( 2202): GC_EXPLICIT freed 90K, 22% free 8764K/11100K, paused 4ms+8ms, total 105ms
D/dalvikvm( 2364): GC_CONCURRENT freed 385K, 64% free 2826K/7696K, paused 4ms+5ms, total 36ms
D/dalvikvm( 2202): GC_EXPLICIT freed 87K, 22% free 8764K/11100K, paused 5ms+9ms, total 106ms
D/dalvikvm( 2364): GC_CONCURRENT freed 384K, 64% free 2826K/7696K, paused 4ms+7ms, total 39ms
D/dalvikvm( 2202): GC_EXPLICIT freed 86K, 22% free 8764K/11100K, paused 5ms+10ms, total 108ms
D/dalvikvm( 2364): GC_CONCURRENT freed 384K, 64% free 2826K/7696K, paused 3ms+4ms, total 36ms
D/dalvikvm( 2202): GC_EXPLICIT freed 87K, 22% free 8764K/11100K, paused 5ms+9ms, total 106ms
D/dalvikvm( 2364): GC_CONCURRENT freed 385K, 64% free 2827K/7696K, paused 3ms+3ms, total 25ms
D/dalvikvm( 2202): GC_EXPLICIT freed 86K, 22% free 8764K/11100K, paused 5ms+6ms, total 99ms
D/Tethering( 2202): TetherModeAliveState.processMessage what=4
D/dalvikvm( 2364): GC_CONCURRENT freed 385K, 64% free 2826K/7696K, paused 3ms+6ms, total 34ms
D/dalvikvm( 2202): GC_EXPLICIT freed 93K, 22% free 8765K/11100K, paused 5ms+7ms, total 97ms
D/dalvikvm( 2364): GC_CONCURRENT freed 384K, 64% free 2826K/7696K, paused 2ms+3ms, total 22ms
D/dalvikvm( 2202): GC_EXPLICIT freed 87K, 22% free 8765K/11100K, paused 3ms+5ms, total 71ms
D/dalvikvm( 2364): GC_CONCURRENT freed 382K, 64% free 2827K/7696K, paused 4ms+6ms, total 36ms
D/dalvikvm( 2202): GC_EXPLICIT freed 86K, 22% free 8765K/11100K, paused 5ms+9ms, total 107ms
D/dalvikvm( 2364): GC_CONCURRENT freed 385K, 64% free 2827K/7696K, paused 4ms+5ms, total 35ms
D/dalvikvm( 2202): GC_EXPLICIT freed 87K, 22% free 8765K/11100K, paused 4ms+6ms, total 86ms
D/dalvikvm( 2364): GC_CONCURRENT freed 384K, 64% free 2828K/7696K, paused 3ms+4ms, total 32ms
D/dalvikvm( 2202): GC_EXPLICIT freed 96K, 22% free 8765K/11100K, paused 4ms+10ms, total 107ms
D/dalvikvm( 2364): GC_CONCURRENT freed 385K, 64% free 2828K/7696K, paused 3ms+5ms, total 35ms
D/dalvikvm( 2202): GC_EXPLICIT freed 87K, 22% free 8765K/11100K, paused 4ms+10ms, total 107ms
D/dalvikvm( 2364): GC_CONCURRENT freed 385K, 64% free 2829K/7696K, paused 4ms+5ms, total 36ms
D/dalvikvm( 2202): GC_EXPLICIT freed 86K, 22% free 8765K/11100K, paused 5ms+9ms, total 107ms
D/dalvikvm( 2202): GC_EXPLICIT freed 87K, 22% free 8765K/11100K, paused 6ms+8ms, total 106ms
D/dalvikvm( 2364): GC_CONCURRENT freed 385K, 64% free 2829K/7696K, paused 3ms+5ms, total 29ms
D/dalvikvm( 2202): GC_EXPLICIT freed 86K, 22% free 8765K/11100K, paused 3ms+5ms, total 68ms
D/dalvikvm( 2364): GC_CONCURRENT freed 391K, 64% free 2822K/7696K, paused 3ms+3ms, total 26ms
D/dalvikvm( 2202): GC_EXPLICIT freed 87K, 22% free 8765K/11100K, paused 5ms+7ms, total 113ms
D/dalvikvm( 2364): GC_CONCURRENT freed 384K, 64% free 2823K/7696K, paused 2ms+4ms, total 26ms
D/dalvikvm( 2202): GC_EXPLICIT freed 86K, 22% free 8765K/11100K, paused 3ms+6ms, total 74ms
D/dalvikvm( 2364): GC_CONCURRENT freed 385K, 64% free 2823K/7696K, paused 2ms+3ms, total 23ms
D/dalvikvm( 2202): GC_EXPLICIT freed 87K, 22% free 8765K/11100K, paused 5ms+5ms, total 113ms
D/dalvikvm( 2364): GC_CONCURRENT freed 386K, 64% free 2822K/7696K, paused 3ms+3ms, total 23ms
D/dalvikvm( 2202): GC_EXPLICIT freed 86K, 22% free 8765K/11100K, paused 3ms+6ms, total 75ms
D/dalvikvm( 2364): GC_CONCURRENT freed 383K, 64% free 2823K/7696K, paused 3ms+3ms, total 25ms
D/dalvikvm( 2202): GC_EXPLICIT freed 87K, 22% free 8765K/11100K, paused 3ms+5ms, total 75ms
D/dalvikvm( 2364): GC_CONCURRENT freed 385K, 64% free 2824K/7696K, paused 2ms+3ms, total 21ms
D/dalvikvm( 2202): GC_EXPLICIT freed 86K, 22% free 8765K/11100K, paused 5ms+9ms, total 106ms
D/dalvikvm( 2364): GC_CONCURRENT freed 386K, 64% free 2823K/7696K, paused 4ms+4ms, total 36ms
D/dalvikvm( 2202): GC_EXPLICIT freed 87K, 22% free 8765K/11100K, paused 3ms+5ms, total 76ms
D/dalvikvm( 2364): GC_CONCURRENT freed 384K, 64% free 2825K/7696K, paused 3ms+6ms, total 39ms
D/dalvikvm( 2202): GC_EXPLICIT freed 86K, 22% free 8765K/11100K, paused 5ms+5ms, total 110ms
D/dalvikvm( 2364): GC_CONCURRENT freed 384K, 64% free 2824K/7696K, paused 3ms+3ms, total 27ms
D/AKMD2 ( 2202): akm_enable_sensor: Accel is enabled. (orien = 0)
I/AKMD2 ( 2202): enable_accelerometer, mEnabled = 0, enable = 1
D/lights ( 2202): set_light_buttons on=1
I/PowerManagerService( 2202): Waking up from sleep...
D/TinyALSA-Audio Hardware( 1852): audio_hw_set_parameters(0x412a9a68, screen_state=on)++
D/TinyALSA-Audio Hardware( 1852): audio_hw_set_parameters(0x412a9a68, screen_state=on)-- (PARAMETER ERROR)
I/WindowManager( 2202): Lock screen displayed!
D/PowerManagerService-JNI( 2202): Excessive delay in autosuspend_disable() while turning screen on: 187ms
D/SurfaceFlinger( 1849): Screen acquired, type=0 flinger=0x41b7c318
D/dalvikvm( 2202): GC_EXPLICIT freed 693K, 21% free 8779K/11100K, paused 3ms+7ms, total 82ms
D/dalvikvm( 2364): GC_CONCURRENT freed 391K, 64% free 2831K/7696K, paused 2ms+5ms, total 33ms
D/PhoneStatusBar( 2304): disable: < expand icons alerts ticker system_info BACK HOME recent* CLOCK search > D/PhoneStatusBar( 2304): disable: < expand icons alerts ticker system_info back* home* recent clock* search > D/dalvikvm( 2202): GC_EXPLICIT freed 561K, 21% free 8783K/11100K, paused 4ms+10ms, total 120ms
V/TAG ( 2202): bug 7643792: fitSystemWindows([0,38][0,0])
D/dalvikvm( 2364): GC_CONCURRENT freed 390K, 64% free 2826K/7696K, paused 5ms+6ms, total 41ms
D/dalvikvm( 2202): GC_EXPLICIT freed 112K, 21% free 8770K/11100K, paused 3ms+6ms, total 84ms
D/dalvikvm( 2364): GC_CONCURRENT freed 385K, 64% free 2825K/7696K, paused 3ms+5ms, total 27ms
D/dalvikvm( 2202): GC_EXPLICIT freed 228K, 21% free 8774K/11100K, paused 5ms+6ms, total 87ms
D/dalvikvm( 2364): GC_CONCURRENT freed 383K, 64% free 2826K/7696K, paused 2ms+4ms, total 23ms
D/dalvikvm( 2202): GC_EXPLICIT freed 93K, 21% free 8769K/11100K, paused 3ms+5ms, total 79ms
D/lights ( 2202): set_light_buttons off
D/dalvikvm( 2364): GC_CONCURRENT freed 388K, 64% free 2828K/7696K, paused 7ms+4ms, total 42ms
D/dalvikvm( 2202): GC_EXPLICIT freed 87K, 21% free 8769K/11100K, paused 4ms+6ms, total 110ms
D/dalvikvm( 2364): GC_CONCURRENT freed 387K, 64% free 2827K/7696K, paused 3ms+8ms, total 64ms
D/dalvikvm( 2202): GC_EXPLICIT freed 87K, 21% free 8769K/11100K, paused 4ms+8ms, total 114ms
D/dalvikvm( 2364): GC_CONCURRENT freed 384K, 64% free 2827K/7696K, paused 3ms+5ms, total 23ms
D/dalvikvm( 2202): GC_EXPLICIT freed 87K, 21% free 8769K/11100K, paused 3ms+7ms, total 83ms
D/dalvikvm( 2364): GC_CONCURRENT freed 385K, 64% free 2827K/7696K, paused 2ms+3ms, total 23ms
D/dalvikvm( 2202): GC_EXPLICIT freed 217K, 21% free 8777K/11100K, paused 2ms+5ms, total 55ms
D/dalvikvm( 2364): GC_CONCURRENT freed 388K, 64% free 2833K/7696K, paused 3ms+5ms, total 37ms
D/dalvikvm( 2202): GC_EXPLICIT freed 225K, 21% free 8779K/11100K, paused 5ms+9ms, total 116ms
D/dalvikvm( 2364): GC_CONCURRENT freed 389K, 64% free 2828K/7696K, paused 5ms+6ms, total 54ms
D/dalvikvm( 2202): GC_EXPLICIT freed 92K, 21% free 8774K/11100K, paused 3ms+6ms, total 79ms
D/dalvikvm( 2202): GC_EXPLICIT freed 89K, 21% free 8775K/11100K, paused 2ms+7ms, total 89ms
D/dalvikvm( 2364): GC_CONCURRENT freed 384K, 64% free 2829K/7696K, paused 3ms+28ms, total 115ms
D/dalvikvm( 2202): GC_EXPLICIT freed 91K, 21% free 8775K/11100K, paused 3ms+6ms, total 75ms
D/dalvikvm( 2364): GC_CONCURRENT freed 385K, 64% free 2830K/7696K, paused 3ms+4ms, total 26ms
D/Tethering( 2202): TetherModeAliveState.processMessage what=4
D/dalvikvm( 2202): GC_EXPLICIT freed 93K, 21% free 8775K/11100K, paused 3ms+7ms, total 80ms
D/dalvikvm( 2364): GC_CONCURRENT freed 392K, 64% free 2823K/7696K, paused 3ms+3ms, total 20ms
D/dalvikvm( 2202): GC_EXPLICIT freed 87K, 21% free 8776K/11100K, paused 4ms+10ms, total 112ms
D/dalvikvm( 2364): GC_CONCURRENT freed 385K, 64% free 2825K/7696K, paused 2ms+3ms, total 24ms
D/dalvikvm( 2202): GC_EXPLICIT freed 87K, 21% free 8775K/11100K, paused 5ms+5ms, total 110ms
D/dalvikvm( 2364): GC_CONCURRENT freed 386K, 64% free 2824K/7696K, paused 2ms+3ms, total 24ms
D/dalvikvm( 2202): GC_EXPLICIT freed 87K, 21% free 8776K/11100K, paused 3ms+4ms, total 63ms
D/dalvikvm( 2364): GC_CONCURRENT freed 384K, 64% free 2824K/7696K, paused 2ms+4ms, total 29ms
D/dalvikvm( 2202): GC_EXPLICIT freed 87K, 21% free 8775K/11100K, paused 3ms+5ms, total 75ms
D/dalvikvm( 2364): GC_CONCURRENT freed 383K, 64% free 2825K/7696K, paused 2ms+3ms, total 44ms
D/dalvikvm( 2202): GC_EXPLICIT freed 97K, 21% free 8776K/11100K, paused 3ms+4ms, total 67ms
D/dalvikvm( 2364): GC_CONCURRENT freed 384K, 64% free 2825K/7696K, paused 2ms+3ms, total 25ms
D/dalvikvm( 2202): GC_EXPLICIT freed 88K, 21% free 8775K/11100K, paused 3ms+8ms, total 83ms
D/dalvikvm( 2364): GC_CONCURRENT freed 387K, 64% free 2829K/7696K, paused 1ms+3ms, total 20ms
D/dalvikvm( 2202): GC_EXPLICIT freed 88K, 21% free 8776K/11100K, paused 3ms+5ms, total 69ms
D/dalvikvm( 2364): GC_CONCURRENT freed 390K, 64% free 2828K/7696K, paused 2ms+4ms, total 25ms
D/dalvikvm( 2202): GC_EXPLICIT freed 87K, 21% free 8775K/11100K, paused 4ms+6ms, total 86ms
D/dalvikvm( 2364): GC_CONCURRENT freed 385K, 64% free 2828K/7696K, paused 2ms+4ms, total 21ms
D/dalvikvm( 2202): GC_EXPLICIT freed 86K, 21% free 8776K/11100K, paused 5ms+6ms, total 111ms
D/dalvikvm( 2364): GC_CONCURRENT freed 386K, 64% free 2829K/7696K, paused 2ms+4ms, total 24ms
D/dalvikvm( 2202): GC_EXPLICIT freed 87K, 21% free 8775K/11100K, paused 3ms+8ms, total 84ms
D/dalvikvm( 2364): GC_CONCURRENT freed 385K, 64% free 2828K/7696K, paused 2ms+3ms, total 26ms
D/dalvikvm( 2202): GC_EXPLICIT freed 87K, 21% free 8776K/11100K, paused 6ms+7ms, total 110ms
I/PowerManagerService( 2202): Going to sleep due to screen timeout...
D/dalvikvm( 2364): GC_CONCURRENT freed 386K, 64% free 2837K/7696K, paused 2ms+4ms, total 50ms
I/MediaStoreImporter( 3858): Update: incremental Added music: 0 Updated music: 0 Deleted music: 0 Created playlists: 0 Updated playlists: 0 Deleted playlists: 0 Inserted playlist items: 0 Deleted playlist items: 0 Removed orphaned playlist items: 0
D/SurfaceFlinger( 1849): Screen released, type=0 flinger=0x41b7c318
D/AKMD2 ( 2202): akm_disable_sensor: Accel is disabled. (orien = 0)
I/AKMD2 ( 2202): enable_accelerometer, mEnabled = 1, enable = 0
D/TinyALSA-Audio Hardware( 1852): audio_hw_set_parameters(0x412a9a68, screen_state=off)++
D/TinyALSA-Audio Hardware( 1852): audio_hw_set_parameters(0x412a9a68, screen_state=off)-- (PARAMETER ERROR)
D/dalvikvm( 2364): GC_CONCURRENT freed 538K, 66% free 2682K/7696K, paused 2ms+2ms, total 14ms
D/dalvikvm( 2364): GC_CONCURRENT freed 400K, 66% free 2677K/7696K, paused 3ms+1ms, total 15ms
D/dalvikvm( 2364): GC_CONCURRENT freed 401K, 66% free 2676K/7696K, paused 2ms+3ms, total 17ms
D/dalvikvm( 2364): GC_CONCURRENT freed 412K, 66% free 2677K/7696K, paused 2ms+2ms, total 27ms
D/dalvikvm( 2364): GC_CONCURRENT freed 401K, 66% free 2679K/7696K, paused 3ms+3ms, total 19ms
D/dalvikvm( 2364): GC_CONCURRENT freed 386K, 66% free 2677K/7696K, paused 3ms+1ms, total 15ms
D/dalvikvm( 2364): GC_CONCURRENT freed 416K, 66% free 2679K/7696K, paused 2ms+1ms, total 14ms
D/dalvikvm( 2364): GC_CONCURRENT freed 418K, 66% free 2679K/7696K, paused 2ms+1ms, total 14ms
D/dalvikvm( 2364): GC_CONCURRENT freed 414K, 66% free 2679K/7696K, paused 2ms+1ms, total 19ms
D/dalvikvm( 2364): GC_CONCURRENT freed 395K, 66% free 2679K/7696K, paused 2ms+2ms, total 16ms
D/dalvikvm( 2364): GC_CONCURRENT freed 439K, 66% free 2679K/7696K, paused 1ms+1ms, total 13ms
D/dalvikvm( 2364): GC_CONCURRENT freed 431K, 66% free 2679K/7696K, paused 2ms+2ms, total 15ms
D/dalvikvm( 2364): GC_CONCURRENT freed 439K, 66% free 2679K/7696K, paused 2ms+2ms, total 16ms
D/dalvikvm( 2364): GC_CONCURRENT freed 406K, 66% free 2680K/7696K, paused 3ms+2ms, total 16ms
D/dalvikvm( 2202): GC_EXPLICIT freed 697K, 21% free 8781K/11100K, paused 2ms+4ms, total 52ms
D/dalvikvm( 2364): GC_CONCURRENT freed 386K, 66% free 2686K/7696K, paused 2ms+1ms, total 15ms
D/dalvikvm( 2202): GC_EXPLICIT freed 94K, 21% free 8774K/11100K, paused 2ms+3ms, total 49ms
D/dalvikvm( 2364): GC_CONCURRENT freed 249K, 64% free 2821K/7696K, paused 2ms+2ms, total 13ms
D/dalvikvm( 2202): GC_EXPLICIT freed 87K, 21% free 8774K/11100K, paused 2ms+5ms, total 53ms
D/dalvikvm( 2364): GC_CONCURRENT freed 386K, 64% free 2818K/7696K, paused 2ms+2ms, total 16ms
D/dalvikvm( 2202): GC_EXPLICIT freed 86K, 21% free 8774K/11100K, paused 2ms+4ms, total 49ms
D/dalvikvm( 2364): GC_CONCURRENT freed 393K, 64% free 2824K/7696K, paused 2ms+2ms, total 17ms
D/dalvikvm( 2202): GC_EXPLICIT freed 87K, 21% free 8774K/11100K, paused 2ms+4ms, total 49ms
D/dalvikvm( 2364): GC_CONCURRENT freed 396K, 64% free 2826K/7696K, paused 1ms+2ms, total 16ms
D/dalvikvm( 2202): GC_EXPLICIT freed 86K, 21% free 8774K/11100K, paused 2ms+4ms, total 50ms
D/dalvikvm( 2364): GC_CONCURRENT freed 393K, 64% free 2817K/7696K, paused 2ms+3ms, total 16ms
D/dalvikvm( 2202): GC_EXPLICIT freed 87K, 21% free 8774K/11100K, paused 3ms+4ms, total 56ms
D/dalvikvm( 2364): GC_CONCURRENT freed 385K, 64% free 2817K/7696K, paused 2ms+3ms, total 16ms
D/dalvikvm( 2202): GC_EXPLICIT freed 86K, 21% free 8774K/11100K, paused 2ms+5ms, total 61ms
D/dalvikvm( 2364): GC_CONCURRENT freed 380K, 64% free 2824K/7696K, paused 3ms+5ms, total 24ms
D/dalvikvm( 2202): GC_EXPLICIT freed 87K, 21% free 8774K/11100K, paused 2ms+4ms, total 65ms
D/dalvikvm( 2364): GC_CONCURRENT freed 393K, 64% free 2835K/7696K, paused 1ms+3ms, total 23ms
D/dalvikvm( 2202): GC_EXPLICIT freed 88K, 21% free 8774K/11100K, paused 3ms+5ms, total 65ms