D/BluetoothAdapter( 2304): 1089108296: getState() : mService = null. Returning STATE_OFF
D/BluetoothAdapter( 2304): 1089108296: getState() : mService = null. Returning STATE_OFF
I/CommonTimeManagementService( 2202): No common time service detected on this platform. Common time services will be unavailable.
I/ActivityManager( 2202): Start proc android.process.acore for content provider com.android.providers.contacts/.ContactsProvider2: pid=2405 uid=10001 gids={50001, 3003, 1015, 1028}
W/ThrottleService( 2202): unable to find stats for iface pdp0
I/InputReader( 2202): Reconfiguring input devices. changes=0x00000020
I/InputReader( 2202): Reconfiguring input devices. changes=0x00000010
I/ActivityManager( 2202): Start proc com.android.phone for added application com.android.phone: pid=2414 uid=1001 gids={41001, 3002, 3001, 3003, 1015, 1028}
I/ActivityManager( 2202): START u0 {act=android.intent.action.MAIN cat=[android.intent.category.HOME] flg=0x10000000 cmp=com.cyanogenmod.trebuchet/.Launcher} from pid 0
I/ActivityManager( 2202): Start proc com.cyanogenmod.trebuchet for activity com.cyanogenmod.trebuchet/.Launcher: pid=2429 uid=10043 gids={50043, 1028}
I/SystemServer( 2202): Enabled StrictMode for system server main thread.
E/Trace ( 2414): error opening trace file: No such file or directory (2)
I/PCKeyboard( 2382): onCreate(), os.version=3.0.31-CM-gd3ad65f
I/PowerWidget( 2304): Clearing any old widget stuffs
I/PowerWidget( 2304): Setting up widget
I/PowerWidget( 2304): Default buttons being loaded
I/PowerWidget( 2304): Button list: toggleWifi|toggleBluetooth|toggleGPS|toggleSound
D/PhoneStatusBar( 2304): disable: < expand icons alerts ticker system_info back home recent clock search > E/Trace ( 2429): error opening trace file: No such file or directory (2)
W/TelephonyProvider( 2414): onCreate: confFile=/system/etc/apns-conf.xml oldCheckSum=-1
D/TelephonyManager( 2414): getLteOnCdmaMode=0 curVal=-1 product_type='' lteOnCdmaProductType=''
E/Trace ( 2405): error opening trace file: No such file or directory (2)
I/HK/Globals( 2382): Setting compactModeEnabled to false
D/BluetoothAdapter( 2304): 1089108296: getState() : mService = null. Returning STATE_OFF
D/BluetoothAdapter( 2304): 1089108296: getState() : mService = null. Returning STATE_OFF
D/TelephonyManager( 2414): getLteOnCdmaMode=0 curVal=-1 product_type='' lteOnCdmaProductType=''
I/PCKeyboard( 2382): Found plugin dictionary: lang=en, pkg=org.pocketworkstation.dict.en
D/SystemUIService( 2304): loading: class com.android.systemui.power.PowerUI
D/SystemUIService( 2304): running: com.android.systemui.power.PowerUI@41148b10
I/PCKeyboard( 2382): Found plugin dictionary: lang=fr, pkg=org.pocketworkstation.dict.fr
I/ActivityManager( 2202): Start proc com.google.process.location for service com.google.android.location/.NetworkLocationService: pid=2473 uid=10049 gids={50049, 3003, 1007, 1028, 1015, 2001, 3006}
D/SystemUIService( 2304): loading: class com.android.systemui.media.RingtonePlayer
D/SystemUIService( 2304): running: com.android.systemui.media.RingtonePlayer@411498a0
D/dalvikvm( 2382): Trying to load lib /data/app-lib/org.pocketworkstation.pckeyboard-1/libjni_pckeyboard.so 0x40d87fd0
D/dalvikvm( 2382): Added shared lib /data/app-lib/org.pocketworkstation.pckeyboard-1/libjni_pckeyboard.so 0x40d87fd0
I/PCKeyboard( 2382): loaded jni_pckeyboard
I/Choreographer( 2304): Skipped 47 frames! The application may be doing too much work on its main thread.
I/Choreographer( 2202): Skipped 81 frames! The application may be doing too much work on its main thread.
I/PCKeyboard( 2382): Loaded dictionary, len=793304
I/PCKeyboard( 2382): Found plugin dictionary for fr, size=793304
E/Trace ( 2473): error opening trace file: No such file or directory (2)
V/TAG ( 2202): bug 7643792: fitSystemWindows([0,0][0,0])
D/libEGL ( 2304): loaded /system/lib/egl/libEGL_mali.so
D/libEGL ( 2304): loaded /system/lib/egl/libGLESv1_CM_mali.so
W/Settings( 2414): Setting airplane_mode_on has moved from android.provider.Settings.System to android.provider.Settings.Global, returning read-only value.
W/Settings( 2414): Setting auto_time has moved from android.provider.Settings.System to android.provider.Settings.Global, returning read-only global URI.
W/Settings( 2414): Setting auto_time_zone has moved from android.provider.Settings.System to android.provider.Settings.Global, returning read-only global URI.
D/libEGL ( 2304): loaded /system/lib/egl/libGLESv2_mali.so
E/ ( 2304): Device driver API match
E/ ( 2304): Device driver API version: 17
E/ ( 2304): User space API version: 17
E/ ( 2304): mali: REVISION=Linux-r3p1-01rel1 BUILD_DATE=Thu Jan 24 17:16:14 KST 2013
I/ActivityManager( 2202): Start proc com.android.smspush for service com.android.smspush/.WapPushManager: pid=2510 uid=10048 gids={50048, 1028}
D/OpenGLRenderer( 2304): Enabling debug mode 0
V/TAG ( 2202): bug 7643792: fitSystemWindows([0,38][0,0])
D/libEGL ( 2202): loaded /system/lib/egl/libEGL_mali.so
D/libEGL ( 2202): loaded /system/lib/egl/libGLESv1_CM_mali.so
D/libEGL ( 2202): loaded /system/lib/egl/libGLESv2_mali.so
E/ ( 2202): Device driver API match
E/ ( 2202): Device driver API version: 17
E/ ( 2202): User space API version: 17
E/ ( 2202): mali: REVISION=Linux-r3p1-01rel1 BUILD_DATE=Thu Jan 24 17:16:14 KST 2013
D/OpenGLRenderer( 2202): Enabling debug mode 0
I/ActivityManager( 2202): Start proc com.android.location.fused for service com.android.location.fused/.FusedLocationService: pid=2530 uid=10020 gids={50020, 1028}
D/PhoneStatusBar( 2304): disable: < expand icons alerts ticker system_info back home RECENT* clock search > D/dalvikvm( 1850): GC_EXPLICIT freed 35K, 70% free 2335K/7696K, paused 2ms+1ms, total 28ms
D/ ( 2414): [ApnContext:default] set reason as dataEnabled,current state IDLE
D/ ( 2414): [ApnContext:default] setRetryCount: 0
D/ ( 2414): [ApnContext:mms] set reason as dataEnabled,current state IDLE
D/ ( 2414): [ApnContext:mms] setRetryCount: 0
E/Trace ( 2510): error opening trace file: No such file or directory (2)
D/dalvikvm( 1850): GC_EXPLICIT freed <1K, 70% free 2335K/7696K, paused 1ms+2ms, total 17ms
D/dalvikvm( 1850): GC_EXPLICIT freed <1K, 70% free 2335K/7696K, paused 1ms+2ms, total 17ms
D/BluetoothAdapter( 2304): 1089108296: getState() : mService = null. Returning STATE_OFF
D/ ( 2414): [ApnContext:supl] set reason as dataEnabled,current state IDLE
D/ ( 2414): [ApnContext:supl] setRetryCount: 0
D/ ( 2414): [ApnContext:dun] set reason as dataEnabled,current state IDLE
D/ ( 2414): [ApnContext:dun] setRetryCount: 0
D/ ( 2414): [ApnContext:hipri] set reason as dataEnabled,current state IDLE
D/ ( 2414): [ApnContext:hipri] setRetryCount: 0
I/ActivityManager( 2202): Start proc com.google.process.gapps for content provider com.google.android.gsf/.settings.GoogleSettingsProvider: pid=2543 uid=10049 gids={50049, 3003, 1007, 1028, 1015, 2001, 3006}
D/BluetoothAdapter( 2304): 1089108296: getState() : mService = null. Returning STATE_OFF
D/TelephonyManager( 2414): getLteOnCdmaMode=0 curVal=-1 product_type='' lteOnCdmaProductType=''
D/BluetoothAdapter( 2304): 1089108296: getState() : mService = null. Returning STATE_OFF
E/Trace ( 2530): error opening trace file: No such file or directory (2)
D/CallManager( 2414): registerPhone(GSM Handler (com.android.internal.telephony.PhoneProxy) {40dba018})
D/BluetoothAdapter( 2304): 1089108296: getState() : mService = null. Returning STATE_OFF
D/BluetoothManagerService( 2202): Message: 20
D/BluetoothManagerService( 2202): Added callback: android.bluetooth.IBluetoothManagerCallback$Stub$Proxy@40dc2f38:true
D/BluetoothAdapter( 2304): 1089108296: getState() : mService = null. Returning STATE_OFF
E/Trace ( 2543): error opening trace file: No such file or directory (2)
D/BluetoothAdapter( 2304): 1089108296: getState() : mService = null. Returning STATE_OFF
D/BluetoothAdapter( 2304): 1089108296: getState() : mService = null. Returning STATE_OFF
D/BluetoothAdapter( 2304): 1089108296: getState() : mService = null. Returning STATE_OFF
D/TinyALSA-Audio Output( 1852): audio_out_get_latency(0x412acd58)
D/TinyALSA-Audio Output( 1852): audio_out_get_latency(0x412acd58)
D/BluetoothManagerService( 2202): Message: 30
D/TinyALSA-Audio Output( 1852): audio_out_get_latency(0x412acd58)
D/PhoneStatusBar( 2304): disable: < expand icons alerts ticker system_info BACK* HOME* RECENT CLOCK* search > I/GservicesProvider( 2543): Gservices pushing to system: true; secure/global: true
D/BluetoothManagerService( 2202): Message: 300
D/BluetoothManagerService( 2202): MESSAGE_USER_SWITCHED
D/dalvikvm( 2202): GC_CONCURRENT freed 3343K, 35% free 6927K/10540K, paused 33ms+38ms, total 279ms
D/dalvikvm( 2202): WAIT_FOR_CONCURRENT_GC blocked 18ms
D/dalvikvm( 2202): WAIT_FOR_CONCURRENT_GC blocked 18ms
D/dalvikvm( 2202): WAIT_FOR_CONCURRENT_GC blocked 17ms
D/dalvikvm( 2202): WAIT_FOR_CONCURRENT_GC blocked 17ms
I/AudioService( 2202): Remote Control registerMediaButtonIntent() for PendingIntent{41139ee8: PendingIntentRecord{41140090 android broadcastIntent}}
D/BluetoothAdapter( 2304): 1089108296: getState() : mService = null. Returning STATE_OFF
D/DebugService( 2414): DebugService DebugService:
D/TelephonyDebugService( 2414): TelephonyDebugService()
D/BluetoothManagerService( 2202): Message: 30
E/BluetoothPhoneService( 2414): Could not get a handle on Connection object for the call
D/NetworkLocationClient( 2473): binding to Intent { act=com.google.android.location.internal.ANDROID_NLP pkg=com.google.android.location }
I/PhoneApp( 2414): Headset phone created, binding local service.
D/CAT ( 2414): CatService: Running CAT service. STK app installed:true
D/CAT ( 2414): CatService: NEW sInstance
D/CAT ( 2414): CatService: Return current sInstance
W/Settings( 2414): Setting auto_time_zone has moved from android.provider.Settings.System to android.provider.Settings.Global, returning read-only value.
D/AlarmManagerService( 2202): Kernel timezone updated to -60 minutes west of GMT
V/SipBroadcastReceiver( 2414): start auto registration
I/ActivityManager( 2202): Start proc com.android.settings for broadcast com.android.settings/.widget.SettingsAppWidgetProvider: pid=2602 uid=1000 gids={41000, 1015, 1028, 3002, 3001, 3003, 3007}
E/Trace ( 2602): error opening trace file: No such file or directory (2)
D/libEGL ( 2429): loaded /system/lib/egl/libEGL_mali.so
D/libEGL ( 2429): loaded /system/lib/egl/libGLESv1_CM_mali.so
D/libEGL ( 2429): loaded /system/lib/egl/libGLESv2_mali.so
E/ ( 2429): Device driver API match
E/ ( 2429): Device driver API version: 17
E/ ( 2429): User space API version: 17
E/ ( 2429): mali: REVISION=Linux-r3p1-01rel1 BUILD_DATE=Thu Jan 24 17:16:14 KST 2013
D/OpenGLRenderer( 2429): Enabling debug mode 0
D/dalvikvm( 2202): GC_FOR_ALLOC freed 886K, 32% free 7192K/10540K, paused 73ms, total 77ms
I/gmmInternalNlpService( 2473): internal NLP onStart(com.google.android.location.internal.ANDROID_NLP) com.google.android.location
I/ActivityManager( 2202): Displayed com.cyanogenmod.trebuchet/.Launcher: +2s99ms
D/NetworkLocationClient( 2473): onServiceConnected to ComponentInfo{com.google.android.location/com.google.android.location.internal.server.NetworkLocationService}
D/BluetoothManagerService( 2202): Message: 20
D/BluetoothManagerService( 2202): Added callback: android.bluetooth.IBluetoothManagerCallback$Stub$Proxy@410b2b38:true
D/BluetoothAdapter( 2602): 1087967096: getState() : mService = null. Returning STATE_OFF
D/BluetoothManagerService( 2202): Message: 30
W/ContextImpl( 2602): Calling a method in the system process without a qualified user: android.app.ContextImpl.bindService:1458 android.content.ContextWrapper.bindService:473 android.bluetooth.BluetoothInputDevice.:240 android.bluetooth.BluetoothAdapter.getProfileProxy:1161 com.android.settings.bluetooth.LocalBluetoothAdapter.getProfileProxy:94
D/BluetoothManagerService( 2202): Message: 30
D/BluetoothPan( 2602): BluetoothPan() call bindService
D/BluetoothPan( 2602): BluetoothPan(), bindService called
D/BluetoothManagerService( 2202): Message: 30
W/ContextImpl( 2602): Calling a method in the system process without a qualified user: android.app.ContextImpl.bindService:1458 android.content.ContextWrapper.bindService:473 android.bluetooth.BluetoothPan.:141 android.bluetooth.BluetoothAdapter.getProfileProxy:1164 com.android.settings.bluetooth.PanProfile.:73
D/LocalBluetoothProfileManager( 2602): LocalBluetoothProfileManager construction complete
D/BluetoothAdapter( 2602): 1087967096: getState() : mService = null. Returning STATE_OFF
D/BluetoothAdapter( 2602): 1087967096: getState() : mService = null. Returning STATE_OFF
W/ContextImpl( 2602): Calling a method in the system process without a qualified user: android.app.ContextImpl.bindService:1458 android.content.ContextWrapper.bindService:473 android.bluetooth.BluetoothPbap.:161 com.android.settings.bluetooth.PbapServerProfile.:68 com.android.settings.bluetooth.LocalBluetoothProfileManager.:124
D/dalvikvm( 2202): GC_CONCURRENT freed 274K, 32% free 7264K/10540K, paused 5ms+11ms, total 408ms
I/PCKeyboardIME( 2382): attachToken android.os.BinderProxy@41082e80
D/dalvikvm( 2304): GC_FOR_ALLOC freed 535K, 23% free 5937K/7696K, paused 50ms, total 56ms
I/dalvikvm-heap( 2304): Grow heap (frag case) to 9.237MB for 2828816-byte allocation
V/SecuritySelectorView( 2202): Camera disabled by Sim State
D/dalvikvm( 2304): GC_CONCURRENT freed 29K, 18% free 8670K/10460K, paused 3ms+9ms, total 35ms
I/ActivityManager( 2202): Start proc com.android.contacts for broadcast com.android.contacts/.calllog.CallLogReceiver: pid=2639 uid=10001 gids={50001, 3003, 1015, 1028}
D/BluetoothManagerService( 2202): Message: 30
D/BluetoothManagerService( 2202): Message: 30
W/ContextImpl( 2202): Calling a method in the system process without a qualified user: android.app.ContextImpl.bindService:1458 android.bluetooth.BluetoothHeadset.:273 android.bluetooth.BluetoothAdapter.getProfileProxy:1155 android.media.AudioService.getBluetoothHeadset:2157 android.media.AudioService.access$2800:104
W/ContextImpl( 2202): Calling a method in the system process without a qualified user: android.app.ContextImpl.bindService:1458 android.bluetooth.BluetoothA2dp.:160 android.bluetooth.BluetoothAdapter.getProfileProxy:1158 android.media.AudioService$AudioServiceBroadcastReceiver.onReceive:4023 android.app.LoadedApk$ReceiverDispatcher$Args.run:758
V/WiredAccessoryManager( 2202): init()
I/FusedLocation( 2530): engine started (com.android.location.fused)
D/dalvikvm( 2202): GC_CONCURRENT freed 1242K, 32% free 7231K/10540K, paused 3ms+13ms, total 100ms
E/Trace ( 2639): error opening trace file: No such file or directory (2)
V/TAG ( 2202): bug 7643792: fitSystemWindows([0,38][0,0])
I/ActivityManager( 2202): Start proc com.cyanogenmod.settings.device for broadcast com.cyanogenmod.settings.device/.Startup: pid=2673 uid=1000 gids={41000, 1015, 1028, 3002, 3001, 3003, 3007}
I/SurfaceFlinger( 1849): Boot is finished (15724 ms)
I/ActivityManager( 2202): Config changes=1400 {1.0 ?mcc?mnc en_GB ldltr sw320dp w320dp h508dp 240dpi nrml long port finger -keyb/v/h -nav/h s.5 themeResource=null}
I/PCKeyboard( 2382): onConfigurationChanged()
E/Trace ( 2673): error opening trace file: No such file or directory (2)
D/PhoneStatusBar( 2304): disable: < expand icons alerts ticker system_info BACK HOME RECENT clock* search > E/WiredAccessoryManager( 2202): Recieved a Settings Changed Action com.cyanogenmod.settings.SamsungDock
E/WiredAccessoryManager( 2202): Recieved a Dock Audio change 0
W/GalaxyS2Settings_Utils_Write( 2673): file /sys/class/mdnie/mdnie/scenario: 4
W/GalaxyS2Settings_Utils_Write( 2673): file /sys/class/mdnie/mdnie/mode: 1
D/BluetoothAdapter( 2304): 1089108296: getState() : mService = null. Returning STATE_OFF
W/GalaxyS2Settings_Utils_Write( 2673): file /sys/class/mdnie/mdnie/negative: 0
W/GalaxyS2Settings_Utils_Write( 2673): file /sys/class/mdnie/mdnie/outdoor: 0
W/GalaxyS2Settings_Utils_Write( 2673): file /sys/class/sec/sec_touchkey/force_disable: 0
W/GalaxyS2Settings_Utils_Write( 2673): file /sys/class/sec/sec_touchkey/brightness: 1
W/GalaxyS2Settings_Utils_Write( 2673): file /sys/class/sec/sec_touchkey/led_timeout: 3
W/GalaxyS2Settings_Utils_Write( 2673): file /sys/vibrator/pwm_val: 50
D/SizeAdaptiveLayout( 2304): com.android.internal.widget.SizeAdaptiveLayout{40de0f50 V.E..... ......I. 0,0-0,0 #7f090072 app:id/adaptive}child view android.widget.FrameLayout{41135650 G.E..... ......ID 0,0-0,0 #1020324 android:id/status_bar_latest_event_content} measured out of bounds at 95px clamped to 96px
I/ActivityManager( 2202): Start proc com.bel.android.dspmanager for broadcast com.bel.android.dspmanager/.receiver.BootCompletedReceiver: pid=2696 uid=10013 gids={50013, 3002, 1028}
D/lights ( 2202): set_light_buttons on=1
I/PowerManagerService( 2202): Boot animation finished.
E/Trace ( 2696): error opening trace file: No such file or directory (2)
I/HeadsetService( 2696): Starting service.
I/ActivityManager( 2202): Start proc com.cyanogenmod.updater for broadcast com.cyanogenmod.updater/.receiver.UpdateCheckReceiver: pid=2713 uid=10007 gids={50007, 3003, 1015, 2001, 1028}
I/RecoverySystem( 2202): No recovery log file
I/BootReceiver( 2202): Copying /proc/last_kmsg to DropBox (SYSTEM_LAST_KMSG)
E/Trace ( 2713): error opening trace file: No such file or directory (2)
I/UpdateCheckReceiver( 2713): Scheduling future, repeating update checks.
I/ActivityManager( 2202): Start proc com.android.providers.calendar for broadcast com.android.providers.calendar/.CalendarReceiver: pid=2731 uid=10011 gids={50011, 3003, 1015, 1028}
D/dalvikvm( 2202): GC_CONCURRENT freed 522K, 26% free 7871K/10540K, paused 3ms+9ms, total 111ms
D/dalvikvm( 2202): WAIT_FOR_CONCURRENT_GC blocked 105ms
E/Trace ( 2731): error opening trace file: No such file or directory (2)
I/ActivityManager( 2202): Start proc com.android.deskclock for broadcast com.android.deskclock/.AlarmInitReceiver: pid=2750 uid=10015 gids={50015, 1028}
D/AccountTypeManager( 2639): Registering 1 extension packages
E/ExternalAccountType( 2639): Unsupported attribute readOnly
W/WifiNormalizer( 2473): No specific device detected. Offset set to -7.
D/dalvikvm( 2202): GC_FOR_ALLOC freed 1488K, 36% free 6761K/10540K, paused 57ms, total 57ms
I/dalvikvm-heap( 2202): Grow heap (frag case) to 9.326MB for 2073616-byte allocation
D/dalvikvm( 2202): GC_CONCURRENT freed 4K, 31% free 8794K/12568K, paused 2ms+5ms, total 68ms
E/Trace ( 2750): error opening trace file: No such file or directory (2)
D/AccountTypeManager( 2639): Registering extension package account type=com.google, dataSet=plus, packageName=com.google.android.apps.plus
I/AccountTypeManager( 2639): Loaded meta-data for 3 account types, 2 accounts in 215ms(wall) 25ms(cpu)
D/dalvikvm( 2304): GC_FOR_ALLOC freed 2877K, 14% free 6692K/7700K, paused 19ms, total 20ms
I/dalvikvm-heap( 2304): Grow heap (frag case) to 9.253MB for 2073616-byte allocation
D/dalvikvm( 2304): GC_CONCURRENT freed 16K, 11% free 8701K/9728K, paused 2ms+2ms, total 29ms
V/AlarmClock( 2750): Alarm set for id=1 10:20:00.000/Thu V/AlarmClock( 2750): AlarmInitReceiver - Reset timers and clear stopwatch data
V/AlarmClock( 2750): Alarm set for id=1 10:20:00.000/Thu V/AlarmClock( 2750): AlarmInitReceiver finished
I/dalvikvm( 2473): Total arena pages for JIT: 11
I/dalvikvm( 2473): Total arena pages for JIT: 12
I/dalvikvm( 2473): Total arena pages for JIT: 13
I/dalvikvm( 2473): Total arena pages for JIT: 14
I/dalvikvm( 2473): Total arena pages for JIT: 15
I/dalvikvm( 2473): Total arena pages for JIT: 16
I/dalvikvm( 2473): Total arena pages for JIT: 17
I/ActivityManager( 2202): Start proc com.android.email for broadcast com.android.email/.service.EmailBroadcastReceiver: pid=2771 uid=10018 gids={50018, 3003, 1015, 1028}
E/Trace ( 2771): error opening trace file: No such file or directory (2)
I/dalvikvm( 2473): Total arena pages for JIT: 18
W/Settings( 2473): Setting airplane_mode_on has moved from android.provider.Settings.System to android.provider.Settings.Global, returning read-only value.
I/dalvikvm( 2202): Jit: resizing JitTable from 4096 to 8192
D/ActivityThread( 2771): Loading provider com.android.email.provider;com.android.email.notifier: com.android.email.provider.EmailProvider
I/ActivityManager( 2202): Start proc com.android.exchange for service com.android.exchange/.ExchangeService: pid=2790 uid=10019 gids={50019, 3003, 1015, 1028}
E/Trace ( 2790): error opening trace file: No such file or directory (2)
I/System.out( 2473): [SEVERE:2593]: LogSource: AsyncHttpRequestImpl.run(): exception thrown : Unable to resolve host "www.google.com": No address associated with hostname: java.net.UnknownHostException
E/GlsClient-query( 2473): requestFailed
I/System.out( 2473): [SEVERE:2623]: LogSource: AsyncHttpRequestImpl.run(): exception thrown : Unable to resolve host "www.google.com": No address associated with hostname: java.net.UnknownHostException
E/GlsClient-query( 2473): requestFailed
D/ExchangeService( 2790): !!! EAS ExchangeService, onCreate
D/ExchangeService( 2790): !!! EAS ExchangeService, onStartCommand, startingUp = false, running = false
D/ExchangeService( 2790): !!! EAS ExchangeService, onStartCommand, startingUp = true, running = false
I/ActivityManager( 2202): Start proc com.cyanogenmod.lockclock for broadcast com.cyanogenmod.lockclock/.ClockWidgetProvider: pid=2813 uid=10028 gids={50028, 3003, 1028}
D/Eas Debug( 2790): Logging:
D/dalvikvm( 1850): GC_EXPLICIT freed 38K, 70% free 2335K/7696K, paused 1ms+1ms, total 21ms
D/dalvikvm( 1850): GC_EXPLICIT freed <1K, 70% free 2335K/7696K, paused 1ms+2ms, total 17ms
D/dalvikvm( 1850): GC_EXPLICIT freed <1K, 70% free 2335K/7696K, paused 1ms+2ms, total 17ms
D/EmailProvider( 2771): fromDatabase accounts: 0
D/EmailProvider( 2771): ending toDatabase transaction; copyCount = 0
E/Trace ( 2813): error opening trace file: No such file or directory (2)
D/ExchangeService( 2790): !!! EAS ExchangeService, onStartCommand, startingUp = true, running = false
D/ExchangeService( 2790): Received deviceId from Email app: androidc159203214
D/ExchangeService( 2790): Reconciling accounts...
D/Eas Debug( 2790): Logging:
D/EmailProvider( 2771): ending fromDatabase transaction; copyCount = 0
W/ActivityManager( 2202): Unable to start service Intent { cmp=com.android.email/.service.AttachmentDownloadService } U=0: not found
I/ActivityManager( 2202): Start proc com.android.mms for broadcast com.android.mms/.transaction.MmsSystemEventReceiver: pid=2837 uid=10030 gids={50030, 3003, 1015, 1028}
E/Trace ( 2837): error opening trace file: No such file or directory (2)
D/CountryDetector( 2202): The first listener is added
V/MmsConfig( 2837): mnc/mcc:
V/MmsConfig( 2837): tag: int value: maxMessageSize - 614400
V/MmsConfig( 2837): tag: int value: maxImageHeight - 1200
V/MmsConfig( 2837): tag: int value: maxImageWidth - 1600
V/MmsConfig( 2837): tag: string value: userAgent - SAMSUNG-GT-I9100-Mms
V/MmsConfig( 2837): tag: bool value: enableMultipartSMS - true
V/MmsConfig( 2837): tag: bool value: enableSplitSMS - false
V/MmsConfig( 2837): tag: string value: uaProfUrl - http://wap.samsungmobile.com/uaprof/GT-I9100.xml
W/ActivityManager( 2202): Unable to start service Intent { cmp=com.android.email/.service.AttachmentDownloadService } U=0: not found
I/ActivityManager( 2202): Start proc com.google.android.talk for broadcast com.google.android.talk/.videochat.BootCompleteReceiver: pid=2863 uid=10036 gids={50036, 3003, 1015, 1006, 1028, 3002}
W/ActivityManager( 2202): Unable to start service Intent { cmp=com.android.email/.service.AttachmentDownloadService } U=0: not found
D/ExchangeService( 2790): !!! EAS ExchangeService, onStartCommand, startingUp = false, running = false
W/ActivityManager( 2202): Unable to start service Intent { cmp=com.android.email/.service.AttachmentDownloadService } U=0: not found
D/ExchangeService( 2790): Reconciling accounts...
E/Trace ( 2863): error opening trace file: No such file or directory (2)
D/MmsSmsDatabaseHelper( 2414): [MmsSmsDb] tableName: threads hasAutoIncrement: CREATE TABLE threads (_id INTEGER PRIMARY KEY AUTOINCREMENT,date INTEGER DEFAULT 0,message_count INTEGER DEFAULT 0,recipient_ids TEXT,snippet TEXT,snippet_cs INTEGER DEFAULT 0,read INTEGER DEFAULT 1,type INTEGER DEFAULT 0,error INTEGER DEFAULT 0,has_attachment INTEGER DEFAULT 0) result: true
D/MmsSmsDatabaseHelper( 2414): [MmsSmsDb] tableName: canonical_addresses hasAutoIncrement: CREATE TABLE canonical_addresses (_id INTEGER PRIMARY KEY AUTOINCREMENT,address TEXT) result: true
D/Mms:app ( 2837): cancelNotification
D/MmsSmsDatabaseHelper( 2414): [MmsSmsDb] tableName: part hasAutoIncrement: CREATE TABLE part (_id INTEGER PRIMARY KEY AUTOINCREMENT,mid INTEGER,seq INTEGER DEFAULT 0,ct TEXT,name TEXT,chset INTEGER,cd TEXT,fn TEXT,cid TEXT,cl TEXT,ctt_s INTEGER,ctt_t TEXT,_data TEXT,text TEXT) result: true
D/MmsSmsDatabaseHelper( 2414): [MmsSmsDb] tableName: pdu hasAutoIncrement: CREATE TABLE pdu (_id INTEGER PRIMARY KEY AUTOINCREMENT,thread_id INTEGER,date INTEGER,date_sent INTEGER DEFAULT 0,msg_box INTEGER,read INTEGER DEFAULT 0,m_id TEXT,sub TEXT,sub_cs INTEGER,ct_t TEXT,ct_l TEXT,exp INTEGER,m_cls TEXT,m_type INTEGER,v INTEGER,m_size INTEGER,pri INTEGER,rr INTEGER,rpt_a INTEGER,resp_st INTEGER,st INTEGER,tr_id TEXT,retr_st INTEGER,retr_txt TEXT,retr_txt_cs INTEGER,read_status INTEGER,ct_cls INTEGER,resp_txt TEXT,d_tm INTEGER,d_rpt INTEGER,locked INTEGER DEFAULT 0,seen INTEGER DEFAULT 0,text_only INTEGER DEFAULT 0) result: true
D/MmsSmsDatabaseHelper( 2414): [getWritableDatabase] hasAutoIncrementThreads: true hasAutoIncrementAddresses: true hasAutoIncrementPart: true hasAutoIncrementPdu: true
D/ConnectivityService( 2202): handleInetConditionChange: no active default network - ignore
I/CalendarProvider2( 2731): Sending notification intent: Intent { act=android.intent.action.PROVIDER_CHANGED dat=content://com.android.calendar }
W/ContentResolver( 2731): Failed to get type for: content://com.android.calendar (Unknown URL content://com.android.calendar)
D/vclib:CallStateClient( 2863): startListening
I/talk ( 2863): Refresh the supported camera state
D/exynos_camera( 1852): exynos_camera_get_camera_info(0, 0x40f95d10)
D/exynos_camera( 1852): Selected camera: M5MO
D/exynos_camera( 1852): exynos_camera_get_camera_info(1, 0x417c4d10)
D/exynos_camera( 1852): Selected camera: S5K5BAFX
I/talk ( 2863): supported front camera true
I/BootReceiver( 2602): Restore disabled by user preference.
I/BootReceiver( 2602): Restore disabled by user preference.
D/CAT ( 2414): CatService: Return current sInstance
I/ActivityManager( 2202): Start proc com.android.voicedialer for broadcast com.android.voicedialer/.VoiceDialerReceiver: pid=2898 uid=10046 gids={50046, 3002, 1028}
E/Trace ( 2898): error opening trace file: No such file or directory (2)
D/CAT ( 2414): StkAppService$ServiceHandler: OP_BOOT_COMPLETED
I/ActivityManager( 2202): Start proc com.google.android.apps.genie.geniewidget for broadcast com.google.android.apps.genie.geniewidget/.miniwidget.MiniWidgetProvider: pid=2918 uid=10050 gids={50050, 3003, 1015, 1028}
D/dalvikvm( 2202): GC_EXPLICIT freed 2761K, 20% free 6872K/8524K, paused 2ms+4ms, total 69ms
E/Trace ( 2918): error opening trace file: No such file or directory (2)
I/System.out( 2918): [INFO:16]: LogSource: Logging disabled
W/Genie ( 2918): Cache file not found: java.io.FileNotFoundException: /data/data/com.google.android.apps.genie.geniewidget/cache/genie_masfcache: open failed: ENOENT (No such file or directory)
W/Genie ( 2918): Cache file not found: java.io.FileNotFoundException: /data/data/com.google.android.apps.genie.geniewidget/cache/genie_iconcache: open failed: ENOENT (No such file or directory)
I/Genie ( 2918): ignoring BOOT_COMPLETE since app has never been started
I/ActivityManager( 2202): Start proc com.google.android.partnersetup for broadcast com.google.android.partnersetup/.GooglePartnerSetup: pid=2941 uid=10055 gids={50055, 3003, 1028}
D/Mms:app ( 2837): cancelNotification
E/Trace ( 2941): error opening trace file: No such file or directory (2)
D/dalvikvm( 2202): GC_EXPLICIT freed 391K, 19% free 6904K/8524K, paused 3ms+4ms, total 70ms
I/SystemUpdateService( 2543): cancelUpdate (empty URL)
I/ActivityManager( 2202): Start proc com.google.android.onetimeinitializer for broadcast com.google.android.onetimeinitializer/.OneTimeInitializerReceiver: pid=2972 uid=10059 gids={50059, 1028}
E/Trace ( 2972): error opening trace file: No such file or directory (2)
D/dalvikvm( 2543): GC_EXPLICIT freed 2487K, 65% free 2750K/7696K, paused 3ms+5ms, total 75ms
V/OneTimeInitializerReceiver( 2972): OneTimeInitializerReceiver.onReceive
V/OneTimeService( 2972): OneTimeService.onHandleIntent
I/ActivityManager( 2202): Start proc com.google.android.gms for broadcast com.google.android.gms/.recovery.AccountRecoveryService$Receiver: pid=2985 uid=10049 gids={50049, 3003, 1007, 1028, 1015, 2001, 3006}
E/Trace ( 2985): error opening trace file: No such file or directory (2)
I/SystemUpdateService( 2543): cancelUpdate (empty URL)
I/Recovery( 2985): Received: Intent { act=android.intent.action.BOOT_COMPLETED flg=0x10 cmp=com.google.android.gms/.recovery.AccountRecoveryService$Receiver (has extras) }
I/ActivityManager( 2202): Start proc com.google.android.gsf.login for service com.google.android.gms/.recovery.AccountRecoveryService: pid=3001 uid=10049 gids={50049, 3003, 1007, 1028, 1015, 2001, 3006}
I/ActivityManager( 2202): Start proc com.google.android.gcm for broadcast com.google.android.gms/.gcm.ServiceAutoStarter: pid=3007 uid=10049 gids={50049, 3003, 1007, 1028, 1015, 2001, 3006}
E/Trace ( 3001): error opening trace file: No such file or directory (2)
E/Trace ( 3007): error opening trace file: No such file or directory (2)
I/ActivityManager( 2202): Start proc com.android.vending for broadcast com.android.vending/com.google.android.finsky.receivers.BootCompletedReceiver: pid=3035 uid=10060 gids={50060, 3003, 1015, 1028}
E/Trace ( 3035): error opening trace file: No such file or directory (2)
D/dalvikvm( 2202): GC_EXPLICIT freed 198K, 19% free 6933K/8524K, paused 2ms+7ms, total 71ms
D/dalvikvm( 2364): GC_EXPLICIT freed 565K, 65% free 2717K/7696K, paused 4ms+4ms, total 120ms
I/RlzPingService( 2941): Setting next ping for 1363791598589
I/ActivityManager( 2202): No longer want com.android.contacts (pid 2639): empty #17
D/Finsky ( 3035): [1] FinskyApp.onCreate: Initializing network with DFE https://android.clients.google.com/fdfe/
D/Finsky ( 3035): [1] DailyHygiene.goMakeHygieneIfDirty: No need to run daily hygiene.
W/Settings( 3035): Setting download_manager_max_bytes_over_mobile has moved from android.provider.Settings.Secure to android.provider.Settings.Global.
W/Settings( 3035): Setting download_manager_recommended_max_bytes_over_mobile has moved from android.provider.Settings.Secure to android.provider.Settings.Global.
W/Mms/cache( 2837): RecipientId -2305843077933171297 not in cache!
W/Mms/cache( 2837): RecipientId -2305843077933171297 has empty number!
W/MediaProvider( 2364): no database for scanned volume external
D/dalvikvm( 1850): GC_EXPLICIT freed 38K, 70% free 2335K/7696K, paused 1ms+1ms, total 17ms
D/dalvikvm( 1850): GC_EXPLICIT freed <1K, 70% free 2335K/7696K, paused 1ms+1ms, total 16ms
D/dalvikvm( 1850): GC_EXPLICIT freed <1K, 70% free 2335K/7696K, paused 1ms+2ms, total 15ms
I/ActivityManager( 2202): Start proc com.google.android.gm for broadcast com.google.android.gm/.GoogleMailDeviceStartupReceiver: pid=3070 uid=10051 gids={50051, 3003, 1015, 1028}
I/ActivityManager( 2202): No longer want com.cyanogenmod.settings.device (pid 2673): empty #17
E/Trace ( 3070): error opening trace file: No such file or directory (2)
I/ActivityManager( 2202): No longer want com.cyanogenmod.updater (pid 2713): empty #17
D/Finsky ( 3035): [1] 2.run: Loaded library for account: [zZIs64huWCYJ2_f73NQXVxjssZQ]
D/Finsky ( 3035): [1] 2.run: Finished loading 1 libraries.
D/ActivityThread( 3070): Loading provider com.android.gmail.ui: com.google.android.gm.provider.UiProvider
I/ActivityManager( 2202): Start proc com.google.android.googlequicksearchbox for broadcast com.google.android.googlequicksearchbox/com.google.android.apps.sidekick.StartUpReceiver: pid=3094 uid=10037 gids={50037, 3003, 1028, 1007, 3002, 1015, 1006}
E/Trace ( 3094): error opening trace file: No such file or directory (2)
I/ActivityManager( 2202): No longer want com.android.deskclock (pid 2750): empty #17
W/GAV2 ( 3094): Thread[main,5,main]: Connection to service failed 1
W/ActivityManager( 2202): Unable to start service Intent { act=com.google.android.gms.analytics.service.START (has extras) } U=0: not found
W/GAV2 ( 3094): Thread[main,5,main]: Need to call initialize() and be in fallback mode to start dispatch.
D/BluetoothAdapter( 2602): 1087967096: getState() : mService = null. Returning STATE_OFF
D/BluetoothAdapter( 2602): 1087967096: getState() : mService = null. Returning STATE_OFF
I/GLSUser ( 3001): GLS error: NetworkError teignat@gmail.com oauth2:https://www.googleapis.com/auth/personal_derived_data https://www.googleapis.com/auth/paths.notifications
W/Search.LoginHelper( 3094): IO error: java.io.IOException
I/ActivityManager( 2202): Start proc com.google.android.music:main for broadcast com.google.android.music/.store.MediaStoreImportService$Receiver: pid=3128 uid=10067 gids={50067, 3003, 1015, 1028}
E/Trace ( 3128): error opening trace file: No such file or directory (2)
I/GLSUser ( 3001): GLS error: NetworkError teignat@gmail.com oauth2:https://www.googleapis.com/auth/personal_derived_data https://www.googleapis.com/auth/paths.notifications
W/Search.LoginHelper( 3094): IO error: java.io.IOException
D/dalvikvm( 2202): GC_EXPLICIT freed 630K, 19% free 6919K/8524K, paused 2ms+4ms, total 112ms
I/MusicStore( 3128): Database version: 50
I/GLSUser ( 3001): GLS error: NetworkError teignat@gmail.com oauth2:https://www.googleapis.com/auth/webhistory
W/Search.LoginHelper( 3094): IO error: java.io.IOException
I/Gmail ( 3070): calculateUnknownSyncRationalesAndPurgeInBackground: queueing
I/ActivityManager( 2202): Start proc com.android.calendar for broadcast com.android.calendar/.alerts.AlertReceiver: pid=3152 uid=10010 gids={50010, 3003, 1028}
I/ActivityManager( 2202): No longer want com.android.providers.calendar (pid 2731): empty #17
D/dalvikvm( 2429): GC_CONCURRENT freed 2781K, 41% free 4565K/7696K, paused 11ms+7ms, total 53ms
E/Trace ( 3152): error opening trace file: No such file or directory (2)
D/AlertReceiver( 3152): onReceive: a=android.intent.action.PROVIDER_CHANGED Intent { act=android.intent.action.PROVIDER_CHANGED dat=content://com.android.calendar flg=0x10 cmp=com.android.calendar/.alerts.AlertReceiver }
D/AlertService( 3152): 0 Action = android.intent.action.PROVIDER_CHANGED
D/AlertService( 3152): Beginning updateAlertNotification
I/ActivityManager( 2202): Start proc com.android.providers.calendar for content provider com.android.providers.calendar/.CalendarProvider2: pid=3176 uid=10011 gids={50011, 3003, 1015, 1028}
I/talk ( 2863): onMcsConnectionStarted
I/Recovery( 2985): Received: Intent { act=com.google.android.gms.INITIALIZE flg=0x10 pkg=com.google.android.gms cmp=com.google.android.gms/.recovery.AccountRecoveryService$Receiver }
I/Recovery( 2985): Received: Intent { act=com.google.android.gms.INITIALIZE flg=0x10 pkg=com.google.android.gms cmp=com.google.android.gms/.recovery.AccountRecoveryService$Receiver }
E/Trace ( 3176): error opening trace file: No such file or directory (2)
I/Recovery( 2985): Received: Intent { act=com.google.android.gms.INITIALIZE flg=0x10 pkg=com.google.android.gms cmp=com.google.android.gms/.recovery.AccountRecoveryService$Receiver }
I/Gmail ( 3070): calculateUnknownSyncRationalesAndPurgeInBackground: queueing
I/Gmail ( 3070): Sending notification intent: Intent { act=com.android.mail.action.update_notification typ=application/gmail-ls (has extras) }
I/ActivityManager( 2202): No longer want com.android.mms (pid 2837): empty #17
D/CountryDetector( 2202): No listener is left
D/AlertService( 3152): No fired or scheduled alerts
I/Gmail ( 3070): Sending notification intent: Intent { act=com.android.mail.action.update_notification typ=application/gmail-ls (has extras) }
I/ActivityManager( 2202): No longer want com.android.exchange (pid 2790): empty #17
I/Gmail ( 3070): calculateUnknownSyncRationalesAndPurgeInBackground: running
D/MediaProvider( 2364): object removed 1020
I/Gmail ( 3070): calculateUnknownSyncRationalesAndPurgeInBackground: running
D/MediaProvider( 2364): object removed 1021
D/MediaProvider( 2364): object removed 1022
D/MediaProvider( 2364): object removed 1023
D/MediaProvider( 2364): object removed 1024
I/ActivityManager( 2202): No longer want com.android.email (pid 2771): empty #17
D/MediaProvider( 2364): object removed 1025
D/Volley ( 3035): [110] DiskBasedCache.clear: Cache cleared.
D/MediaProvider( 2364): object removed 1026
D/MediaProvider( 2364): object removed 1027
D/MediaProvider( 2364): object removed 1028
D/MediaProvider( 2364): object removed 1029
D/MediaProvider( 2364): object removed 1030
D/MediaProvider( 2364): object removed 1031
D/MediaProvider( 2364): object removed 1032
D/MediaProvider( 2364): object removed 1033
D/MediaProvider( 2364): object removed 1034
D/MediaProvider( 2364): object removed 1035
D/MediaProvider( 2364): object removed 1036
D/MediaProvider( 2364): object removed 1037
D/MediaProvider( 2364): object removed 1038
D/MediaProvider( 2364): object removed 1039
D/MediaProvider( 2364): object removed 1040
D/MediaProvider( 2364): object removed 1041
D/MediaProvider( 2364): object removed 1042
D/MediaProvider( 2364): object removed 1043
D/MediaProvider( 2364): object removed 1044
D/MediaProvider( 2364): object removed 1045
D/MediaProvider( 2364): object removed 1046
D/MediaProvider( 2364): object removed 1047
D/MediaProvider( 2364): object removed 1048
D/MediaProvider( 2364): object removed 1049
D/MediaProvider( 2364): object removed 1050
D/MediaProvider( 2364): object removed 1051
D/MediaProvider( 2364): object removed 1052
D/MediaProvider( 2364): object removed 1053
D/MediaProvider( 2364): object removed 1054
D/MediaProvider( 2364): object removed 1055
D/MediaProvider( 2364): object removed 1056
D/MediaProvider( 2364): object removed 1057
D/MediaProvider( 2364): object removed 1058
D/MediaProvider( 2364): object removed 1059
D/MediaProvider( 2364): object removed 1060
D/MediaProvider( 2364): object removed 1061
D/MediaProvider( 2364): object removed 1062
D/MediaProvider( 2364): object removed 1063
D/MediaProvider( 2364): object removed 1064
D/MediaProvider( 2364): object removed 1065
D/MediaProvider( 2364): object removed 1066
D/MediaProvider( 2364): object removed 1067
D/MediaProvider( 2364): object removed 1068
D/MediaProvider( 2364): object removed 1069
D/MediaProvider( 2364): object removed 1070
D/MediaProvider( 2364): object removed 1071
D/MediaProvider( 2364): object removed 1072
D/MediaProvider( 2364): object removed 1073
D/MediaProvider( 2364): object removed 1074
D/MediaProvider( 2364): object removed 1075
D/MediaProvider( 2364): object removed 1076
D/MediaProvider( 2364): object removed 1077
D/MediaProvider( 2364): object removed 1078
D/MediaProvider( 2364): object removed 1079
D/MediaProvider( 2364): object removed 1080
D/MediaProvider( 2364): object removed 1081
D/MediaProvider( 2364): object removed 1082
D/MediaProvider( 2364): object removed 1083
D/MediaProvider( 2364): object removed 1084
D/MediaProvider( 2364): object removed 1085
D/MediaProvider( 2364): object removed 1086
D/MediaProvider( 2364): object removed 1087
D/MediaProvider( 2364): object removed 1088
D/MediaProvider( 2364): object removed 1089
D/MediaProvider( 2364): object removed 1090
D/MediaProvider( 2364): object removed 1091
D/MediaProvider( 2364): object removed 1092
D/MediaProvider( 2364): object removed 1093
D/MediaProvider( 2364): object removed 1094
D/MediaProvider( 2364): object removed 1095
D/MediaProvider( 2364): object removed 1096
D/MediaProvider( 2364): object removed 1097
D/MediaProvider( 2364): object removed 1098
D/MediaProvider( 2364): object removed 1099
D/MediaProvider( 2364): object removed 1100
D/MediaProvider( 2364): object removed 1101
D/MediaProvider( 2364): object removed 1102
D/MediaProvider( 2364): object removed 1103
D/MediaProvider( 2364): object removed 1104
D/MediaProvider( 2364): object removed 1105
D/MediaProvider( 2364): object removed 1106
I/GAV2 ( 3094): Thread[GAThread,5,main]: No campaign data found.
D/MediaProvider( 2364): object removed 1107
D/MediaProvider( 2364): object removed 1108
D/MediaProvider( 2364): object removed 1109
D/MediaProvider( 2364): object removed 1110
D/MediaProvider( 2364): object removed 1111
D/MediaProvider( 2364): object removed 1112
D/MediaProvider( 2364): object removed 1113
D/MediaProvider( 2364): object removed 1114
D/MediaProvider( 2364): object removed 1115
D/MediaProvider( 2364): object removed 1116
D/MediaProvider( 2364): object removed 1117
D/MediaProvider( 2364): object removed 1118
D/MediaProvider( 2364): object removed 1119
D/MediaProvider( 2364): object removed 1120
I/CalendarProvider2( 3176): Sending notification intent: Intent { act=android.intent.action.PROVIDER_CHANGED dat=content://com.android.calendar }
W/ContentResolver( 3176): Failed to get type for: content://com.android.calendar (Unknown URL content://com.android.calendar)
D/dalvikvm( 2202): GC_FOR_ALLOC freed 443K, 18% free 7066K/8524K, paused 61ms, total 64ms
I/dalvikvm-heap( 2202): Grow heap (frag case) to 8.253MB for 635812-byte allocation
D/AlertReceiver( 3152): onReceive: a=android.intent.action.PROVIDER_CHANGED Intent { act=android.intent.action.PROVIDER_CHANGED dat=content://com.android.calendar flg=0x10 cmp=com.android.calendar/.alerts.AlertReceiver }
D/AlertService( 3152): 0 Action = android.intent.action.PROVIDER_CHANGED
D/AlertService( 3152): Beginning updateAlertNotification
D/PhoneInterfaceManager( 2414): wait for done
D/PhoneStatusBar( 2304): disable: < expand icons alerts ticker system_info back* home* RECENT clock search > D/gps_sirf( 2202): GSD4t Firmware Upload Done
D/AlertService( 3152): No fired or scheduled alerts
D/PhoneInterfaceManager( 2414): SUPPLY_PIN_COMPLETE
D/PhoneInterfaceManager( 2414): done
I/ActivityManager( 2202): No longer want com.android.voicedialer (pid 2898): empty #17
D/CAT ( 2414): CatService: ril message arrived
D/CAT ( 2414): CommandParamsFactory: process SelectItem
D/CAT ( 2414): CatService: SET_UP_MENU
D/CAT ( 2414): CatService: encodeOptionalTags() Unsupported Cmd details=CmdDetails: compRequired=true commandNumber=1 typeOfCommand=37 commandQualifier=0
D/CAT ( 2414): StkAppService: SET_UP_MENU
D/CAT ( 2414): StkAppService: Install App
D/dalvikvm( 2202): GC_CONCURRENT freed 412K, 15% free 7785K/9148K, paused 6ms+12ms, total 88ms
D/dalvikvm( 2202): WAIT_FOR_CONCURRENT_GC blocked 34ms
D/CAT ( 2414): CatService: Return current sInstance
D/CAT ( 2414): CatService: SIM ready. Reporting STK service running now...
D/CAT ( 2414): CatService: ril message arrived
D/CAT ( 2414): CatService: SESSION END
D/dalvikvm( 2202): GC_FOR_ALLOC freed 441K, 12% free 8319K/9356K, paused 63ms, total 63ms
V/TAG ( 2202): bug 7643792: fitSystemWindows([0,38][0,0])
D/PhoneStatusBar( 2304): disable: < expand icons alerts ticker system_info back home recent* clock search > D/PhoneStatusBar( 2304): disable: < expand icons alerts ticker system_info BACK* HOME* recent clock search > D/PhoneStatusBar( 2304): disable: < expand icons alerts ticker system_info BACK HOME recent CLOCK* search > D/PhoneStatusBar( 2304): disable: < expand icons alerts ticker system_info back* home* recent clock* search > V/TAG ( 2202): bug 7643792: fitSystemWindows([0,38][0,0])
D/MccTable( 2414): updateMccMncConfiguration: mcc=208, mnc=1
D/TelephonyManager( 2414): getLteOnCdmaMode=0 curVal=-1 product_type='' lteOnCdmaProductType=''
D/MccTable( 2414): locale set to fr_fr
D/MccTable( 2414): WIFI_COUNTRY_CODE set to fr
I/WifiService( 2202): WifiService trying to set country code to fr with persist set to true
I/ActivityManager( 2202): Config changes=1403 {1.0 208mcc1mnc en_GB ldltr sw320dp w320dp h508dp 240dpi nrml long port finger -keyb/v/h -nav/h s.6 themeResource=null}
I/PCKeyboard( 2382): onConfigurationChanged()
D/BluetoothAdapter( 2304): 1089108296: getState() : mService = null. Returning STATE_OFF
D/SizeAdaptiveLayout( 2304): com.android.internal.widget.SizeAdaptiveLayout{40de0f50 V.E..... ......ID 0,0-480,96 #7f090072 app:id/adaptive}child view android.widget.FrameLayout{41135650 V.E..... ......ID 0,0-480,96 #1020324 android:id/status_bar_latest_event_content} measured out of bounds at 95px clamped to 96px
D/dalvikvm( 2202): GC_FOR_ALLOC freed 467K, 10% free 8618K/9564K, paused 105ms, total 105ms
I/dalvikvm-heap( 2202): Grow heap (frag case) to 11.139MB for 2073616-byte allocation
D/Trebuchet.LauncherModel( 2429): Reload apps on config change. curr_mcc:208 prevmcc:0
D/dalvikvm( 2202): GC_CONCURRENT freed 537K, 13% free 10114K/11592K, paused 3ms+5ms, total 83ms
D/dalvikvm( 2429): GC_CONCURRENT freed 570K, 39% free 4739K/7696K, paused 3ms+24ms, total 91ms
D/dalvikvm( 2429): WAIT_FOR_CONCURRENT_GC blocked 46ms
D/dalvikvm( 2304): GC_FOR_ALLOC freed 2110K, 32% free 6688K/9724K, paused 25ms, total 71ms
I/dalvikvm-heap( 2304): Grow heap (frag case) to 9.250MB for 2073616-byte allocation
D/dalvikvm( 2304): GC_CONCURRENT freed 11K, 11% free 8702K/9724K, paused 12ms+5ms, total 51ms
D/dalvikvm( 2429): GC_CONCURRENT freed 807K, 40% free 4687K/7696K, paused 2ms+36ms, total 74ms
D/dalvikvm( 2364): GC_CONCURRENT freed 521K, 67% free 2580K/7696K, paused 3ms+3ms, total 29ms
D/MediaProvider( 2364): object removed 1121
D/MediaProvider( 2364): object removed 1122
D/MediaProvider( 2364): object removed 1123
D/MediaProvider( 2364): object removed 1124
D/MediaProvider( 2364): object removed 1125
D/MediaProvider( 2364): object removed 1126
D/MediaProvider( 2364): object removed 1127
D/MediaProvider( 2364): object removed 1128
D/MediaProvider( 2364): object removed 1129
D/MediaProvider( 2364): object removed 1130
D/MediaProvider( 2364): object removed 1131
D/MediaProvider( 2364): object removed 1132
D/MediaProvider( 2364): object removed 1133
D/MediaProvider( 2364): object removed 1134
D/MediaProvider( 2364): object removed 1135
D/MediaProvider( 2364): object removed 1136
D/MediaProvider( 2364): object removed 1137
D/MediaProvider( 2364): object removed 1138
D/MediaProvider( 2364): object removed 1139
D/MediaProvider( 2364): object removed 1140
D/MediaProvider( 2364): object removed 1141
D/MediaProvider( 2364): object removed 1142
D/MediaProvider( 2364): object removed 1143
D/MediaProvider( 2364): object removed 1144
D/MediaProvider( 2364): object removed 1145
D/MediaProvider( 2364): object removed 1146
D/MediaProvider( 2364): object removed 1147
D/MediaProvider( 2364): object removed 1148
D/MediaProvider( 2364): object removed 1149
D/MediaProvider( 2364): object removed 1150
D/MediaProvider( 2364): object removed 1151
D/MediaProvider( 2364): object removed 1152
D/dalvikvm( 2429): GC_CONCURRENT freed 239K, 34% free 5145K/7696K, paused 8ms+3ms, total 30ms
D/MediaProvider( 2364): object removed 1153
D/MediaProvider( 2364): object removed 1154
D/MediaProvider( 2364): object removed 1155
D/MediaProvider( 2364): object removed 1156
D/MediaProvider( 2364): object removed 1157
D/MediaProvider( 2364): object removed 1158
D/MediaProvider( 2364): object removed 1159
D/MediaProvider( 2364): object removed 1160
D/MediaProvider( 2364): object removed 1161
D/MediaProvider( 2364): object removed 1162
D/MediaProvider( 2364): object removed 1163
D/MediaProvider( 2364): object removed 1164
D/MediaProvider( 2364): object removed 1165
D/MediaProvider( 2364): object removed 1166
D/MediaProvider( 2364): object removed 1167
D/MediaProvider( 2364): object removed 1168
D/MediaProvider( 2364): object removed 1169
D/MediaProvider( 2364): object removed 1170
D/dalvikvm( 2429): GC_CONCURRENT freed 522K, 30% free 5434K/7696K, paused 2ms+2ms, total 18ms
D/MediaProvider( 2364): object removed 1171
D/MediaProvider( 2364): object removed 1172
D/MediaProvider( 2364): object removed 1173
D/MediaProvider( 2364): object removed 1174
D/MediaProvider( 2364): object removed 1175
D/MediaProvider( 2364): object removed 1176
D/MediaProvider( 2364): object removed 1177
D/MediaProvider( 2364): object removed 1178
D/dalvikvm( 2543): GC_CONCURRENT freed 365K, 64% free 2772K/7696K, paused 4ms+2ms, total 20ms
D/MediaProvider( 2364): object removed 1179
D/MediaProvider( 2364): object removed 1180
D/MediaProvider( 2364): object removed 1181
D/MediaProvider( 2364): object removed 1182
D/MediaProvider( 2364): object removed 1183
D/MediaProvider( 2364): object removed 1184
D/MediaProvider( 2364): object removed 1185
D/MediaProvider( 2364): object removed 1186
D/MediaProvider( 2364): object removed 1187
D/MediaProvider( 2364): object removed 1188
D/MediaProvider( 2364): object removed 1189
W/GAV2 ( 3094): Thread[Service Reconnect,5,main]: Connection to service failed 1
W/ActivityManager( 2202): Unable to start service Intent { act=com.google.android.gms.analytics.service.START (has extras) } U=0: not found
D/MediaProvider( 2364): object removed 1190
D/MediaProvider( 2364): object removed 1191
D/MediaProvider( 2364): object removed 1192
D/MediaProvider( 2364): object removed 1193
D/MediaProvider( 2364): object removed 1194
D/MediaProvider( 2364): object removed 1195
D/MediaProvider( 2364): object removed 1196
D/MediaProvider( 2364): object removed 1197
D/MediaProvider( 2364): object removed 1198
D/MediaProvider( 2364): object removed 1199
D/MediaProvider( 2364): object removed 1200
D/MediaProvider( 2364): object removed 1201
D/MediaProvider( 2364): object removed 1202
D/MediaProvider( 2364): object removed 1203
D/MediaProvider( 2364): object removed 1204
D/MediaProvider( 2364): object removed 1205
D/MediaProvider( 2364): object removed 1206
D/MediaProvider( 2364): object removed 1207
D/MediaProvider( 2364): object removed 1208
