--------- beginning of /dev/log/main
I/installd( 1853): installd firing up
I/DEBUG ( 1847): debuggerd: Mar 12 2013 02:08:08 --------- beginning of /dev/log/system
I/Vold ( 1845): Vold 2.1 (the revenge) firing up
I/Netd ( 1846): Netd 1.0 starting
W/InterfaceController( 1846): Error (Symbol not found: ) while searching for the interface command fini function
D/Vold ( 1845): Volume sdcard0 state changing -1 (Initializing) -> 0 (No-Media)
D/Vold ( 1845): Volume sdcard1 state changing -1 (Initializing) -> 0 (No-Media)
D/Vold ( 1845): Volume usbdisk0 state changing -1 (Initializing) -> 0 (No-Media)
D/Vold ( 1845): Volume sdcard0 state changing 0 (No-Media) -> 2 (Pending)
D/DirectVolume( 1845): DirectVolume::handlePartitionAdded -> MAJOR 179, MINOR 1, PARTN 1
D/DirectVolume( 1845): DirectVolume::handlePartitionAdded -> MAJOR 179, MINOR 2, PARTN 2
D/DirectVolume( 1845): DirectVolume::handlePartitionAdded -> MAJOR 179, MINOR 3, PARTN 3
D/DirectVolume( 1845): DirectVolume::handlePartitionAdded -> MAJOR 179, MINOR 4, PARTN 4
D/DirectVolume( 1845): DirectVolume::handlePartitionAdded -> MAJOR 179, MINOR 5, PARTN 5
D/DirectVolume( 1845): DirectVolume::handlePartitionAdded -> MAJOR 179, MINOR 6, PARTN 6
D/DirectVolume( 1845): DirectVolume::handlePartitionAdded -> MAJOR 179, MINOR 7, PARTN 7
D/Vold ( 1845): Volume sdcard0 state changing 2 (Pending) -> 1 (Idle-Unmounted)
D/DirectVolume( 1845): DirectVolume::handlePartitionAdded -> MAJOR 259, MINOR 0, PARTN 8
E/DirectVolume( 1845): Partition '/devices/platform/dw_mmc/mmc_host/mmc0/mmc0:0001/block/mmcblk0/mmcblk0p8' has a different major than its disk!
W/Vold ( 1845): Duplicate state (1)
D/DirectVolume( 1845): DirectVolume::handlePartitionAdded -> MAJOR 259, MINOR 1, PARTN 9
E/DirectVolume( 1845): Partition '/devices/platform/dw_mmc/mmc_host/mmc0/mmc0:0001/block/mmcblk0/mmcblk0p9' has a different major than its disk!
W/Vold ( 1845): Duplicate state (1)
D/DirectVolume( 1845): DirectVolume::handlePartitionAdded -> MAJOR 259, MINOR 2, PARTN 10
E/DirectVolume( 1845): Partition '/devices/platform/dw_mmc/mmc_host/mmc0/mmc0:0001/block/mmcblk0/mmcblk0p10' has a different major than its disk!
W/Vold ( 1845): Duplicate state (1)
D/DirectVolume( 1845): DirectVolume::handlePartitionAdded -> MAJOR 259, MINOR 3, PARTN 11
E/DirectVolume( 1845): Partition '/devices/platform/dw_mmc/mmc_host/mmc0/mmc0:0001/block/mmcblk0/mmcblk0p11' has a different major than its disk!
W/Vold ( 1845): Duplicate state (1)
D/DirectVolume( 1845): DirectVolume::handlePartitionAdded -> MAJOR 259, MINOR 4, PARTN 12
E/DirectVolume( 1845): Partition '/devices/platform/dw_mmc/mmc_host/mmc0/mmc0:0001/block/mmcblk0/mmcblk0p12' has a different major than its disk!
W/Vold ( 1845): Duplicate state (1)
W/Vold ( 1845): Duplicate state (1)
W/Vold ( 1845): Duplicate state (1)
W/Vold ( 1845): Duplicate state (1)
W/Vold ( 1845): Duplicate state (1)
D/Vold ( 1845): Volume sdcard1 state changing 0 (No-Media) -> 2 (Pending)
D/DirectVolume( 1845): DirectVolume::handlePartitionAdded -> MAJOR 179, MINOR 25, PARTN 1
D/Vold ( 1845): Volume sdcard1 state changing 2 (Pending) -> 1 (Idle-Unmounted)
I/SurfaceFlinger( 1849): SurfaceFlinger is starting
I/SurfaceFlinger( 1849): SurfaceFlinger's main thread ready to run. Initializing graphics H/W...
D/libEGL ( 1849): loaded /system/lib/egl/libEGL_mali.so
I/cm ( 1920): ____ _ _ ____ _ _ ____ ____ ____ _ _ _ _ ____ ___
I/cm ( 1927): | \_/ |__| |\ | | | | __ |___ |\ | |\/| | | | \
D/libEGL ( 1849): loaded /system/lib/egl/libGLESv1_CM_mali.so
I/cm ( 1933): |___ | | | | \| |__| |__] |___ | \| | | |__| |__/
D/libEGL ( 1849): loaded /system/lib/egl/libGLESv2_mali.so
E/ ( 1849): Device driver API match
E/ ( 1849): Device driver API version: 17
E/ ( 1849): User space API version: 17
E/ ( 1849): mali: REVISION=Linux-r3p1-01rel1 BUILD_DATE=Thu Jan 24 17:16:14 KST 2013
I/cm ( 1945): Welcome to Android 4.2.2 / CyanogenMod-10.1-20130312-NIGHTLY-i9100
I/gralloc ( 1849): using (fd=21)
I/gralloc ( 1849): id = s3cfb
I/gralloc ( 1849): xres = 480 px
I/gralloc ( 1849): yres = 800 px
I/gralloc ( 1849): xres_virtual = 480 px
I/gralloc ( 1849): yres_virtual = 1600 px
I/gralloc ( 1849): bpp = 32
I/gralloc ( 1849): r = 16:8
I/gralloc ( 1849): g = 8:8
I/gralloc ( 1849): b = 0:8
I/gralloc ( 1849): width = 56 mm (217.714279 dpi)
I/gralloc ( 1849): height = 93 mm (218.494629 dpi)
I/gralloc ( 1849): refresh rate = 60.38 Hz
I/SurfaceFlinger( 1849): Using composer version 1.0
W/SurfaceFlinger( 1849): getting VSYNC period from fb HAL: 16561226
W/SurfaceFlinger( 1849): no suitable EGLConfig found, trying without EGL_FRAMEBUFFER_TARGET_ANDROID
E/Trace ( 1849): error opening trace file: No such file or directory (2)
W/SurfaceFlinger( 1849): WARNING: EventThread not started, ignoring vsync
I/SurfaceFlinger( 1849): EGL informations:
I/SurfaceFlinger( 1849): vendor : Android
I/SurfaceFlinger( 1849): version : 1.4 Android META-EGL
I/SurfaceFlinger( 1849): extensions: EGL_KHR_image EGL_KHR_image_base EGL_KHR_image_pixmap EGL_KHR_gl_texture_2D_image EGL_KHR_gl_texture_cubemap_image EGL_KHR_gl_renderbuffer_image EGL_KHR_fence_sync EGL_ANDROID_image_native_buffer
I/SurfaceFlinger( 1849): Client API: OpenGL_ES
I/SurfaceFlinger( 1849): EGLSurface: 8-8-8-8, config=0x60000014
I/SurfaceFlinger( 1849): OpenGL ES informations:
I/SurfaceFlinger( 1849): vendor : ARM
I/SurfaceFlinger( 1849): renderer : Mali-400 MP
I/SurfaceFlinger( 1849): version : OpenGL ES-CM 1.1
I/SurfaceFlinger( 1849): extensions: GL_EXT_debug_marker GL_OES_byte_coordinates GL_OES_fixed_point GL_OES_single_precision GL_OES_matrix_get GL_OES_read_format GL_OES_compressed_paletted_texture GL_OES_point_size_array GL_OES_point_sprite GL_OES_texture_npot GL_OES_query_matrix GL_OES_matrix_palette GL_OES_extended_matrix_palette GL_OES_compressed_ETC1_RGB8_texture GL_OES_EGL_image GL_OES_draw_texture GL_OES_depth_texture GL_OES_packed_depth_stencil GL_EXT_texture_format_BGRA8888 GL_OES_framebuffer_object GL_OES_stencil8 GL_OES_depth24 GL_ARM_rgba8 GL_OES_EGL_image_external GL_OES_EGL_sync GL_OES_rgb8_rgba8 GL_EXT_multisampled_render_to_texture GL_OES_texture_cube_map GL_EXT_discard_framebuffer GL_EXT_robustness
I/SurfaceFlinger( 1849): GL_MAX_TEXTURE_SIZE = 4096
I/SurfaceFlinger( 1849): GL_MAX_VIEWPORT_DIMS = 4096 x 4096
D/SurfaceFlinger( 1849): Screen acquired, type=0 flinger=0x41b7c318
D/libEGL ( 1974): loaded /system/lib/egl/libEGL_mali.so
D/libEGL ( 1974): loaded /system/lib/egl/libGLESv1_CM_mali.so
D/AndroidRuntime( 1850):
D/AndroidRuntime( 1850): >>>>>> AndroidRuntime START com.android.internal.os.ZygoteInit <<<<<<
D/AndroidRuntime( 1850): CheckJNI is OFF
D/libEGL ( 1974): loaded /system/lib/egl/libGLESv2_mali.so
E/ ( 1974): Device driver API match
E/ ( 1974): Device driver API version: 17
E/ ( 1974): User space API version: 17
E/ ( 1974): mali: REVISION=Linux-r3p1-01rel1 BUILD_DATE=Thu Jan 24 17:16:14 KST 2013
E/Trace ( 1974): error opening trace file: No such file or directory (2)
I/mediaserver( 1852): ServiceManager: 0x412a8e30
I/AudioFlinger( 1852): Using default 3000 mSec as standby time.
E/MediaPlayerFactory( 1852): Failed to open FACTORY_LIB Error : Cannot load library: load_library(linker.cpp:747): library "libdashplayer.so" not found
I/CameraService( 1852): CameraService started (pid=1852)
D/exynos_camera( 1852): exynos_camera_get_number_of_cameras()
I/AudioPolicyManagerBase( 1852): loadAudioPolicyConfig() loaded /system/etc/audio_policy.conf
D/TinyALSA-Audio Hardware( 1852): audio_hw_open(0x4009c004, audio_hw_if, 0xbef2da48)++
D/Yamaha-MC1N2-Audio( 1852): yamaha_mc1n2_audio_start(galaxys2)
D/Yamaha-MC1N2-Audio( 1852): Found 1 registered platforms
D/TinyALSA-Audio Mixer( 1852): tinyalsa_mixer_open(0xbef2da1c, /system/etc/tinyalsa-audio.xml)
D/TinyALSA-Audio Mixer( 1852): Parsing config for device: Galaxy S2
D/TinyALSA-Audio Hardware( 1852): audio_hw_open(0x4009c004, audio_hw_if, 0xbef2da48)--
D/TinyALSA-Audio Hardware( 1852): audio_hw_init_check(0x412a9a68)
D/TinyALSA-Audio Hardware( 1852): audio_hw_set_master_volume(0x412a9a68, 1.000000)++
D/TinyALSA-Audio Mixer( 1852): tinyalsa_mixer_set_master_volume(0x412a9b18, 1.000000)
D/TinyALSA-Audio Mixer( 1852): tinyalsa_mixer_set_device_volume_with_attr(direction=0, device=1073741824, attr=master-volume, volume=1.000000)++
E/TinyALSA-Audio Mixer( 1852): Unable to set device for the asked direction: state is 0
D/TinyALSA-Audio Hardware( 1852): audio_hw_set_master_volume(0x412a9a68, 1.000000)--
I/AudioFlinger( 1852): loadHwModule() Loaded primary audio interface from TinyALSA-Audio (audio) handle 1
D/TinyALSA-Audio Output( 1852): audio_hw_open_output_stream(0x412a9a68, 2, 0xbef2da24, 0xbef2da0c)
D/TinyALSA-Audio Mixer( 1852): tinyalsa_mixer_get_output_props(0x412a9b18)
D/TinyALSA-Audio Mixer( 1852): tinyalsa_mixer_set_output_state(1)
D/TinyALSA-Audio Mixer( 1852): tinyalsa_mixer_set_state(direction=0, state=1)++
D/TinyALSA-Audio Mixer( 1852): Setting AD Digital Volume to 75
D/TinyALSA-Audio Mixer( 1852): Setting AD Digital Switch to on
D/TinyALSA-Audio Mixer( 1852): Setting AENG6 Volume to 75
D/TinyALSA-Audio Mixer( 1852): Setting AENG6 Switch to on
D/TinyALSA-Audio Mixer( 1852): Setting DIR#0 Volume to 75
D/TinyALSA-Audio Mixer( 1852): Setting DIR#0 Switch to on
D/TinyALSA-Audio Mixer( 1852): Setting DIR#1 Volume to 75
D/dalvikvm( 1850): Trying to load lib libjavacore.so 0x0
D/TinyALSA-Audio Mixer( 1852): Setting DIR#1 Switch to on
D/TinyALSA-Audio Mixer( 1852): Setting DIR#2 Volume to 75
D/TinyALSA-Audio Mixer( 1852): Setting DIR#2 Switch to on
D/TinyALSA-Audio Mixer( 1852): Setting DIR#0 ATT Volume to 75
D/TinyALSA-Audio Mixer( 1852): Setting DIR#0 ATT Switch to on
D/TinyALSA-Audio Mixer( 1852): Setting DIR#1 ATT Volume to 75
D/TinyALSA-Audio Mixer( 1852): Setting DIR#1 ATT Switch to on
D/dalvikvm( 1850): Added shared lib libjavacore.so 0x0
D/TinyALSA-Audio Mixer( 1852): Setting DIR#2 ATT Volume to 75
D/TinyALSA-Audio Mixer( 1852): Setting DIR#2 ATT Switch to on
D/TinyALSA-Audio Mixer( 1852): Setting Master Playback Volume to 75
D/TinyALSA-Audio Mixer( 1852): Setting Master Playback Switch to on
D/TinyALSA-Audio Mixer( 1852): Setting DAC Playback Volume to 75
D/TinyALSA-Audio Mixer( 1852): Setting DAC Playback Switch to on
D/TinyALSA-Audio Mixer( 1852): Setting DIT#0 Capture Volume to 75
D/TinyALSA-Audio Mixer( 1852): Setting DIT#0 Capture Switch to on
D/TinyALSA-Audio Mixer( 1852): Setting DIT#1 Capture Volume to 75
D/TinyALSA-Audio Mixer( 1852): Setting DIT#1 Capture Switch to on
D/TinyALSA-Audio Mixer( 1852): Setting DIT#2 Capture Volume to 75
D/TinyALSA-Audio Mixer( 1852): Setting DIT#2 Capture Switch to on
D/dalvikvm( 1850): Trying to load lib libnativehelper.so 0x0
D/dalvikvm( 1850): Added shared lib libnativehelper.so 0x0
D/TinyALSA-Audio Mixer( 1852): Setting AD Analog Volume to 19
D/TinyALSA-Audio Mixer( 1852): Setting AD Analog Switch to on
D/TinyALSA-Audio Mixer( 1852): tinyalsa_mixer_set_state(direction=0, state=1)--
D/TinyALSA-Audio Mixer( 1852): tinyalsa_mixer_set_device(2)
D/TinyALSA-Audio Mixer( 1852): tinyalsa_mixer_set_route(card=0,device=2)++
D/TinyALSA-Audio Mixer( 1852): Setting Speaker Playback Volume to 26
D/TinyALSA-Audio Mixer( 1852): Setting Speaker Playback Switch to on
D/TinyALSA-Audio Mixer( 1852): tinyalsa_mixer_set_route(card=0,device=2)--
D/Yamaha-MC1N2-Audio( 1852): yamaha_mc1n2_audio_set_route(2)
I/AudioFlinger( 1852): HAL output buffer size 1024 frames, normal mix buffer size 1024 frames
I/AudioMixer( 1852): found effect "Multichannel Downmix To Stereo" from The Android Open Source Project
D/TinyALSA-Audio Output( 1852): audio_out_get_latency(0x412acd58)
D/TinyALSA-Audio Output( 1852): audio_out_get_latency(0x412acd58)
I/AudioFlinger( 1852): Using module 1 has the primary audio interface
I/AudioFlinger( 1852): AudioFlinger's thread 0x412aebb0 ready to run
D/TinyALSA-Audio Hardware( 1852): audio_hw_set_mode(0x412a9a68, 0)++
D/TinyALSA-Audio Hardware( 1852): audio_hw_set_mode(0x412a9a68, 0)--
W/AudioFlinger( 1852): Thread AudioOut_2 cannot connect to the power manager service
D/TinyALSA-Audio Output( 1852): audio_out_standby(0x412acd58)
W/AudioFlinger( 1852): Thread AudioOut_2 cannot connect to the power manager service
D/TinyALSA-Audio Output( 1852): audio_out_set_parameters(0x412acd58, routing=2)
D/TinyALSA-Audio Hardware( 1852): audio_hw_set_voice_volume(0x412a9a68, 0.000000)++
D/TinyALSA-Audio Hardware( 1852): audio_hw_set_voice_volume(0x412a9a68, 0.000000)--
I/audio_a2dp_hw( 1852): adev_open: adev_open in A2dp_hw module
I/AudioFlinger( 1852): loadHwModule() Loaded a2dp audio interface from A2DP Audio HW HAL (audio) handle 3
I/AudioFlinger( 1852): loadHwModule() Loaded usb audio interface from USB audio HW HAL (audio) handle 4
I/AudioPolicyService( 1852): Loaded audio policy from LEGACY Audio Policy HAL (audio_policy)
D/MDnsDS ( 1846): MDnsSdListener::Hander starting up
D/MDnsDS ( 1846): MDnsSdListener starting to monitor
D/MDnsDS ( 1846): Going to poll with pollCount 1
I/SamplingProfilerIntegration( 1850): Profiling disabled.
I/Zygote ( 1850): Preloading classes...
D/dalvikvm( 1850): GC_EXPLICIT freed 36K, 9% free 427K/468K, paused 0ms+1ms, total 3ms
D/dalvikvm( 1850): GC_EXPLICIT freed 3K, 5% free 494K/520K, paused 1ms+0ms, total 4ms
D/dalvikvm( 1850): Note: class Landroid/app/ActivityManagerNative; has 157 unimplemented (abstract) methods
D/dalvikvm( 1850): GC_EXPLICIT freed 21K, 5% free 534K/560K, paused 1ms+0ms, total 13ms
D/dalvikvm( 1850): GC_EXPLICIT freed 26K, 5% free 562K/592K, paused 0ms+0ms, total 5ms
W/Zygote ( 1850): Class not found for preloading: android.bluetooth.BluetoothAudioGateway
W/Zygote ( 1850): Class not found for preloading: android.bluetooth.HeadsetBase
W/Zygote ( 1850): Class not found for preloading: undroid.content.AbstractThreadedSyncAdapter$SyncThread
D/dalvikvm( 1850): GC_EXPLICIT freed 24K, 5% free 612K/640K, paused 6ms+0ms, total 8ms
D/dalvikvm( 1850): GC_EXPLICIT freed 25K, 5% free 640K/668K, paused 1ms+0ms, total 3ms
D/dalvikvm( 1850): GC_EXPLICIT freed 61K, 8% free 742K/804K, paused 1ms+0ms, total 3ms
D/dalvikvm( 1850): GC_EXPLICIT freed 31K, 5% free 767K/804K, paused 1ms+0ms, total 6ms
D/TextLayoutCache( 1850): Using debug level = 0 - Debug Enabled = 0
I/dalvikvm( 1850): threadid=1: recursive native library load attempt (/system/lib/libmedia_jni.so)
D/MtpDeviceJNI( 1850): register_android_mtp_MtpDevice
I/dalvikvm( 1850): threadid=1: recursive native library load attempt (/system/lib/libmedia_jni.so)
I/dalvikvm( 1850): threadid=1: recursive native library load attempt (/system/lib/libmedia_jni.so)
D/dalvikvm( 1850): GC_EXPLICIT freed 23K, 4% free 809K/836K, paused 1ms+1ms, total 5ms
D/dalvikvm( 1850): GC_EXPLICIT freed 15K, 3% free 852K/872K, paused 0ms+1ms, total 5ms
D/dalvikvm( 1850): GC_FOR_ALLOC freed 223K, 17% free 1143K/1368K, paused 6ms, total 6ms
D/dalvikvm( 1850): GC_EXPLICIT freed 268K, 18% free 1289K/1564K, paused 0ms+0ms, total 7ms
D/dalvikvm( 1850): GC_EXPLICIT freed 29K, 16% free 1314K/1564K, paused 1ms+1ms, total 7ms
D/dalvikvm( 1850): GC_EXPLICIT freed 12K, 12% free 1386K/1564K, paused 1ms+1ms, total 8ms
W/Zygote ( 1850): Class not found for preloading: android.server.BluetoothA2dpService
W/Zygote ( 1850): Class not found for preloading: android.server.BluetoothEventLoop
W/Zygote ( 1850): Class not found for preloading: android.server.BluetoothService
D/TelephonyManager( 1850): No /proc/cmdline exception=java.io.FileNotFoundException: /proc/cmdline: open failed: EACCES (Permission denied)
D/TelephonyManager( 1850): /proc/cmdline=
D/dalvikvm( 1850): GC_EXPLICIT freed 29K, 10% free 1449K/1596K, paused 1ms+2ms, total 16ms
D/dalvikvm( 1850): GC_EXPLICIT freed 47K, 3% free 1730K/1780K, paused 1ms+1ms, total 15ms
W/Zygote ( 1850): Class not found for preloading: android.util.LocaleUtil
D/dalvikvm( 1850): GC_EXPLICIT freed 35K, 3% free 1764K/1808K, paused 2ms+1ms, total 14ms
D/dalvikvm( 1850): GC_EXPLICIT freed 31K, 2% free 1787K/1824K, paused 1ms+1ms, total 15ms
W/Zygote ( 1850): Class not found for preloading: android.view.ViewRootImpl$ResizedInfo
W/Zygote ( 1850): Class not found for preloading: android.view.Window$LocalWindowManager
W/Zygote ( 1850): Class not found for preloading: android.view.WindowManagerImpl$CompatModeWrapper
D/dalvikvm( 1850): GC_EXPLICIT freed 30K, 2% free 1810K/1844K, paused 1ms+3ms, total 12ms
I/dalvikvm( 1850): threadid=1: recursive native library load attempt (/system/lib/libwebcore.so)
D/dalvikvm( 1850): No JNI_OnLoad found in /system/lib/libchromium_net.so 0x0, skipping init
D/dalvikvm( 1850): GC_EXPLICIT freed 21K, 2% free 1844K/1868K, paused 2ms+1ms, total 17ms
D/dalvikvm( 1850): GC_EXPLICIT freed 26K, 2% free 1871K/1900K, paused 1ms+1ms, total 11ms
D/dalvikvm( 1850): GC_EXPLICIT freed 30K, 2% free 1902K/1936K, paused 0ms+1ms, total 10ms
D/dalvikvm( 1850): GC_EXPLICIT freed 26K, 2% free 1929K/1960K, paused 0ms+1ms, total 12ms
D/dalvikvm( 1850): GC_EXPLICIT freed 31K, 2% free 1952K/1988K, paused 1ms+1ms, total 10ms
D/dalvikvm( 1850): GC_EXPLICIT freed 28K, 2% free 1979K/2012K, paused 1ms+2ms, total 13ms
D/dalvikvm( 1850): GC_EXPLICIT freed 29K, 2% free 2005K/2036K, paused 1ms+1ms, total 11ms
D/dalvikvm( 1850): GC_EXPLICIT freed 39K, 2% free 2022K/2064K, paused 1ms+2ms, total 13ms
W/Zygote ( 1850): Class not found for preloading: java.text.DecimalFormat$1
D/dalvikvm( 1850): GC_EXPLICIT freed 41K, 3% free 2036K/2080K, paused 1ms+1ms, total 12ms
W/Zygote ( 1850): Class not found for preloading: java.util.concurrent.FutureTask$Sync
W/Zygote ( 1850): Class not found for preloading: java.util.concurrent.atomic.UnsafeAccess
W/Zygote ( 1850): Class not found for preloading: java.util.concurrent.locks.UnsafeAccess
D/dalvikvm( 1850): GC_EXPLICIT freed 41K, 3% free 2049K/2092K, paused 1ms+1ms, total 13ms
W/Zygote ( 1850): Class not found for preloading: libcore.icu.ErrorCode
I/System ( 1850): Loaded time zone names for in 152ms (149ms in ICU)
I/System ( 1850): Loaded time zone names for en_US in 101ms (97ms in ICU)
D/dalvikvm( 1850): GC_FOR_ALLOC freed 329K, 13% free 2232K/2564K, paused 15ms, total 15ms
I/System ( 1850): Loaded time zone names for en_GB in 108ms (105ms in ICU)
D/dalvikvm( 1850): GC_EXPLICIT freed 179K, 16% free 2159K/2564K, paused 1ms+2ms, total 16ms
D/dalvikvm( 1850): GC_EXPLICIT freed 15K, 14% free 2220K/2572K, paused 1ms+1ms, total 14ms
D/dalvikvm( 1850): GC_EXPLICIT freed 52K, 13% free 2252K/2572K, paused 1ms+1ms, total 14ms
D/dalvikvm( 1850): GC_EXPLICIT freed 29K, 12% free 2279K/2572K, paused 1ms+2ms, total 15ms
D/dalvikvm( 1850): GC_EXPLICIT freed 38K, 11% free 2295K/2572K, paused 1ms+1ms, total 14ms
D/dalvikvm( 1850): GC_EXPLICIT freed 32K, 10% free 2318K/2572K, paused 1ms+2ms, total 17ms
I/Zygote ( 1850): ...preloaded 2541 classes in 2106ms.
D/dalvikvm( 1850): GC_EXPLICIT freed 23K, 10% free 2323K/2576K, paused 1ms+2ms, total 14ms
I/Zygote ( 1850): Preload resources disabled, skipped.
D/dalvikvm( 1850): GC_EXPLICIT freed <1K, 10% free 2323K/2576K, paused 1ms+2ms, total 16ms
D/dalvikvm( 1850): GC_EXPLICIT freed <1K, 10% free 2323K/2576K, paused 2ms+2ms, total 19ms
D/dalvikvm( 1850): GC_EXPLICIT freed <1K, 10% free 2323K/2576K, paused 1ms+1ms, total 16ms
I/dalvikvm( 1850): System server process 2202 has been created
I/Zygote ( 1850): Accepting command socket connections
E/BatteryService( 2202): wirelessOnlinePath not found
I/sysproc ( 2202): Entered system_init()
I/sysproc ( 2202): ServiceManager: 0x5238a738
D/SensorService( 2202): nuSensorService starting...
I/AKMD2 ( 2202): open_accelerometer
I/SensorService( 2202): KR3DM 3-axis Accelerometer
I/SensorService( 2202): AK8975 3-axis Magnetic field sensor
I/SensorService( 2202): AK8973 Orientation sensor
I/SensorService( 2202): CM3663 Light sensor
I/SensorService( 2202): CM3663 Proximity sensor
I/SensorService( 2202): K3G Gyroscope sensor
I/sysproc ( 2202): System server: starting Android runtime.
I/sysproc ( 2202): System server: starting Android services.
D/SensorService( 2202): nuSensorService thread starting...
I/SystemServer( 2202): Entered the Android system server!
I/sysproc ( 2202): System server: entering thread pool.
I/SystemServer( 2202): Enabled StrictMode logging for UI Looper
I/SystemServer( 2202): Waiting for installd to be ready.
I/Installer( 2202): connecting...
I/installd( 1853): new connection
I/SystemServer( 2202): Entropy Mixer
I/SystemServer( 2202): Enabled StrictMode logging for WM Looper
I/SystemServer( 2202): Power Manager
I/SystemServer( 2202): Activity Manager
I/ActivityManager( 2202): Memory class: 48
I/ActivityManager( 2202): Enabled StrictMode logging for AThread's Looper
I/SystemServer( 2202): Display Manager
I/DisplayManagerService( 2202): Display device added: DisplayDeviceInfo{"Built-in Screen": 480 x 800, 60.382004 fps, density 240, 217.71428 x 218.49463 dpi, touch INTERNAL, FLAG_DEFAULT_DISPLAY, FLAG_ROTATES_WITH_CONTENT, FLAG_SECURE, FLAG_SUPPORTS_PROTECTED_BUFFERS, rotation 0, type BUILT_IN, address null}
I/SystemServer( 2202): Telephony Registry
I/SystemServer( 2202): Scheduling Policy
I/SystemServer( 2202): Package Manager
W/PackageParser( 2202): No actions in intent filter at /system/app/Bluetooth.apk Binary XML file line #207
W/PackageParser( 2202): No actions in intent filter at /system/app/Bluetooth.apk Binary XML file line #234
W/PackageParser( 2202): No actions in intent filter at /system/app/CMFileManager.apk Binary XML file line #136
W/PackageParser( 2202): No actions in intent filter at /system/app/Contacts.apk Binary XML file line #546
W/PackageParser( 2202): Unknown element under : permission at /system/app/Gallery2.apk Binary XML file line #220
W/PackageParser( 2202): Unknown element under : permission at /system/app/Gallery2.apk Binary XML file line #223
W/ResourceType( 2202): Failure getting entry for 0x7f040018 (t=3 e=24) in package 0 (error -75)
W/ResourceType( 2202): Failure getting entry for 0x7f040018 (t=3 e=24) in package 0 (error -75)
I/PackageManager( 2202): Package com.google.android.googlequicksearchbox at /system/app/QuickSearchBox.apk ignored: updated version 210020311 better than this 210020111
I/PackageManager( 2202): Package com.google.android.gm at /system/app/Gmail2.apk ignored: updated version 615 better than this 600
I/PackageManager( 2202): Package com.google.android.gms at /system/app/GmsCore.apk ignored: updated version 3025110 better than this 1015
I/PackageManager( 2202): Package com.android.vending at /system/app/Phonesky.apk ignored: updated version 8016014 better than this 8016010
D/PackageManager( 2202): No files in app dir /vendor/app
D/dalvikvm( 2202): GC_CONCURRENT freed 2551K, 38% free 4807K/7696K, paused 4ms+12ms, total 98ms
I/PackageManager( 2202): Time to scan packages: 4.651 seconds
W/PackageManager( 2202): Unknown permission android.permission.ADD_SYSTEM_SERVICE in package com.android.phone
W/PackageManager( 2202): Unknown permission com.android.vending.billing.IBillingAccountService.BIND2 in package com.google.android.gsf.login
W/PackageManager( 2202): Unknown permission com.google.android.gallery3d.permission.GALLERY_PROVIDER in package com.android.bluetooth
W/PackageManager( 2202): Unknown permission android.permission.MMS_PUSH in package com.android.bluetooth
W/PackageManager( 2202): Not granting permission android.permission.SEND_DOWNLOAD_COMPLETED_INTENTS to package com.android.browser (protectionLevel=2 flags=0x9be45)
W/PackageManager( 2202): Unknown permission com.google.android.gallery3d.permission.PICASA_STORE in package com.android.dreams.phototable
W/PackageManager( 2202): Unknown permission android.permission.READ_OWNER_DATA in package com.google.android.setupwizard
W/PackageManager( 2202): Unknown permission android.permission.WRITE_OWNER_DATA in package com.google.android.setupwizard
W/PackageManager( 2202): Unknown permission com.google.android.voicesearch.SHORTCUTS_ACCESS in package com.google.android.googlequicksearchbox
W/PackageManager( 2202): Unknown permission com.google.googlenav.friend.permission.OPT_IN in package com.google.android.googlequicksearchbox
W/PackageManager( 2202): Unknown permission com.google.android.apps.maps.permission.PREFETCH in package com.google.android.googlequicksearchbox
W/PackageManager( 2202): Unknown permission com.google.android.apps.googlevoice.permission.AUTO_SEND in package com.google.android.googlequicksearchbox
W/PackageManager( 2202): Unknown permission android.permission.RECORD_VIDEO in package com.alpinereplay.android
W/PackageManager( 2202): Not granting permission android.permission.ACCOUNT_MANAGER to package com.google.android.music (protectionLevel=2 flags=0x8be64)
W/PackageManager( 2202): Unknown permission com.google.android.gallery3d.permission.GALLERY_PROVIDER in package com.android.exchange
W/PackageManager( 2202): Unknown permission com.google.android.gallery3d.permission.GALLERY_PROVIDER in package com.android.email
W/PackageManager( 2202): Unknown permission com.cyanogenmod.filemanager.permissions.READ_THEME in package com.cyanogenmod.filemanager
W/PackageManager( 2202): Unknown permission com.google.android.gallery3d.permission.PICASA_STORE in package com.google.android.apps.plus
W/PackageManager( 2202): Not granting permission android.permission.SEND_DOWNLOAD_COMPLETED_INTENTS to package com.android.vending (protectionLevel=2 flags=0xabec5)
W/PackageManager( 2202): Unknown permission android.permission.ACCESS_4G_RADIO_DISABLE in package com.android.systemui
W/PackageManager( 2202): Unknown permission android.permission.ACCESS_4G_STATE in package com.android.systemui
W/PackageManager( 2202): Unknown permission android.permission.CHANGE_4G_STATE in package com.android.systemui
D/dalvikvm( 2202): GC_CONCURRENT freed 982K, 43% free 4444K/7696K, paused 1ms+3ms, total 39ms
D/dalvikvm( 2202): WAIT_FOR_CONCURRENT_GC blocked 24ms
W/PackageManager( 2202): Not granting permission android.permission.DEVICE_POWER to package com.android.deskclock (protectionLevel=2 flags=0x8be45)
W/PackageManager( 2202): Not granting permission android.permission.READ_DREAM_STATE to package com.google.android.gsf (protectionLevel=2 flags=0x83e45)
D/dalvikvm( 2202): GC_EXPLICIT freed 362K, 44% free 4358K/7696K, paused 5ms+6ms, total 75ms
I/SystemServer( 2202): User Service
I/SystemServer( 2202): Account Manager
I/SystemServer( 2202): Content Manager
I/SystemServer( 2202): System Content Providers
I/DeviceHandlerService( 2202): No device specific handler lib was defined.
I/SystemServer( 2202): Device Handler Service
I/SystemServer( 2202): Lights Service
I/SystemServer( 2202): Battery Service
I/libsuspend( 2202): Selected early suspend
I/libsuspend( 2202): Starting early suspend unblocker thread
I/SystemServer( 2202): Vibrator Service
D/PermissionCache( 1849): checking android.permission.ACCESS_SURFACE_FLINGER for uid=1000 => granted (429 us)
D/SurfaceFlinger( 1849): Screen acquired, type=0 flinger=0x41b7c318
D/SurfaceFlinger( 1849): screen was previously acquired
D/AlarmManagerService( 2202): Kernel timezone updated to -60 minutes west of GMT
I/SystemServer( 2202): Alarm Manager
I/SystemServer( 2202): Init Watchdog
I/SystemServer( 2202): Input Manager
I/InputManager( 2202): Initializing input manager, mUseDevInputEventForAudioJack=false
I/SystemServer( 2202): Window Manager
E/SEC_COMP_REGS( 1852): .
E/SEC_COMP_REGS( 1852): ..
E/SEC_COMP_REGS( 1852): libOMX.SEC.AVC.Decoder.so
E/SEC_COMP_REGS( 1852): Path & libName : /system/lib/omx/libOMX.SEC.AVC.Decoder.so
E/SEC_COMP_REGS( 1852): libOMX.SEC.AVC.Encoder.so
E/SEC_COMP_REGS( 1852): Path & libName : /system/lib/omx/libOMX.SEC.AVC.Encoder.so
E/SEC_COMP_REGS( 1852): libOMX.SEC.M4V.Decoder.so
E/SEC_COMP_REGS( 1852): Path & libName : /system/lib/omx/libOMX.SEC.M4V.Decoder.so
E/SEC_COMP_REGS( 1852): libOMX.SEC.M4V.Encoder.so
E/SEC_COMP_REGS( 1852): Path & libName : /system/lib/omx/libOMX.SEC.M4V.Encoder.so
E/SEC_COMP_REGS( 1852): libOMX.SEC.WMV.Decoder.so
E/SEC_COMP_REGS( 1852): Path & libName : /system/lib/omx/libOMX.SEC.WMV.Decoder.so
D/dalvikvm( 2202): GC_CONCURRENT freed 302K, 41% free 4568K/7696K, paused 1ms+5ms, total 63ms
D/dalvikvm( 2202): WAIT_FOR_CONCURRENT_GC blocked 34ms
E/Trace ( 1852): error opening trace file: No such file or directory (2)
D/AKMD2 ( 2202): akm_enable_sensor: Accel is enabled. (orien = 0)
I/AKMD2 ( 2202): enable_accelerometer, mEnabled = 0, enable = 1
I/InputManager( 2202): Starting input manager
I/SystemServer( 2202): Bluetooth Manager Service
D/BluetoothManagerService( 2202): Loading stored name and address
D/BluetoothManagerService( 2202): Stored bluetooth Name=chou,Address=8C:77:12:63:2B:F7
I/SystemServer( 2202): Input Method Service
D/EventHub( 2202): No input device configuration file found for device 'compass_sensor'.
W/InputMethodManagerService( 2202): Couldn't create dir.: /data/system/inputmethod
E/Trace ( 2202): error opening trace file: No such file or directory (2)
I/SystemServer( 2202): Accessibility Manager
I/ActivityManager( 2202): Config changes=15f8 {1.0 ?mcc?mnc en_GB ldltr sw320dp w320dp h508dp 240dpi nrml long port ?uimode ?night -touch -keyb/v/h -nav/h s.2 themeResource=null}
D/EventHub( 2202): No input device configuration file found for device 'light_sensor'.
I/SystemServer( 2202): Mount Service
D/MountService( 2202): got storage path: /storage/sdcard0 description: Internal storage primary: true removable: false emulated: false mtpReserve: 0 allowMassStorage: true maxFileSize: 0
D/MountService( 2202): addVolumeLocked() StorageVolume [mStorageId=0 mPath=/storage/sdcard0 mDescriptionId=17040650 mPrimary=true mRemovable=false mEmulated=false mMtpReserveSpace=0 mAllowMassStorage=true mMaxFileSize=0 mOwner=null]
D/MountService( 2202): got storage path: /storage/sdcard1 description: SD card primary: false removable: false emulated: false mtpReserve: 0 allowMassStorage: true maxFileSize: 0
D/MountService( 2202): addVolumeLocked() StorageVolume [mStorageId=0 mPath=/storage/sdcard1 mDescriptionId=17040651 mPrimary=false mRemovable=false mEmulated=false mMtpReserveSpace=0 mAllowMassStorage=true mMaxFileSize=0 mOwner=null]
D/MountService( 2202): got storage path: /storage/usbdisk0 description: USB storage primary: false removable: true emulated: false mtpReserve: 0 allowMassStorage: false maxFileSize: 0
D/MountService( 2202): addVolumeLocked() StorageVolume [mStorageId=0 mPath=/storage/usbdisk0 mDescriptionId=17040653 mPrimary=false mRemovable=true mEmulated=false mMtpReserveSpace=0 mAllowMassStorage=false mMaxFileSize=0 mOwner=null]
I/SystemServer( 2202): LockSettingsService
I/SystemServer( 2202): Device Policy
I/SystemServer( 2202): Status Bar
I/SystemServer( 2202): Clipboard Service
I/SystemServer( 2202): NetworkManagement Service
I/PackageManager( 2202): Updating external media status from unmounted to unmounted
I/SystemServer( 2202): Text Service Manager Service
I/SystemServer( 2202): NetworkStats Service
D/MountService( 2202): volume state changed for /storage/sdcard0 (null -> unmounted)
D/EventHub( 2202): No input device configuration file found for device 'proximity_sensor'.
I/PackageManager( 2202): No secure containers on sdcard
D/MountService( 2202): volume state changed for /storage/sdcard1 (null -> unmounted)
D/MountService( 2202): volume state changed for /storage/usbdisk0 (null -> removed)
W/MountService( 2202): getSecureContainerList() called when storage not mounted
I/SystemServer( 2202): NetworkPolicy Service
I/SystemServer( 2202): Wi-Fi P2pService
W/PackageManager( 2202): Unknown permission android.permission.ADD_SYSTEM_SERVICE in package com.android.phone
W/PackageManager( 2202): Unknown permission com.android.vending.billing.IBillingAccountService.BIND2 in package com.google.android.gsf.login
W/PackageManager( 2202): Unknown permission com.google.android.gallery3d.permission.GALLERY_PROVIDER in package com.android.bluetooth
W/PackageManager( 2202): Unknown permission android.permission.MMS_PUSH in package com.android.bluetooth
W/PackageManager( 2202): Not granting permission android.permission.SEND_DOWNLOAD_COMPLETED_INTENTS to package com.android.browser (protectionLevel=2 flags=0x89be45)
W/PackageManager( 2202): Unknown permission com.google.android.gallery3d.permission.PICASA_STORE in package com.android.dreams.phototable
W/PackageManager( 2202): Unknown permission android.permission.READ_OWNER_DATA in package com.google.android.setupwizard
W/PackageManager( 2202): Unknown permission android.permission.WRITE_OWNER_DATA in package com.google.android.setupwizard
W/PackageManager( 2202): Unknown permission com.google.android.voicesearch.SHORTCUTS_ACCESS in package com.google.android.googlequicksearchbox
W/PackageManager( 2202): Unknown permission com.google.googlenav.friend.permission.OPT_IN in package com.google.android.googlequicksearchbox
W/PackageManager( 2202): Unknown permission com.google.android.apps.maps.permission.PREFETCH in package com.google.android.googlequicksearchbox
W/PackageManager( 2202): Unknown permission com.google.android.apps.googlevoice.permission.AUTO_SEND in package com.google.android.googlequicksearchbox
W/PackageManager( 2202): Unknown permission android.permission.RECORD_VIDEO in package com.alpinereplay.android
W/PackageManager( 2202): Not granting permission android.permission.ACCOUNT_MANAGER to package com.google.android.music (protectionLevel=2 flags=0x88be64)
W/PackageManager( 2202): Unknown permission com.google.android.gallery3d.permission.GALLERY_PROVIDER in package com.android.exchange
W/PackageManager( 2202): Unknown permission com.google.android.gallery3d.permission.GALLERY_PROVIDER in package com.android.email
D/EventHub( 2202): No input device configuration file found for device 'gyro_sensor'.
W/PackageManager( 2202): Unknown permission com.cyanogenmod.filemanager.permissions.READ_THEME in package com.cyanogenmod.filemanager
W/PackageManager( 2202): Unknown permission com.google.android.gallery3d.permission.PICASA_STORE in package com.google.android.apps.plus
W/PackageManager( 2202): Not granting permission android.permission.SEND_DOWNLOAD_COMPLETED_INTENTS to package com.android.vending (protectionLevel=2 flags=0x8abec5)
W/PackageManager( 2202): Unknown permission android.permission.ACCESS_4G_RADIO_DISABLE in package com.android.systemui
W/PackageManager( 2202): Unknown permission android.permission.ACCESS_4G_STATE in package com.android.systemui
W/PackageManager( 2202): Unknown permission android.permission.CHANGE_4G_STATE in package com.android.systemui
W/PackageManager( 2202): Not granting permission android.permission.DEVICE_POWER to package com.android.deskclock (protectionLevel=2 flags=0x88be45)
D/EventHub( 2202): No input device configuration file found for device 'sii9234_rcp'.
I/EventHub( 2202): New device: id=5, fd=124, path='/dev/input/event3', name='sii9234_rcp', classes=0x1, configuration='', keyLayout='/system/usr/keylayout/sii9234_rcp.kl', keyCharacterMap='/system/usr/keychars/Generic.kcm', builtinKeyboard=false, usingSuspendBlockIoctl=true, usingClockIoctl=false
I/EventHub( 2202): New device: id=6, fd=125, path='/dev/input/event2', name='sec_touchscreen', classes=0x14, configuration='/system/usr/idc/sec_touchscreen.idc', keyLayout='', keyCharacterMap='', builtinKeyboard=false, usingSuspendBlockIoctl=true, usingClockIoctl=false
D/EventHub( 2202): No input device configuration file found for device 'gpio-keys'.
D/dalvikvm( 2202): GC_CONCURRENT freed 435K, 40% free 4693K/7696K, paused 2ms+3ms, total 33ms
D/dalvikvm( 2202): WAIT_FOR_CONCURRENT_GC blocked 19ms
W/PackageManager( 2202): Not granting permission android.permission.READ_DREAM_STATE to package com.google.android.gsf (protectionLevel=2 flags=0x883e45)
I/EventHub( 2202): New device: id=7, fd=126, path='/dev/input/event1', name='gpio-keys', classes=0x1, configuration='', keyLayout='/system/usr/keylayout/gpio-keys.kl', keyCharacterMap='/system/usr/keychars/Generic.kcm', builtinKeyboard=false, usingSuspendBlockIoctl=true, usingClockIoctl=false
D/EventHub( 2202): No input device configuration file found for device 'sec_touchkey'.
D/dalvikvm( 2202): WAIT_FOR_CONCURRENT_GC blocked 16ms
I/EventHub( 2202): New device: id=8, fd=128, path='/dev/input/event7', name='sec_touchkey', classes=0x1, configuration='', keyLayout='/system/usr/keylayout/sec_touchkey.kl', keyCharacterMap='/system/usr/keychars/Generic.kcm', builtinKeyboard=false, usingSuspendBlockIoctl=true, usingClockIoctl=false
D/EventHub( 2202): No input device configuration file found for device 'max8997-muic'.
I/EventHub( 2202): New device: id=9, fd=102, path='/dev/input/event0', name='max8997-muic', classes=0x1, configuration='', keyLayout='/system/usr/keylayout/max8997-muic.kl', keyCharacterMap='/system/usr/keychars/Generic.kcm', builtinKeyboard=false, usingSuspendBlockIoctl=true, usingClockIoctl=false
I/InputReader( 2202): Device added: id=-1, name='Virtual', sources=0x00000301
I/InputReader( 2202): Device added: id=9, name='max8997-muic', sources=0x00000101
I/InputReader( 2202): Device added: id=8, name='sec_touchkey', sources=0x00000101
I/InputReader( 2202): Device added: id=7, name='gpio-keys', sources=0x00000101
W/InputReader( 2202): Invalid value for touch.size.calibration: 'normalized'
I/InputReader( 2202): Touch device 'sec_touchscreen' could not query the properties of its associated display. The device will be inoperable until the display size becomes available.
I/InputReader( 2202): Device added: id=6, name='sec_touchscreen', sources=0x00001002
I/InputReader( 2202): Device added: id=5, name='sii9234_rcp', sources=0x00000101
I/ActivityManager( 2202): Config changes=1408 {1.0 ?mcc?mnc en_GB ldltr sw320dp w320dp h508dp 240dpi nrml long port ?uimode ?night finger -keyb/v/h -nav/h s.3 themeResource=null}
I/InputReader( 2202): Reconfiguring input devices. changes=0x00000004
I/InputReader( 2202): Device reconfigured: id=6, name='sec_touchscreen', size 480x800, orientation 0, mode 1, display id 0
I/SystemServer( 2202): Wi-Fi Service
E/CommandListener( 1846): Failed to open /proc/sys/net/ipv6/conf/wlan0/disable_ipv6: No such file or directory
E/WifiStateMachine( 2202): Failed to disable IPv6: java.lang.IllegalStateException: command '1 interface ipv6 wlan0 disable' failed with '400 1 Failed to change IPv6 state (No such file or directory)'
I/SystemServer( 2202): Connectivity Service
D/ConnectivityService( 2202): ConnectivityService starting up
E/ConnectivityService( 2202): Ignoring protectedNetwork 10
E/ConnectivityService( 2202): Ignoring protectedNetwork 11
E/ConnectivityService( 2202): Ignoring protectedNetwork 12
D/BluetoothTethering( 2202): startMonitoring: target: Handler (com.android.server.ConnectivityService$NetworkStateTrackerHandler) {411bee20}
D/BluetoothManagerService( 2202): Message: 20
D/BluetoothManagerService( 2202): Added callback: android.bluetooth.BluetoothAdapter$1@40fe98d8:true
D/BluetoothPan( 2202): BluetoothPan() call bindService
D/BluetoothManagerService( 2202): Message: 30
W/ContextImpl( 2202): Calling a method in the system process without a qualified user: android.app.ContextImpl.bindService:1458 android.bluetooth.BluetoothPan.:141 android.bluetooth.BluetoothAdapter.getProfileProxy:1164 android.bluetooth.BluetoothTetheringDataTracker.startMonitoring:110 com.android.server.ConnectivityService.:528
D/BluetoothPan( 2202): BluetoothPan(), bindService called
E/MobileDataStateTracker( 2202): default: Ignoring feature request because could not acquire PhoneService
E/MobileDataStateTracker( 2202): default: Could not enable APN type "default"
I/WifiService( 2202): WifiService starting up with Wi-Fi disabled
I/SystemServer( 2202): Network Service Discovery Service
D/NsdService( 2202): Network service discovery enabled true
I/SystemServer( 2202): Throttle Service
I/SystemServer( 2202): FM receiver Service
I/ ( 2202): registerAndroidFmRadioReceiver
I/ ( 2202): registerAndroidFmRadioTransmitter
I/FmReceiverService( 2202): FmReceiverService created
I/FmTransmitterService( 2202): FmTransmitterService created
I/SystemServer( 2202): FM transmitter Service
I/SystemServer( 2202): UpdateLock Service
D/dalvikvm( 2202): GC_CONCURRENT freed 385K, 37% free 4885K/7696K, paused 3ms+3ms, total 58ms
I/SystemServer( 2202): Profile Manager
D/ProfileService( 2202): Found active: 5e57f41d-2130-439b-87a5-be53fbae6912
D/ProfileService( 2202): Set active profile to: 5e57f41d-2130-439b-87a5-be53fbae6912 - Default
D/ProfileService( 2202): Saving profile data...
D/ProfileService( 2202): Save completed.
I/SystemServer( 2202): Notification Manager
I/SystemServer( 2202): Device Storage Monitor
I/SystemServer( 2202): Location Manager
I/SystemServer( 2202): Country Detector
I/SystemServer( 2202): Search Service
I/SystemServer( 2202): DropBox Service
I/SystemServer( 2202): Wallpaper Service
I/SystemServer( 2202): Audio Service
D/TinyALSA-Audio Output( 1852): audio_out_get_latency(0x412acd58)
I/AudioService( 2202): Remote Control registerMediaButtonIntent() for PendingIntent{410573d0: PendingIntentRecord{41140090 android broadcastIntent}}
D/TinyALSA-Audio Hardware( 1852): audio_hw_get_mic_mute(0x412a9a68, 0x40f95c1f)
I/SystemServer( 2202): Dock Observer
I/SystemServer( 2202): Wired Accessory Observer
W/WiredAccessoryManager( 2202): This kernel does not have usb audio support
I/SystemServer( 2202): USB Service
I/SystemServer( 2202): Serial Service
I/SystemServer( 2202): Twilight Service
D/dalvikvm( 2202): GC_CONCURRENT freed 525K, 36% free 4999K/7696K, paused 5ms+3ms, total 47ms
D/dalvikvm( 2202): WAIT_FOR_CONCURRENT_GC blocked 11ms
I/SystemServer( 2202): UI Mode Manager Service
I/SystemServer( 2202): Backup Service
I/BackupManagerService( 2202): Found stale backup journal, scheduling
I/BackupManagerService( 2202): com.android.calendar
I/BackupManagerService( 2202): com.android.browser
I/BackupManagerService( 2202): com.android.vending
I/BackupManagerService( 2202): android
I/BackupManagerService( 2202): com.google.android.marvin.talkback
I/BackupManagerService( 2202): com.android.providers.userdictionary
I/BackupManagerService( 2202): org.pocketworkstation.pckeyboard
I/BackupManagerService( 2202): com.android.inputmethod.latin
I/BackupManagerService( 2202): com.google.android.gm
I/BackupManagerService( 2202): com.android.sharedstoragebackup
I/BackupManagerService( 2202): com.android.providers.settings
I/BackupManagerService( 2202): Backup enabled => true
I/SystemServer( 2202): AppWidget Service
I/SystemServer( 2202): Recognition Service
I/SystemServer( 2202): DiskStats Service
I/SystemServer( 2202): SamplingProfiler Service
I/SystemServer( 2202): NetworkTimeUpdateService
I/SystemServer( 2202): CommonTimeManagementService
I/WindowManager( 2202): SAFE MODE not enabled
D/dalvikvm( 2202): JIT started for system_server
I/SystemServer( 2202): CertBlacklister
I/SystemServer( 2202): Dreams Service
I/SystemServer( 2202): AssetRedirectionManager Service
D/lights ( 2202): set_light_buttons off
W/PackageManager( 2202): Removing dangling preferred activity: ComponentInfo{com.google.android.apps.maps/com.google.android.maps.MapsActivity}
W/PackageManager( 2202): Removing dangling preferred activity: ComponentInfo{com.google.android.apps.maps/com.google.android.maps.MapsActivity}
W/PackageManager( 2202): Removing dangling preferred activity: ComponentInfo{com.google.android.apps.maps/com.google.android.maps.MapsActivity}
W/PackageManager( 2202): Removing dangling preferred activity: ComponentInfo{com.google.android.apps.maps/com.google.android.maps.MapsActivity}
W/PackageManager( 2202): Removing dangling preferred activity: ComponentInfo{com.google.android.apps.maps/com.google.android.maps.MapsActivity}
I/ActivityManager( 2202): System now ready
D/dalvikvm( 2202): GC_CONCURRENT freed 408K, 33% free 5228K/7696K, paused 3ms+4ms, total 69ms
I/SystemServer( 2202): Making services ready
I/Zygote ( 2202): Process: zygote socket opened
I/ActivityManager( 2202): Start proc com.android.systemui for service com.android.systemui/.SystemUIService: pid=2304 uid=10040 gids={50040, 1028, 1015, 3002, 3001}
D/NetworkManagementService( 2202): enabling bandwidth control
D/DirectVolume( 1845): Checking for bad partition major number
I/Vold ( 1845): /dev/block/vold/179:25 being considered for volume sdcard1
D/Vold ( 1845): Volume sdcard1 state changing 1 (Idle-Unmounted) -> 3 (Checking)
D/Vold ( 1845): Trying to get filesystem type for /dev/block/vold/179:25
D/MountService( 2202): volume state changed for /storage/sdcard1 (unmounted -> checking)
D/MountService( 2202): sendStorageIntent Intent { act=android.intent.action.MEDIA_CHECKING dat=file:///storage/sdcard1 (has extras) } to UserHandle{-1}
D/Vold ( 1845): Found vfat filesystem on /dev/block/vold/179:25
I//system/bin/fsck_msdos( 1845): ** /dev/block/vold/179:25
I//system/bin/fsck_msdos( 1845): ** Phase 1 - Read and Compare FATs
I//system/bin/fsck_msdos( 1845): Attempting to allocate 118 KB for FAT
I//system/bin/fsck_msdos( 1845): Attempting to allocate 118 KB for FAT
I//system/bin/fsck_msdos( 1845): ** Phase 2 - Check Cluster Chains
I//system/bin/fsck_msdos( 1845): ** Phase 3 - Checking Directories
D/dalvikvm( 2202): GC_FOR_ALLOC freed 72K, 31% free 5372K/7696K, paused 62ms, total 64ms
I/dalvikvm-heap( 2202): Grow heap (frag case) to 6.058MB for 70856-byte allocation
D/dalvikvm( 2202): GC_FOR_ALLOC freed 2K, 30% free 5440K/7768K, paused 38ms, total 38ms
I/dalvikvm-heap( 2202): Grow heap (frag case) to 6.125MB for 70856-byte allocation
I/keystore( 1854): uid: 1000 action: e -> 7 state: 3 -> 3 retry: 4
E/Trace ( 2304): error opening trace file: No such file or directory (2)
D/SystemUIService( 2304): loading: class com.android.systemui.statusbar.phone.PhoneStatusBar
D/SystemUIService( 2304): running: com.android.systemui.statusbar.phone.PhoneStatusBar@40d8a968
I/StatusBarManagerService( 2202): registerStatusBar bar=com.android.internal.statusbar.IStatusBar$Stub$Proxy@40fe71c0
D/dalvikvm( 2202): GC_FOR_ALLOC freed 179K, 29% free 5632K/7840K, paused 33ms, total 34ms
I/dalvikvm-heap( 2202): Grow heap (frag case) to 6.369MB for 129616-byte allocation
D/dalvikvm( 2202): GC_FOR_ALLOC freed 4K, 28% free 5756K/7968K, paused 38ms, total 38ms
I/dalvikvm-heap( 2202): Grow heap (frag case) to 6.490MB for 129616-byte allocation
I/keystore( 1854): uid: 1000 action: e -> 7 state: 3 -> 3 retry: 4
I/PowerWidget( 2304): Clearing any old widget stuffs
I/PowerWidget( 2304): Setting up widget
I/PowerWidget( 2304): Default buttons being loaded
I/PowerWidget( 2304): Button list: toggleWifi|toggleBluetooth|toggleGPS|toggleSound
W/Settings( 2202): Setting usb_mass_storage_enabled has moved from android.provider.Settings.Secure to android.provider.Settings.Global.
I/ActivityManager( 2202): Config changes=200 {1.0 ?mcc?mnc en_GB ldltr sw320dp w320dp h508dp 240dpi nrml long port finger -keyb/v/h -nav/h s.4 themeResource=null}
W/ContextImpl( 2202): Calling a method in the system process without a qualified user: android.app.ContextImpl.sendBroadcast:1084 com.android.server.usb.UsbSettingsManager.deviceAttached:619 com.android.server.usb.UsbHostManager.usbDeviceAdded:156 com.android.server.usb.UsbHostManager.monitorUsbHostBus:-2 com.android.server.usb.UsbHostManager.access$000:38
D/dalvikvm( 2202): GC_FOR_ALLOC freed 330K, 26% free 6062K/8096K, paused 39ms, total 40ms
I/dalvikvm-heap( 2202): Grow heap (frag case) to 6.765MB for 104992-byte allocation
I/ActivityManager( 2202): Start proc android.process.media for broadcast com.android.providers.media/.MtpReceiver: pid=2364 uid=10017 gids={50017, 1015, 1023, 1024, 1028, 2001, 3003, 3007}
D/dalvikvm( 2202): GC_FOR_ALLOC freed 13K, 25% free 6159K/8200K, paused 36ms, total 37ms
I/dalvikvm-heap( 2202): Grow heap (frag case) to 6.860MB for 104992-byte allocation
E/Trace ( 2364): error opening trace file: No such file or directory (2)
D/BluetoothManagerService( 2202): Message: 20
D/BluetoothManagerService( 2202): Added callback: android.bluetooth.IBluetoothManagerCallback$Stub$Proxy@41115d50:true
D/BluetoothAdapter( 2304): 1089108296: getState() : mService = null. Returning STATE_OFF
D/BluetoothAdapter( 2304): 1089108296: getState() : mService = null. Returning STATE_OFF
D/BluetoothAdapter( 2304): 1089108296: getState() : mService = null. Returning STATE_OFF
D/dalvikvm( 2202): GC_FOR_ALLOC freed 25K, 25% free 6270K/8304K, paused 36ms, total 36ms
I/dalvikvm-heap( 2202): Grow heap (frag case) to 6.968MB for 104992-byte allocation
D/dalvikvm( 2202): GC_FOR_ALLOC freed 2K, 25% free 6373K/8408K, paused 34ms, total 34ms
I/dalvikvm-heap( 2202): Grow heap (frag case) to 7.069MB for 104992-byte allocation
I/QuickSettingsController( 2304): Default tiles being loaded
I/QuickSettingsController( 2304): Tiles list: toggleUser|toggleBrightness|toggleSettings|toggleWifi|toggleMobileData|toggleBattery|toggleAirplane|toggleBluetooth
I/DownloadManager( 2364): in removeSpuriousFiles
W/InputMethodManagerService( 2202): Ignoring setImeWindowStatus of uid 1000 token: null
I/ActivityManager( 2202): Start proc org.pocketworkstation.pckeyboard for service org.pocketworkstation.pckeyboard/.LatinIME: pid=2382 uid=10072 gids={50072, 1028}
I/dalvikvm( 2382): Turning on JNI app bug workarounds for target SDK version 11...
D/dalvikvm( 2202): GC_FOR_ALLOC freed 346K, 23% free 6634K/8512K, paused 38ms, total 38ms
I/LocationBlacklist( 2202): whitelist: []
I/LocationBlacklist( 2202): blacklist: [com.google., com.semaphoremobile.zagat.android]
D/dalvikvm( 2202): GC_FOR_ALLOC freed 7K, 22% free 6666K/8512K, paused 37ms, total 38ms
I/dalvikvm-heap( 2202): Grow heap (frag case) to 9.233MB for 2073616-byte allocation
D/dalvikvm( 2202): GC_CONCURRENT freed 17K, 18% free 8679K/10540K, paused 9ms+5ms, total 57ms
D/BluetoothAdapter( 2304): 1089108296: getState() : mService = null. Returning STATE_OFF
D/BluetoothAdapter( 2304): 1089108296: getState() : mService = null. Returning STATE_OFF
D/BluetoothAdapter( 2304): 1089108296: getState() : mService = null. Returning STATE_OFF
E/Trace ( 2382): error opening trace file: No such file or directory (2)
D/BluetoothAdapter( 2304): 1089108296: getState() : mService = null. Returning STATE_OFF
