D/MediaProvider( 2364): object removed 1209
D/MediaProvider( 2364): object removed 1210
D/MediaProvider( 2364): object removed 1211
D/MediaProvider( 2364): object removed 1212
D/MediaProvider( 2364): object removed 1213
D/MediaProvider( 2364): object removed 1214
D/MediaProvider( 2364): object removed 1215
D/MediaProvider( 2364): object removed 1216
D/MediaProvider( 2364): object removed 1217
D/MediaProvider( 2364): object removed 1218
D/MediaProvider( 2364): object removed 1219
D/MediaProvider( 2364): object removed 1220
D/MediaProvider( 2364): object removed 1221
I/MusicLeanback( 3128): EnablingReceiver action:com.google.android.music.START_DOWNLOAD_SCHEDULING
D/MusicLeanback( 3128): Acquired WakeLock
D/MusicLeanback( 3128): Service action:com.google.android.music.leanback.APP_IN_USE
W/MusicLeanback( 3128): No streaming account configured
D/MusicLeanback( 3128): Released WakeLock
D/MediaProvider( 2364): object removed 1222
D/MediaProvider( 2364): object removed 1223
D/MediaProvider( 2364): object removed 1224
D/MediaProvider( 2364): object removed 1225
D/MediaProvider( 2364): object removed 1226
D/MediaProvider( 2364): object removed 1227
D/MediaProvider( 2364): object removed 1228
D/MediaProvider( 2364): object removed 1229
D/MediaProvider( 2364): object removed 1230
D/MediaProvider( 2364): object removed 1231
D/MediaProvider( 2364): object removed 1232
D/MediaProvider( 2364): object removed 1233
D/MediaProvider( 2364): object removed 1234
D/MediaProvider( 2364): object removed 1235
D/MediaProvider( 2364): object removed 1236
D/MediaProvider( 2364): object removed 1237
D/MediaProvider( 2364): object removed 1238
D/MediaProvider( 2364): object removed 1239
D/MediaProvider( 2364): object removed 1240
D/MediaProvider( 2364): object removed 1241
D/MediaProvider( 2364): object removed 1242
D/MediaProvider( 2364): object removed 1243
D/MediaProvider( 2364): object removed 1244
D/MediaProvider( 2364): object removed 1245
D/MediaProvider( 2364): object removed 1246
D/MediaProvider( 2364): object removed 1247
D/MediaProvider( 2364): object removed 1248
D/MediaProvider( 2364): object removed 1249
D/MediaProvider( 2364): object removed 1250
D/MediaProvider( 2364): object removed 1251
D/MediaProvider( 2364): object removed 1252
D/MediaProvider( 2364): object removed 1253
D/MediaProvider( 2364): object removed 1254
D/MediaProvider( 2364): object removed 1255
D/MediaProvider( 2364): object removed 1256
D/MediaProvider( 2364): object removed 1257
D/MediaProvider( 2364): object removed 1258
D/MediaProvider( 2364): object removed 1259
D/MediaProvider( 2364): object removed 1260
D/MediaProvider( 2364): object removed 1261
D/MediaProvider( 2364): object removed 1262
D/MediaProvider( 2364): object removed 1263
D/MediaProvider( 2364): object removed 1264
D/MediaProvider( 2364): object removed 1265
D/MediaProvider( 2364): object removed 1266
D/MediaProvider( 2364): object removed 1267
D/MediaProvider( 2364): object removed 1268
D/MediaProvider( 2364): object removed 1269
D/MediaProvider( 2364): object removed 1270
D/MediaProvider( 2364): object removed 1271
D/MediaProvider( 2364): object removed 1272
D/MediaProvider( 2364): object removed 1273
D/MediaProvider( 2364): object removed 1274
D/MediaProvider( 2364): object removed 1275
D/MediaProvider( 2364): object removed 1276
D/MediaProvider( 2364): object removed 1277
D/MediaProvider( 2364): object removed 1278
D/MediaProvider( 2364): object removed 1279
D/MediaProvider( 2364): object removed 1280
D/MediaProvider( 2364): object removed 1281
D/MediaProvider( 2364): object removed 1282
D/MediaProvider( 2364): object removed 1283
D/MediaProvider( 2364): object removed 1284
D/MediaProvider( 2364): object removed 1285
D/MediaProvider( 2364): object removed 1286
D/MediaProvider( 2364): object removed 1287
D/MediaProvider( 2364): object removed 1288
D/MediaProvider( 2364): object removed 1289
D/MediaProvider( 2364): object removed 1290
D/MediaProvider( 2364): object removed 1291
D/MediaProvider( 2364): object removed 1292
D/MediaProvider( 2364): object removed 1293
D/MediaProvider( 2364): object removed 1294
D/MediaProvider( 2364): object removed 1295
D/MediaProvider( 2364): object removed 1296
D/MediaProvider( 2364): object removed 1297
D/MediaProvider( 2364): object removed 1298
D/MediaProvider( 2364): object removed 1299
D/MediaProvider( 2364): object removed 1300
D/MediaProvider( 2364): object removed 1301
D/MediaProvider( 2364): object removed 1302
D/MediaProvider( 2364): object removed 1303
D/MediaProvider( 2364): object removed 1304
D/MediaProvider( 2364): object removed 1305
D/MediaProvider( 2364): object removed 1306
D/MediaProvider( 2364): object removed 1307
D/MediaProvider( 2364): object removed 1308
D/MediaProvider( 2364): object removed 1309
D/MediaProvider( 2364): object removed 1310
D/MediaProvider( 2364): object removed 1311
D/MediaProvider( 2364): object removed 1312
D/MediaProvider( 2364): object removed 1313
D/MediaProvider( 2364): object removed 1314
D/MediaProvider( 2364): object removed 1315
D/MediaProvider( 2364): object removed 1316
D/MediaProvider( 2364): object removed 1317
D/MediaProvider( 2364): object removed 1318
D/MediaProvider( 2364): object removed 1319
D/MediaProvider( 2364): object removed 1320
D/MediaProvider( 2364): object removed 1321
D/MediaProvider( 2364): object removed 1322
D/dalvikvm( 2202): GC_EXPLICIT freed 2793K, 16% free 8084K/9556K, paused 2ms+5ms, total 60ms
I/InputReader( 2202): Reconfiguring input devices. changes=0x00000010
I/InputReader( 2202): Reconfiguring input devices. changes=0x00000010
I/ActivityManager( 2202): Start proc com.android.gallery3d for broadcast com.android.gallery3d/.app.PackagesMonitor: pid=3251 uid=10022 gids={50022, 1006, 3003, 1015, 1028}
E/Trace ( 3251): error opening trace file: No such file or directory (2)
D/dalvikvm( 2429): GC_CONCURRENT freed 818K, 28% free 5551K/7696K, paused 3ms+5ms, total 41ms
D/MediaProvider( 2364): object removed 1323
D/MediaProvider( 2364): object removed 1324
D/MediaProvider( 2364): object removed 1325
D/MediaProvider( 2364): object removed 1326
D/MediaProvider( 2364): object removed 1327
D/MediaProvider( 2364): object removed 1328
D/MediaProvider( 2364): object removed 1329
D/MediaProvider( 2364): object removed 1330
D/MediaProvider( 2364): object removed 1331
D/MediaProvider( 2364): object removed 1332
D/MediaProvider( 2364): object removed 1333
D/MediaProvider( 2364): object removed 1334
D/MediaProvider( 2364): object removed 1335
D/MediaProvider( 2364): object removed 1336
D/MediaProvider( 2364): object removed 1337
D/MediaProvider( 2364): object removed 1338
D/MediaProvider( 2364): object removed 1339
D/MediaProvider( 2364): object removed 1340
D/MediaProvider( 2364): object removed 1341
D/MediaProvider( 2364): object removed 1342
D/MediaProvider( 2364): object removed 1343
D/MediaProvider( 2364): object removed 1344
D/MediaProvider( 2364): object removed 1345
D/MediaProvider( 2364): object removed 1346
D/MediaProvider( 2364): object removed 1347
D/MediaProvider( 2364): object removed 1348
D/MediaProvider( 2364): object removed 1349
D/MediaProvider( 2364): object removed 1350
D/MediaProvider( 2364): object removed 1351
D/MediaProvider( 2364): object removed 1352
D/MediaProvider( 2364): object removed 1353
D/MediaProvider( 2364): object removed 1354
D/MediaProvider( 2364): object removed 1355
D/MediaProvider( 2364): object removed 1356
D/MediaProvider( 2364): object removed 1357
D/MediaProvider( 2364): object removed 1358
D/MediaProvider( 2364): object removed 1359
D/MediaProvider( 2364): object removed 1360
D/MediaProvider( 2364): object removed 1361
D/MediaProvider( 2364): object removed 1362
D/MediaProvider( 2364): object removed 1363
D/MediaProvider( 2364): object removed 1364
D/MediaProvider( 2364): object removed 1365
D/MediaProvider( 2364): object removed 1366
D/MediaProvider( 2364): object removed 1367
D/MediaProvider( 2364): object removed 1368
D/MediaProvider( 2364): object removed 1369
D/MediaProvider( 2364): object removed 1370
D/MediaProvider( 2364): object removed 1371
D/MediaProvider( 2364): object removed 1372
D/MediaProvider( 2364): object removed 1373
D/MediaProvider( 2364): object removed 1374
D/MediaProvider( 2364): object removed 1375
D/MediaProvider( 2364): object removed 1376
D/MediaProvider( 2364): object removed 1377
D/MediaProvider( 2364): object removed 1378
D/MediaProvider( 2364): object removed 1379
D/MediaProvider( 2364): object removed 1380
D/MediaProvider( 2364): object removed 1381
D/MediaProvider( 2364): object removed 1382
D/MediaProvider( 2364): object removed 1383
D/MediaProvider( 2364): object removed 1384
D/MediaProvider( 2364): object removed 1385
D/MediaProvider( 2364): object removed 1386
D/MediaProvider( 2364): object removed 1387
D/MediaProvider( 2364): object removed 1388
D/MediaProvider( 2364): object removed 1389
D/MediaProvider( 2364): object removed 1390
D/MediaProvider( 2364): object removed 1391
D/MediaProvider( 2364): object removed 1392
D/MediaProvider( 2364): object removed 1393
D/MediaProvider( 2364): object removed 1394
D/MediaProvider( 2364): object removed 1395
D/MediaProvider( 2364): object removed 1396
D/MediaProvider( 2364): object removed 1397
D/MediaProvider( 2364): object removed 1398
D/MediaProvider( 2364): object removed 1399
D/MediaProvider( 2364): object removed 1400
D/MediaProvider( 2364): object removed 1401
D/MediaProvider( 2364): object removed 1402
D/MediaProvider( 2364): object removed 1403
D/MediaProvider( 2364): object removed 1404
D/MediaProvider( 2364): object removed 1405
D/MediaProvider( 2364): object removed 1406
D/MediaProvider( 2364): object removed 1407
D/MediaProvider( 2364): object removed 1408
D/MediaProvider( 2364): object removed 1409
D/MediaProvider( 2364): object removed 1410
D/MediaProvider( 2364): object removed 1411
D/MediaProvider( 2364): object removed 1412
D/MediaProvider( 2364): object removed 1413
D/MediaProvider( 2364): object removed 1414
D/MediaProvider( 2364): object removed 1415
D/MediaProvider( 2364): object removed 1416
D/MediaProvider( 2364): object removed 1417
D/MediaProvider( 2364): object removed 1418
D/MediaProvider( 2364): object removed 1419
D/MediaProvider( 2364): object removed 1420
D/MediaProvider( 2364): object removed 1421
D/MediaProvider( 2364): object removed 1422
D/MediaProvider( 2364): object removed 1423
I/ActivityManager( 2202): Start proc com.android.voicedialer for broadcast com.android.voicedialer/.VoiceDialerReceiver: pid=3264 uid=10046 gids={50046, 3002, 1028}
E/Trace ( 3264): error opening trace file: No such file or directory (2)
I/ActivityManager( 2202): Start proc com.google.android.apps.plus for broadcast com.google.android.apps.plus/.service.PackagesMediaMonitor: pid=3279 uid=10076 gids={50076, 3003, 3002, 1015, 1006, 1028}
I/ActivityManager( 2202): No longer want com.google.android.onetimeinitializer (pid 2972): empty #17
E/Trace ( 3279): error opening trace file: No such file or directory (2)
I/ActivityManager( 2202): No longer want com.google.android.gcm (pid 3007): empty #17
D/lights ( 2202): set_light_buttons off
D/dalvikvm( 3035): GC_CONCURRENT freed 3268K, 48% free 4058K/7696K, paused 3ms+4ms, total 121ms
W/Settings( 2414): Setting auto_time_zone has moved from android.provider.Settings.System to android.provider.Settings.Global, returning read-only value.
D/AlarmManagerService( 2202): Kernel timezone updated to -60 minutes west of GMT
D/dalvikvm( 3279): GC_FOR_ALLOC freed 3134K, 47% free 4137K/7696K, paused 54ms, total 54ms
D/dalvikvm( 3035): GC_CONCURRENT freed 421K, 47% free 4090K/7696K, paused 3ms+10ms, total 43ms
D/dalvikvm( 3279): GC_CONCURRENT freed 348K, 43% free 4392K/7696K, paused 1ms+9ms, total 32ms
D/dalvikvm( 3279): WAIT_FOR_CONCURRENT_GC blocked 13ms
D/dalvikvm( 3279): WAIT_FOR_CONCURRENT_GC blocked 24ms
D/MediaProvider( 2364): object removed 1424
D/MediaProvider( 2364): object removed 1425
D/MediaProvider( 2364): object removed 1426
D/MediaProvider( 2364): object removed 1427
D/MediaProvider( 2364): object removed 1428
D/MediaProvider( 2364): object removed 1429
D/MediaProvider( 2364): object removed 1430
D/MediaProvider( 2364): object removed 1431
D/MediaProvider( 2364): object removed 1432
D/MediaProvider( 2364): object removed 1433
D/MediaProvider( 2364): object removed 1434
D/MediaProvider( 2364): object removed 1435
D/MediaProvider( 2364): object removed 1436
D/MediaProvider( 2364): object removed 1437
D/MediaProvider( 2364): object removed 1438
D/MediaProvider( 2364): object removed 1439
D/MediaProvider( 2364): object removed 1440
D/MediaProvider( 2364): object removed 1441
D/MediaProvider( 2364): object removed 1442
D/MediaProvider( 2364): object removed 1443
D/MediaProvider( 2364): object removed 1444
D/MediaProvider( 2364): object removed 1445
D/MediaProvider( 2364): object removed 1446
D/MediaProvider( 2364): object removed 1447
D/MediaProvider( 2364): object removed 1448
D/MediaProvider( 2364): object removed 1449
D/MediaProvider( 2364): object removed 1450
D/MediaProvider( 2364): object removed 1451
D/MediaProvider( 2364): object removed 1452
D/MediaProvider( 2364): object removed 1453
D/MediaProvider( 2364): object removed 1454
D/MediaProvider( 2364): object removed 1455
D/MediaProvider( 2364): object removed 1456
D/MediaProvider( 2364): object removed 1457
D/MediaProvider( 2364): object removed 1458
D/MediaProvider( 2364): object removed 1459
D/MediaProvider( 2364): object removed 1460
D/MediaProvider( 2364): object removed 1461
D/Volley ( 3035): [114] DiskBasedCache.clear: Cache cleared.
D/Volley ( 3035): [114] Request.finish: 7448 ms: [ ] null IMMEDIATE 1
D/MediaProvider( 2364): object removed 1462
D/MediaProvider( 2364): object removed 1463
D/MediaProvider( 2364): object removed 1464
D/MediaProvider( 2364): object removed 1465
D/MediaProvider( 2364): object removed 1466
D/MediaProvider( 2364): object removed 1467
D/MediaProvider( 2364): object removed 1468
D/MediaProvider( 2364): object removed 1469
D/MediaProvider( 2364): object removed 1470
D/MediaProvider( 2364): object removed 1471
D/MediaProvider( 2364): object removed 1472
D/MediaProvider( 2364): object removed 1473
D/MediaProvider( 2364): object removed 1474
D/MediaProvider( 2364): object removed 1475
D/MediaProvider( 2364): object removed 1476
D/MediaProvider( 2364): object removed 1477
D/MediaProvider( 2364): object removed 1478
D/MediaProvider( 2364): object removed 1479
D/MediaProvider( 2364): object removed 1480
D/MediaProvider( 2364): object removed 1481
D/MediaProvider( 2364): object removed 1482
D/MediaProvider( 2364): object removed 1483
D/MediaProvider( 2364): object removed 1484
D/MediaProvider( 2364): object removed 1485
D/MediaProvider( 2364): object removed 1486
D/MediaProvider( 2364): object removed 1487
D/MediaProvider( 2364): object removed 1488
D/MediaProvider( 2364): object removed 1489
D/MediaProvider( 2364): object removed 1490
D/MediaProvider( 2364): object removed 1491
D/MediaProvider( 2364): object removed 1492
D/MediaProvider( 2364): object removed 1493
D/MediaProvider( 2364): object removed 1494
D/MediaProvider( 2364): object removed 1495
D/MediaProvider( 2364): object removed 1496
D/MediaProvider( 2364): object removed 1497
D/MediaProvider( 2364): object removed 1498
D/MediaProvider( 2364): object removed 1499
D/MediaProvider( 2364): object removed 1500
D/dalvikvm( 3279): GC_CONCURRENT freed 145K, 36% free 4932K/7696K, paused 2ms+2ms, total 24ms
D/MediaProvider( 2364): object removed 1501
D/MediaProvider( 2364): object removed 1502
D/MediaProvider( 2364): object removed 1503
D/MediaProvider( 2364): object removed 1504
D/MediaProvider( 2364): object removed 1505
D/MediaProvider( 2364): object removed 1506
D/MediaProvider( 2364): object removed 1507
D/MediaProvider( 2364): object removed 1508
D/MediaProvider( 2364): object removed 1509
D/MediaProvider( 2364): object removed 1510
D/MediaProvider( 2364): object removed 1511
D/MediaProvider( 2364): object removed 1512
D/MediaProvider( 2364): object removed 1513
D/MediaProvider( 2364): object removed 1514
D/MediaProvider( 2364): object removed 1515
D/MediaProvider( 2364): object removed 1516
D/MediaProvider( 2364): object removed 1517
D/MediaProvider( 2364): object removed 1518
D/MediaProvider( 2364): object removed 1519
D/MediaProvider( 2364): object removed 1520
D/MediaProvider( 2364): object removed 1521
D/MediaProvider( 2364): object removed 1522
D/MediaProvider( 2364): object removed 1523
D/MediaProvider( 2364): object removed 1524
D/dalvikvm( 3279): GC_CONCURRENT freed 546K, 32% free 5254K/7696K, paused 2ms+1ms, total 28ms
D/dalvikvm( 3279): WAIT_FOR_CONCURRENT_GC blocked 10ms
D/dalvikvm( 3279): GC_CONCURRENT freed 205K, 23% free 5959K/7696K, paused 16ms+10ms, total 74ms
W/ExternalStorageUtils( 3279): Error writing to /storage/sdcard0/Notifications/hangout_dingtone.m4a
W/ExternalStorageUtils( 3279): java.io.FileNotFoundException: /storage/sdcard0/Notifications/hangout_dingtone.m4a: open failed: ENOENT (No such file or directory)
W/ExternalStorageUtils( 3279): at libcore.io.IoBridge.open(IoBridge.java:416)
W/ExternalStorageUtils( 3279): at java.io.FileOutputStream.(FileOutputStream.java:88)
W/ExternalStorageUtils( 3279): at java.io.FileOutputStream.(FileOutputStream.java:73)
W/ExternalStorageUtils( 3279): at com.google.android.apps.plus.hangout.HangoutNotifications.copyResourceToFile(HangoutNotifications.java:160)
W/ExternalStorageUtils( 3279): at com.google.android.apps.plus.hangout.HangoutNotifications.registerHangoutSounds(HangoutNotifications.java:42)
W/ExternalStorageUtils( 3279): at com.google.android.apps.plus.phone.EsApplication$1.doInBackground(EsApplication.java:55)
W/ExternalStorageUtils( 3279): at android.os.AsyncTask$2.call(AsyncTask.java:287)
W/ExternalStorageUtils( 3279): at java.util.concurrent.FutureTask.run(FutureTask.java:234)
W/ExternalStorageUtils( 3279): at android.os.AsyncTask$SerialExecutor$1.run(AsyncTask.java:230)
W/ExternalStorageUtils( 3279): at java.util.concurrent.ThreadPoolExecutor.runWorker(ThreadPoolExecutor.java:1080)
W/ExternalStorageUtils( 3279): at java.util.concurrent.ThreadPoolExecutor$Worker.run(ThreadPoolExecutor.java:573)
W/ExternalStorageUtils( 3279): at java.lang.Thread.run(Thread.java:856)
W/ExternalStorageUtils( 3279): Caused by: libcore.io.ErrnoException: open failed: ENOENT (No such file or directory)
W/ExternalStorageUtils( 3279): at libcore.io.Posix.open(Native Method)
W/ExternalStorageUtils( 3279): at libcore.io.BlockGuardOs.open(BlockGuardOs.java:110)
W/ExternalStorageUtils( 3279): at libcore.io.IoBridge.open(IoBridge.java:400)
W/ExternalStorageUtils( 3279): ... 11 more
D/dalvikvm( 2364): GC_CONCURRENT freed 408K, 67% free 2564K/7696K, paused 3ms+2ms, total 18ms
D/MediaProvider( 2364): object removed 1525
D/MediaProvider( 2364): object removed 1526
D/MediaProvider( 2364): object removed 1527
D/MediaProvider( 2364): object removed 1528
D/MediaProvider( 2364): object removed 1529
D/MediaProvider( 2364): object removed 1530
D/MediaProvider( 2364): object removed 1531
D/MediaProvider( 2364): object removed 1532
D/MediaProvider( 2364): object removed 1533
D/MediaProvider( 2364): object removed 1534
D/MediaProvider( 2364): object removed 1535
D/MediaProvider( 2364): object removed 1536
D/MediaProvider( 2364): object removed 1537
D/MediaProvider( 2364): object removed 1538
D/MediaProvider( 2364): object removed 1539
D/MediaProvider( 2364): object removed 1540
D/MediaProvider( 2364): object removed 1541
D/MediaProvider( 2364): object removed 1542
D/MediaProvider( 2364): object removed 1543
D/MediaProvider( 2364): object removed 1544
D/MediaProvider( 2364): object removed 1545
D/MediaProvider( 2364): object removed 1546
D/MediaProvider( 2364): object removed 1547
D/MediaProvider( 2364): object removed 1548
D/MediaProvider( 2364): object removed 1549
D/MediaProvider( 2364): object removed 1550
D/MediaProvider( 2364): object removed 1551
D/MediaProvider( 2364): object removed 1552
D/MediaProvider( 2364): object removed 1553
D/MediaProvider( 2364): object removed 1554
D/MediaProvider( 2364): object removed 1555
D/MediaProvider( 2364): object removed 1556
D/MediaProvider( 2364): object removed 1557
D/MediaProvider( 2364): object removed 1558
D/MediaProvider( 2364): object removed 1559
D/MediaProvider( 2364): object removed 1560
D/MediaProvider( 2364): object removed 1561
D/MediaProvider( 2364): object removed 1562
D/MediaProvider( 2364): object removed 1563
D/MediaProvider( 2364): object removed 1564
D/MediaProvider( 2364): object removed 1565
D/MediaProvider( 2364): object removed 1566
D/MediaProvider( 2364): object removed 1567
D/MediaProvider( 2364): object removed 1568
D/MediaProvider( 2364): object removed 1569
D/MediaProvider( 2364): object removed 1570
D/MediaProvider( 2364): object removed 1571
D/MediaProvider( 2364): object removed 1572
D/MediaProvider( 2364): object removed 1573
D/MediaProvider( 2364): object removed 1574
D/MediaProvider( 2364): object removed 1575
D/MediaProvider( 2364): object removed 1576
D/MediaProvider( 2364): object removed 1577
D/MediaProvider( 2364): object removed 1578
D/MediaProvider( 2364): object removed 1579
D/MediaProvider( 2364): object removed 1580
D/MediaProvider( 2364): object removed 1581
D/MediaProvider( 2364): object removed 1582
D/MediaProvider( 2364): object removed 1583
D/MediaProvider( 2364): object removed 1584
D/MediaProvider( 2364): object removed 1585
D/MediaProvider( 2364): object removed 1586
D/MediaProvider( 2364): object removed 1587
D/MediaProvider( 2364): object removed 1588
D/MediaProvider( 2364): object removed 1589
D/MediaProvider( 2364): object removed 1590
D/MediaProvider( 2364): object removed 1591
D/MediaProvider( 2364): object removed 1592
D/MediaProvider( 2364): object removed 1593
D/MediaProvider( 2364): object removed 1594
D/MediaProvider( 2364): object removed 1595
D/MediaProvider( 2364): object removed 1596
D/MediaProvider( 2364): object removed 1597
D/MediaProvider( 2364): object removed 1598
D/MediaProvider( 2364): object removed 1599
D/MediaProvider( 2364): object removed 1600
D/MediaProvider( 2364): object removed 1601
D/MediaProvider( 2364): object removed 1602
D/MediaProvider( 2364): object removed 1603
D/MediaProvider( 2364): object removed 1604
D/MediaProvider( 2364): object removed 1605
D/MediaProvider( 2364): object removed 1606
D/MediaProvider( 2364): object removed 1607
D/MediaProvider( 2364): object removed 1608
D/MediaProvider( 2364): object removed 1609
D/MediaProvider( 2364): object removed 1610
D/MediaProvider( 2364): object removed 1611
D/MediaProvider( 2364): object removed 1612
D/MediaProvider( 2364): object removed 1613
D/MediaProvider( 2364): object removed 1614
D/MediaProvider( 2364): object removed 1615
D/MediaProvider( 2364): object removed 1616
D/MediaProvider( 2364): object removed 1617
D/MediaProvider( 2364): object removed 1618
D/MediaProvider( 2364): object removed 1619
D/MediaProvider( 2364): object removed 1620
D/MediaProvider( 2364): object removed 1621
D/MediaProvider( 2364): object removed 1622
D/MediaProvider( 2364): object removed 1623
D/MediaProvider( 2364): object removed 1624
D/MediaProvider( 2364): object removed 1625
D/MediaProvider( 2364): object removed 1626
D/MediaProvider( 2364): object removed 1627
D/MediaProvider( 2364): object removed 1628
D/MediaProvider( 2364): object removed 1629
D/MediaProvider( 2364): object removed 1630
D/MediaProvider( 2364): object removed 1631
D/MediaProvider( 2364): object removed 1632
D/MediaProvider( 2364): object removed 1633
D/MediaProvider( 2364): object removed 1634
D/MediaProvider( 2364): object removed 1635
D/MediaProvider( 2364): object removed 1636
D/MediaProvider( 2364): object removed 1637
D/MediaProvider( 2364): object removed 1638
D/MediaProvider( 2364): object removed 1639
D/MediaProvider( 2364): object removed 1640
D/MediaProvider( 2364): object removed 1641
D/MediaProvider( 2364): object removed 1642
D/MediaProvider( 2364): object removed 1643
D/MediaProvider( 2364): object removed 1644
D/MediaProvider( 2364): object removed 1645
D/MediaProvider( 2364): object removed 1646
D/MediaProvider( 2364): object removed 1647
D/MediaProvider( 2364): object removed 1648
D/MediaProvider( 2364): object removed 1649
D/MediaProvider( 2364): object removed 1650
D/MediaProvider( 2364): object removed 1651
D/MediaProvider( 2364): object removed 1652
D/MediaProvider( 2364): object removed 1653
D/MediaProvider( 2364): object removed 1654
D/MediaProvider( 2364): object removed 1655
D/MediaProvider( 2364): object removed 1656
D/MediaProvider( 2364): object removed 1657
D/MediaProvider( 2364): object removed 1658
D/MediaProvider( 2364): object removed 1659
D/MediaProvider( 2364): object removed 1660
D/MediaProvider( 2364): object removed 1661
D/MediaProvider( 2364): object removed 1662
D/MediaProvider( 2364): object removed 1663
D/MediaProvider( 2364): object removed 1664
D/MediaProvider( 2364): object removed 1665
D/MediaProvider( 2364): object removed 1666
D/MediaProvider( 2364): object removed 1667
D/MediaProvider( 2364): object removed 1668
D/MediaProvider( 2364): object removed 1669
D/MediaProvider( 2364): object removed 1670
D/MediaProvider( 2364): object removed 1671
D/MediaProvider( 2364): object removed 1672
D/MediaProvider( 2364): object removed 1673
D/MediaProvider( 2364): object removed 1674
D/MediaProvider( 2364): object removed 1675
D/MediaProvider( 2364): object removed 1676
D/MediaProvider( 2364): object removed 1677
D/MediaProvider( 2364): object removed 1678
D/MediaProvider( 2364): object removed 1679
D/MediaProvider( 2364): object removed 1680
D/MediaProvider( 2364): object removed 1681
D/MediaProvider( 2364): object removed 1682
D/MediaProvider( 2364): object removed 1683
D/MediaProvider( 2364): object removed 1684
D/MediaProvider( 2364): object removed 1685
D/MediaProvider( 2364): object removed 1686
D/MediaProvider( 2364): object removed 1687
D/MediaProvider( 2364): object removed 1688
D/MediaProvider( 2364): object removed 1689
D/MediaProvider( 2364): object removed 1690
D/MediaProvider( 2364): object removed 1691
D/MediaProvider( 2364): object removed 1692
D/MediaProvider( 2364): object removed 1693
D/MediaProvider( 2364): object removed 1694
D/MediaProvider( 2364): object removed 1695
D/MediaProvider( 2364): object removed 1696
D/MediaProvider( 2364): object removed 1697
D/MediaProvider( 2364): object removed 1698
D/MediaProvider( 2364): object removed 1699
D/MediaProvider( 2364): object removed 1700
D/MediaProvider( 2364): object removed 1701
D/MediaProvider( 2364): object removed 1702
D/MediaProvider( 2364): object removed 1703
D/MediaProvider( 2364): object removed 1704
D/MediaProvider( 2364): object removed 1705
D/MediaProvider( 2364): object removed 1706
D/MediaProvider( 2364): object removed 1707
D/MediaProvider( 2364): object removed 1708
D/MediaProvider( 2364): object removed 1709
D/MediaProvider( 2364): object removed 1710
D/MediaProvider( 2364): object removed 1711
D/MediaProvider( 2364): object removed 1712
D/MediaProvider( 2364): object removed 1713
D/MediaProvider( 2364): object removed 1714
D/MediaProvider( 2364): object removed 1715
D/MediaProvider( 2364): object removed 1716
D/MediaProvider( 2364): object removed 1717
D/MediaProvider( 2364): object removed 1718
D/MediaProvider( 2364): object removed 1719
D/MediaProvider( 2364): object removed 1720
D/MediaProvider( 2364): object removed 1721
D/MediaProvider( 2364): object removed 1722
D/MediaProvider( 2364): object removed 1723
D/MediaProvider( 2364): object removed 1724
D/MediaProvider( 2364): object removed 1725
D/MediaProvider( 2364): object removed 1726
W/Settings( 2414): Setting auto_time_zone has moved from android.provider.Settings.System to android.provider.Settings.Global, returning read-only value.
D/AlarmManagerService( 2202): Kernel timezone updated to -60 minutes west of GMT
W/Settings( 2414): Setting auto_time has moved from android.provider.Settings.System to android.provider.Settings.Global, returning read-only value.
D/SystemClock( 2414): Setting time of day to sec=1363186813
I/ActivityManager( 2202): Start proc com.android.deskclock for broadcast com.android.deskclock/.AlarmInitReceiver: pid=3306 uid=10015 gids={50015, 1028}
E/Trace ( 3306): error opening trace file: No such file or directory (2)
D/MediaProvider( 2364): object removed 1727
D/MediaProvider( 2364): object removed 1728
D/MediaProvider( 2364): object removed 1729
D/MediaProvider( 2364): object removed 1730
D/MediaProvider( 2364): object removed 1731
D/MediaProvider( 2364): object removed 1732
D/MediaProvider( 2364): object removed 1733
D/MediaProvider( 2364): object removed 1734
D/MediaProvider( 2364): object removed 1735
D/MediaProvider( 2364): object removed 1736
D/MediaProvider( 2364): object removed 1737
D/MediaProvider( 2364): object removed 1738
D/MediaProvider( 2364): object removed 1739
D/MediaProvider( 2364): object removed 1740
D/MediaProvider( 2364): object removed 1741
D/MediaProvider( 2364): object removed 1742
D/MediaProvider( 2364): object removed 1743
D/MediaProvider( 2364): object removed 1744
D/MediaProvider( 2364): object removed 1745
D/MediaProvider( 2364): object removed 1746
D/MediaProvider( 2364): object removed 1747
D/MediaProvider( 2364): object removed 1748
D/MediaProvider( 2364): object removed 1749
D/MediaProvider( 2364): object removed 1750
D/MediaProvider( 2364): object removed 1751
D/MediaProvider( 2364): object removed 1752
D/MediaProvider( 2364): object removed 1753
D/MediaProvider( 2364): object removed 1754
D/MediaProvider( 2364): object removed 1755
D/MediaProvider( 2364): object removed 1756
D/MediaProvider( 2364): object removed 1757
D/MediaProvider( 2364): object removed 1758
D/MediaProvider( 2364): object removed 1759
D/MediaProvider( 2364): object removed 1760
D/MediaProvider( 2364): object removed 1761
D/MediaProvider( 2364): object removed 1762
D/MediaProvider( 2364): object removed 1763
D/MediaProvider( 2364): object removed 1764
D/MediaProvider( 2364): object removed 1765
D/MediaProvider( 2364): object removed 1766
D/MediaProvider( 2364): object removed 1767
D/MediaProvider( 2364): object removed 1768
D/MediaProvider( 2364): object removed 1769
D/MediaProvider( 2364): object removed 1770
D/MediaProvider( 2364): object removed 1771
D/MediaProvider( 2364): object removed 1772
D/MediaProvider( 2364): object removed 1773
D/MediaProvider( 2364): object removed 1774
D/MediaProvider( 2364): object removed 1775
D/MediaProvider( 2364): object removed 1776
D/MediaProvider( 2364): object removed 1777
D/MediaProvider( 2364): object removed 1778
D/MediaProvider( 2364): object removed 1779
D/MediaProvider( 2364): object removed 1780
V/AlarmClock( 3306): Alarm set for id=1 10:20:00.000/Thu D/MediaProvider( 2364): object removed 1781
D/MediaProvider( 2364): object removed 1782
D/MediaProvider( 2364): object removed 1783
D/MediaProvider( 2364): object removed 1784
D/MediaProvider( 2364): object removed 1785
D/MediaProvider( 2364): object removed 1786
D/MediaProvider( 2364): object removed 1787
D/MediaProvider( 2364): object removed 1788
D/MediaProvider( 2364): object removed 1789
D/MediaProvider( 2364): object removed 1790
D/MediaProvider( 2364): object removed 1791
D/MediaProvider( 2364): object removed 1792
D/MediaProvider( 2364): object removed 1793
D/MediaProvider( 2364): object removed 1794
D/MediaProvider( 2364): object removed 1795
D/MediaProvider( 2364): object removed 1796
D/MediaProvider( 2364): object removed 1797
D/MediaProvider( 2364): object removed 1798
D/MediaProvider( 2364): object removed 1799
D/MediaProvider( 2364): object removed 1800
D/MediaProvider( 2364): object removed 1801
V/AlarmClock( 3306): AlarmInitReceiver finished
D/MediaProvider( 2364): object removed 1802
D/MediaProvider( 2364): object removed 1803
D/MediaProvider( 2364): object removed 1804
D/MediaProvider( 2364): object removed 1805
D/MediaProvider( 2364): object removed 1806
D/MediaProvider( 2364): object removed 1807
D/MediaProvider( 2364): object removed 1808
D/MediaProvider( 2364): object removed 1809
D/MediaProvider( 2364): object removed 1810
D/MediaProvider( 2364): object removed 1811
D/MediaProvider( 2364): object removed 1812
D/MediaProvider( 2364): object removed 1813
D/MediaProvider( 2364): object removed 1814
D/MediaProvider( 2364): object removed 1815
D/MediaProvider( 2364): object removed 1816
D/MediaProvider( 2364): object removed 1817
D/MediaProvider( 2364): object removed 1818
D/MediaProvider( 2364): object removed 1819
D/MediaProvider( 2364): object removed 1820
D/MediaProvider( 2364): object removed 1821
D/MediaProvider( 2364): object removed 1822
D/MediaProvider( 2364): object removed 1823
D/MediaProvider( 2364): object removed 1824
D/MediaProvider( 2364): object removed 1825
D/MediaProvider( 2364): object removed 1826
D/MediaProvider( 2364): object removed 1827
I/ActivityManager( 2202): No longer want com.google.android.apps.genie.geniewidget (pid 2918): empty #17
D/MediaProvider( 2364): object removed 1828
D/MediaProvider( 2364): object removed 1829
D/MediaProvider( 2364): object removed 1830
D/MediaProvider( 2364): object removed 1831
D/MediaProvider( 2364): object removed 1832
D/MediaProvider( 2364): object removed 1833
D/MediaProvider( 2364): object removed 1834
D/MediaProvider( 2364): object removed 1835
D/MediaProvider( 2364): object removed 1836
D/MediaProvider( 2364): object removed 1837
D/MediaProvider( 2364): object removed 1838
D/MediaProvider( 2364): object removed 1839
D/MediaProvider( 2364): object removed 1840
D/MediaProvider( 2364): object removed 1841
D/MediaProvider( 2364): object removed 1842
D/MediaProvider( 2364): object removed 1843
D/MediaProvider( 2364): object removed 1844
D/MediaProvider( 2364): object removed 1845
D/MediaProvider( 2364): object removed 1846
D/MediaProvider( 2364): object removed 1847
D/MediaProvider( 2364): object removed 1848
D/MediaProvider( 2364): object removed 1849
D/MediaProvider( 2364): object removed 1850
D/MediaProvider( 2364): object removed 1851
D/MediaProvider( 2364): object removed 1852
D/MediaProvider( 2364): object removed 1853
D/MediaProvider( 2364): object removed 1854
D/MediaProvider( 2364): object removed 1855
D/MediaProvider( 2364): object removed 1856
D/MediaProvider( 2364): object removed 1857
D/MediaProvider( 2364): object removed 1858
D/MediaProvider( 2364): object removed 1859
D/MediaProvider( 2364): object removed 1860
D/MediaProvider( 2364): object removed 1861
D/MediaProvider( 2364): object removed 1862
D/MediaProvider( 2364): object removed 1863
D/MediaProvider( 2364): object removed 1864
D/MediaProvider( 2364): object removed 1865
D/MediaProvider( 2364): object removed 1866
D/MediaProvider( 2364): object removed 1867
D/MediaProvider( 2364): object removed 1868
D/MediaProvider( 2364): object removed 1869
D/MediaProvider( 2364): object removed 1870
D/MediaProvider( 2364): object removed 1871
D/MediaProvider( 2364): object removed 1872
D/MediaProvider( 2364): object removed 1873
D/MediaProvider( 2364): object removed 1874
D/MediaProvider( 2364): object removed 1875
D/MediaProvider( 2364): object removed 1876
D/MediaProvider( 2364): object removed 1877
D/MediaProvider( 2364): object removed 1878
D/MediaProvider( 2364): object removed 1879
D/MediaProvider( 2364): object removed 1880
D/MediaProvider( 2364): object removed 1881
D/MediaProvider( 2364): object removed 1882
D/MediaProvider( 2364): object removed 1883
D/MediaProvider( 2364): object removed 1884
D/MediaProvider( 2364): object removed 1885
D/MediaProvider( 2364): object removed 1886
D/MediaProvider( 2364): object removed 1887
D/MediaProvider( 2364): object removed 1888
D/MediaProvider( 2364): object removed 1889
D/MediaProvider( 2364): object removed 1890
D/MediaProvider( 2364): object removed 1891
D/MediaProvider( 2364): object removed 1892
D/MediaProvider( 2364): object removed 1893
D/MediaProvider( 2364): object removed 1894
D/MediaProvider( 2364): object removed 1895
D/MediaProvider( 2364): object removed 1896
D/MediaProvider( 2364): object removed 1897
D/MediaProvider( 2364): object removed 1898
D/MediaProvider( 2364): object removed 1899
D/MediaProvider( 2364): object removed 1900
D/MediaProvider( 2364): object removed 1901
D/MediaProvider( 2364): object removed 1902
D/MediaProvider( 2364): object removed 1903
D/MediaProvider( 2364): object removed 1904
D/MediaProvider( 2364): object removed 1905
D/MediaProvider( 2364): object removed 1906
D/MediaProvider( 2364): object removed 1907
D/MediaProvider( 2364): object removed 1908
D/MediaProvider( 2364): object removed 1909
D/MediaProvider( 2364): object removed 1910
D/MediaProvider( 2364): object removed 1911
D/MediaProvider( 2364): object removed 1912
D/MediaProvider( 2364): object removed 1913
D/MediaProvider( 2364): object removed 1914
D/MediaProvider( 2364): object removed 1915
D/MediaProvider( 2364): object removed 1916
D/MediaProvider( 2364): object removed 1917
D/MediaProvider( 2364): object removed 1918
D/MediaProvider( 2364): object removed 1919
D/MediaProvider( 2364): object removed 1920
D/MediaProvider( 2364): object removed 1921
D/MediaProvider( 2364): object removed 1922
D/MediaProvider( 2364): object removed 1923
D/MediaProvider( 2364): object removed 1924
D/MediaProvider( 2364): object removed 1925
D/MediaProvider( 2364): object removed 1926
D/MediaProvider( 2364): object removed 1927
D/MediaProvider( 2364): object removed 1928
D/MediaProvider( 2364): object removed 1929
D/MediaProvider( 2364): object removed 1930
D/MediaProvider( 2364): object removed 1931
D/MediaProvider( 2364): object removed 1932
D/MediaProvider( 2364): object removed 1933
D/MediaProvider( 2364): object removed 1934
D/MediaProvider( 2364): object removed 1935
D/MediaProvider( 2364): object removed 1936
D/MediaProvider( 2364): object removed 1937
D/MediaProvider( 2364): object removed 1938
D/MediaProvider( 2364): object removed 1939
D/MediaProvider( 2364): object removed 1940
D/MediaProvider( 2364): object removed 1941
D/MediaProvider( 2364): object removed 1942
D/MediaProvider( 2364): object removed 1943
D/MediaProvider( 2364): object removed 1944
D/MediaProvider( 2364): object removed 1945
D/MediaProvider( 2364): object removed 1946
D/MediaProvider( 2364): object removed 1947
D/MediaProvider( 2364): object removed 1948
D/MediaProvider( 2364): object removed 1949
D/MediaProvider( 2364): object removed 1950
D/MediaProvider( 2364): object removed 1951
D/MediaProvider( 2364): object removed 1952
D/MediaProvider( 2364): object removed 1953
D/MediaProvider( 2364): object removed 1954
D/MediaProvider( 2364): object removed 1955
D/MediaProvider( 2364): object removed 1956
D/MediaProvider( 2364): object removed 1957
D/MediaProvider( 2364): object removed 1958
D/dalvikvm( 2364): GC_CONCURRENT freed 344K, 67% free 2614K/7696K, paused 2ms+1ms, total 19ms
D/MediaProvider( 2364): object removed 1959
D/MediaProvider( 2364): object removed 1960
D/MediaProvider( 2364): object removed 1961
D/MediaProvider( 2364): object removed 1962
D/MediaProvider( 2364): object removed 1963
D/MediaProvider( 2364): object removed 1964
D/MediaProvider( 2364): object removed 1965
D/MediaProvider( 2364): object removed 1966
D/MediaProvider( 2364): object removed 1967
D/MediaProvider( 2364): object removed 1968
D/MediaProvider( 2364): object removed 1969
D/MediaProvider( 2364): object removed 1970
D/MediaProvider( 2364): object removed 1971
D/MediaProvider( 2364): object removed 1972
D/MediaProvider( 2364): object removed 1973
D/MediaProvider( 2364): object removed 1974
D/MediaProvider( 2364): object removed 1975
D/MediaProvider( 2364): object removed 1976
D/MediaProvider( 2364): object removed 1977
D/MediaProvider( 2364): object removed 1978
D/MediaProvider( 2364): object removed 1979
D/MediaProvider( 2364): object removed 1980
D/MediaProvider( 2364): object removed 1981
D/MediaProvider( 2364): object removed 1982
D/MediaProvider( 2364): object removed 1983
D/MediaProvider( 2364): object removed 1984
D/MediaProvider( 2364): object removed 1985
D/MediaProvider( 2364): object removed 1986
D/MediaProvider( 2364): object removed 1987
D/MediaProvider( 2364): object removed 1988
D/MediaProvider( 2364): object removed 1989
D/MediaProvider( 2364): object removed 1990
D/MediaProvider( 2364): object removed 1991
D/MediaProvider( 2364): object removed 1992
D/MediaProvider( 2364): object removed 1993
D/MediaProvider( 2364): object removed 1994
D/MediaProvider( 2364): object removed 1995
D/MediaProvider( 2364): object removed 1996
D/MediaProvider( 2364): object removed 1997
D/MediaProvider( 2364): object removed 1998
D/MediaProvider( 2364): object removed 1999
D/MediaProvider( 2364): object removed 2000
D/MediaProvider( 2364): object removed 2001
D/MediaProvider( 2364): object removed 2002
D/MediaProvider( 2364): object removed 2003
D/MediaProvider( 2364): object removed 2004
D/MediaProvider( 2364): object removed 2005
D/MediaProvider( 2364): object removed 2006
D/MediaProvider( 2364): object removed 2007
D/MediaProvider( 2364): object removed 2008
D/MediaProvider( 2364): object removed 2009
D/MediaProvider( 2364): object removed 2010
D/MediaProvider( 2364): object removed 2011
D/MediaProvider( 2364): object removed 2012
D/MediaProvider( 2364): object removed 2013
D/MediaProvider( 2364): object removed 2014
D/MediaProvider( 2364): object removed 2015
D/MediaProvider( 2364): object removed 2016
D/MediaProvider( 2364): object removed 2017
D/MediaProvider( 2364): object removed 2018
D/MediaProvider( 2364): object removed 2019
D/MediaProvider( 2364): object removed 2020
D/MediaProvider( 2364): object removed 2021
D/MediaProvider( 2364): object removed 2022
D/MediaProvider( 2364): object removed 2023
D/MediaProvider( 2364): object removed 2024
D/MediaProvider( 2364): object removed 2025
D/MediaProvider( 2364): object removed 2026
D/MediaProvider( 2364): object removed 2027
D/MediaProvider( 2364): object removed 2028
D/MediaProvider( 2364): object removed 2029
I//system/bin/fsck_msdos( 1845): ** Phase 4 - Checking for Lost Files
I//system/bin/fsck_msdos( 1845): 8796 files, 759616 free (23738 clusters)
I/Vold ( 1845): Filesystem check completed OK
I/Vold ( 1845): Device /dev/block/vold/179:25, target /storage/sdcard1 mounted @ /mnt/secure/staging
D/Vold ( 1845): Volume sdcard1 state changing 3 (Checking) -> 4 (Mounted)
D/MountService( 2202): volume state changed for /storage/sdcard1 (checking -> mounted)
E/VoldConnector( 2202): NDC Command {3 volume mount /storage/sdcard1} took too long (25143ms)
D/DirectVolume( 1845): Checking for bad partition major number
D/DirectVolume( 1845): Found bad partition
E/DirectVolume( 1845): Fixing major number from 179 to 259 for partition 11
I/Vold ( 1845): /dev/block/vold/259:3 being considered for volume sdcard0
D/Vold ( 1845): Volume sdcard0 state changing 1 (Idle-Unmounted) -> 3 (Checking)
D/Vold ( 1845): Trying to get filesystem type for /dev/block/vold/259:3
D/MountService( 2202): sendStorageIntent Intent { act=android.intent.action.MEDIA_MOUNTED dat=file:///storage/sdcard1 (has extras) } to UserHandle{-1}
D/MountService( 2202): volume state changed for /storage/sdcard0 (unmounted -> checking)
D/MountService( 2202): sendStorageIntent Intent { act=android.intent.action.MEDIA_CHECKING dat=file:///storage/sdcard0 (has extras) } to UserHandle{-1}
D/SizeAdaptiveLayout( 2304): com.android.internal.widget.SizeAdaptiveLayout{4114c450 V.E..... ......I. 0,0-0,0 #7f090072 app:id/adaptive}child view android.widget.FrameLayout{40d8ed28 G.E..... ......ID 0,0-0,0 #1020324 android:id/status_bar_latest_event_content} measured out of bounds at 95px clamped to 96px
D/MediaScannerReceiver( 2364): action: android.intent.action.MEDIA_MOUNTED path: /storage/sdcard1
D/gp.PicasaSync( 3279): sync account database
D/gp.PicasaSync( 3279): accounts in DB=1
D/gp.PicasaSyncManager( 3279): active network: null
D/gp.PicasaSyncManager( 3279): background data: true
D/gp.PicasaSyncManager( 3279): battery info: true
D/Vold ( 1845): Found vfat filesystem on /dev/block/vold/259:3
I//system/bin/fsck_msdos( 1845): ** /dev/block/vold/259:3
I//system/bin/fsck_msdos( 1845): ** Phase 1 - Read and Compare FATs
I//system/bin/fsck_msdos( 1845): Attempting to allocate 1473 KB for FAT
I//system/bin/fsck_msdos( 1845): Attempting to allocate 1473 KB for FAT
I//system/bin/fsck_msdos( 1845): ** Phase 2 - Check Cluster Chains
I//system/bin/fsck_msdos( 1845): ** Phase 3 - Checking Directories
W/Settings( 2414): Setting auto_time_zone has moved from android.provider.Settings.System to android.provider.Settings.Global, returning read-only value.
D/AlarmManagerService( 2202): Kernel timezone updated to -60 minutes west of GMT
D/ConnectivityService( 2202): ConnectivityChange for mobile: CONNECTED/CONNECTED
D/Tethering( 2202): MasterInitialState.processMessage what=3
I/ActivityManager( 2202): Start proc com.cyanogenmod.updater for broadcast com.cyanogenmod.updater/.receiver.UpdateCheckReceiver: pid=3355 uid=10007 gids={50007, 3003, 1015, 2001, 1028}
I/GTalkService/c( 2543): [AndroidEndpoint@1090337056] connect: acct=1000000, state=CONNECTING
E/Trace ( 3355): error opening trace file: No such file or directory (2)
I/GTalkService/c( 2543): [GTalkConnection@1089398176] connect: acct=1, state=CONNECTING
I/UpdateCheckReceiver( 3355): Got connectivity change, has connection: true
I/UpdateCheckReceiver( 3355): Scheduling future, repeating update checks.
I/ActivityManager( 2202): No longer want com.android.settings (pid 2602): empty #17
D/GpsLocationProvider( 2202): NTP server returned: 1363186818758 (Wed Mar 13 16:00:18 CET 2013) reference: 41435 certainty: 41 system time offset: -1980
D/WeatherUpdateService( 2813): Service started, but shouldn't update ... stopping
I/ActivityManager( 2202): Start proc com.android.settings for broadcast com.android.settings/.cmstats.ReportingServiceManager: pid=3373 uid=1000 gids={41000, 1015, 1028, 3002, 3001, 3003, 3007}
E/Trace ( 3373): error opening trace file: No such file or directory (2)
I/ActivityManager( 2202): No longer want com.google.android.talk (pid 2863): empty #17
I/CheckinService( 2543): Preparing to send checkin request
I/EventLogService( 2543): Accumulating logs since 1363186214616
I/ActivityManager( 2202): Start proc com.google.android.apps.uploader for broadcast com.google.android.apps.uploader/com.google.android.picasasync.ConnectivityReceiver: pid=3389 uid=10058 gids={50058, 3003, 1015, 1028}
D/dalvikvm( 1850): GC_EXPLICIT freed 38K, 70% free 2335K/7696K, paused 1ms+1ms, total 18ms
E/Trace ( 3389): error opening trace file: No such file or directory (2)
D/dalvikvm( 1850): GC_EXPLICIT freed <1K, 70% free 2335K/7696K, paused 1ms+2ms, total 17ms
D/dalvikvm( 1850): GC_EXPLICIT freed <1K, 70% free 2335K/7696K, paused 2ms+1ms, total 17ms
I/ActivityManager( 2202): Start proc com.google.android.gcm for broadcast com.google.android.gms/.gcm.ServiceAutoStarter: pid=3402 uid=10049 gids={50049, 3003, 1007, 1028, 1015, 2001, 3006}
E/Trace ( 3402): error opening trace file: No such file or directory (2)
I/ActivityManager( 2202): Start proc com.android.chrome for broadcast com.android.chrome/com.google.android.apps.chrome.preferences.ConnectionChangeReceiver: pid=3419 uid=10069 gids={50069, 3003, 1015, 1028}
I/ActivityManager( 2202): No longer want com.google.android.gms (pid 2985): empty #17
I/ActivityManager( 2202): No longer want com.google.android.gm (pid 3070): empty #17
E/Trace ( 3419): error opening trace file: No such file or directory (2)
D/PicasaUploader( 3389): wifiOnlyPhoto changed to true
D/PicasaUploader( 3389): wifiOnlyVideo changed to true
D/PicasaUploader( 3389): syncOnBattery changed to true
D/PicasaUploaderSync( 3389): sync account database
D/dalvikvm( 2202): GC_CONCURRENT freed 1144K, 15% free 8263K/9660K, paused 2ms+5ms, total 79ms
D/dalvikvm( 2543): GC_CONCURRENT freed 270K, 63% free 2895K/7696K, paused 11ms+12ms, total 65ms
D/PicasaUploaderSync( 3389): accounts in DB=1
D/PicasaUploaderSyncManager( 3389): active network: NetworkInfo: type: mobile[HSDPA], state: CONNECTED/CONNECTED, reason: dataAttached, extra: orange.fr, roaming: false, failover: false, isAvailable: true
D/PicasaUploaderSyncManager( 3389): background data: true
D/PicasaUploaderSyncManager( 3389): battery info: true
D/dalvikvm( 3279): GC_FOR_ALLOC freed 883K, 21% free 6095K/7696K, paused 68ms, total 74ms
I/dalvikvm-heap( 3279): Grow heap (frag case) to 38.697MB for 33554448-byte allocation
D/gp.PicasaSyncManager( 3279): active network: NetworkInfo: type: mobile[HSDPA], state: CONNECTED/CONNECTED, reason: dataAttached, extra: orange.fr, roaming: false, failover: false, isAvailable: true
D/gp.PicasaSyncManager( 3279): background data: true
I/ActivityManager( 2202): Start proc com.google.android.gms for broadcast com.google.android.gms/.recovery.AccountRecoveryService$Receiver: pid=3443 uid=10049 gids={50049, 3003, 1007, 1028, 1015, 2001, 3006}
I/ActivityManager( 2202): No longer want com.google.android.partnersetup (pid 2941): empty #17
E/Trace ( 3443): error opening trace file: No such file or directory (2)
I/Recovery( 3443): Received: Intent { act=com.google.android.gms.INITIALIZE flg=0x10 pkg=com.google.android.gms cmp=com.google.android.gms/.recovery.AccountRecoveryService$Receiver }
I/Recovery( 3443): Received: Intent { act=com.google.android.gms.INITIALIZE flg=0x10 pkg=com.google.android.gms cmp=com.google.android.gms/.recovery.AccountRecoveryService$Receiver }
D/dalvikvm( 3279): GC_CONCURRENT freed 38K, 5% free 38839K/40468K, paused 4ms+10ms, total 105ms
I/ActivityManager( 2202): No longer want com.google.android.music:main (pid 3128): empty #17
D/dalvikvm( 2364): GC_CONCURRENT freed 371K, 66% free 2627K/7696K, paused 2ms+2ms, total 25ms
D/dalvikvm( 2543): GC_CONCURRENT freed 419K, 63% free 2877K/7696K, paused 2ms+4ms, total 32ms
I/CheckinTask( 2543): Sending checkin request (1983 bytes)
D/ConnectivityService( 2202): handleInetConditionHoldEnd: net=0, condition=100, published condition=0
D/dalvikvm( 2543): GC_CONCURRENT freed 281K, 61% free 3009K/7696K, paused 4ms+5ms, total 33ms
