D/ChromeBrowserSyncAdapter( 3443): no delayed sync
D/dalvikvm( 2366): GC_CONCURRENT freed 391K, 64% free 2771K/7696K, paused 1ms+3ms, total 19ms
D/dalvikvm( 2199): GC_EXPLICIT freed 132K, 23% free 9005K/11600K, paused 2ms+6ms, total 62ms
D/dalvikvm( 2366): GC_CONCURRENT freed 407K, 65% free 2763K/7696K, paused 2ms+2ms, total 24ms
D/dalvikvm( 2199): GC_EXPLICIT freed 101K, 23% free 8988K/11600K, paused 3ms+7ms, total 80ms
D/dalvikvm( 2366): GC_CONCURRENT freed 384K, 65% free 2764K/7696K, paused 11ms+4ms, total 54ms
D/dalvikvm( 2199): GC_EXPLICIT freed 104K, 23% free 8998K/11600K, paused 3ms+5ms, total 58ms
D/dalvikvm( 2366): GC_CONCURRENT freed 386K, 65% free 2766K/7696K, paused 3ms+4ms, total 22ms
D/dalvikvm( 2199): GC_EXPLICIT freed 125K, 23% free 9006K/11600K, paused 2ms+5ms, total 56ms
D/dalvikvm( 2366): GC_CONCURRENT freed 393K, 64% free 2774K/7696K, paused 1ms+2ms, total 30ms
D/dalvikvm( 2199): GC_EXPLICIT freed 115K, 23% free 8992K/11600K, paused 3ms+7ms, total 93ms
D/dalvikvm( 2199): GC_EXPLICIT freed 124K, 23% free 9005K/11600K, paused 2ms+5ms, total 54ms
D/dalvikvm( 2366): GC_CONCURRENT freed 403K, 64% free 2770K/7696K, paused 1ms+4ms, total 21ms
D/dalvikvm( 2199): GC_EXPLICIT freed 100K, 23% free 8988K/11600K, paused 2ms+5ms, total 52ms
D/dalvikvm( 2366): GC_CONCURRENT freed 401K, 65% free 2760K/7696K, paused 2ms+2ms, total 18ms
D/dalvikvm( 2199): GC_EXPLICIT freed 83K, 23% free 8988K/11600K, paused 2ms+5ms, total 59ms
D/dalvikvm( 2366): GC_CONCURRENT freed 397K, 65% free 2763K/7696K, paused 2ms+2ms, total 25ms
D/dalvikvm( 2199): GC_EXPLICIT freed 84K, 23% free 8988K/11600K, paused 2ms+5ms, total 54ms
D/dalvikvm( 2366): GC_CONCURRENT freed 398K, 65% free 2759K/7696K, paused 2ms+2ms, total 18ms
D/dalvikvm( 2199): GC_EXPLICIT freed 84K, 23% free 8988K/11600K, paused 2ms+5ms, total 63ms
D/dalvikvm( 2366): GC_CONCURRENT freed 390K, 65% free 2759K/7696K, paused 3ms+5ms, total 34ms
D/SandboxedProcessLauncher( 3443): Setting up connection to process: slot=3
I/ActivityManager( 2199): Start proc com.android.chrome:sandboxed_process3 for service com.android.chrome/org.chromium.content.app.SandboxedProcessService3: pid=3788 uid=99003 gids={}
W/IInputConnectionWrapper( 3443): getExtractedText on inactive InputConnection
I/HK/LatinKeyboardBaseView( 2385): closing org.pocketworkstation.pckeyboard.LatinKeyboardView{419c0480 V.ED.... ......ID 0,0-480,280 #7f07000a app:id/LatinkeyboardBaseView}
E/Trace ( 3788): error opening trace file: No such file or directory (2)
W/IInputConnectionWrapper( 3443): getCursorCapsMode on inactive InputConnection
I/HK/LatinKeyboardBaseView( 2385): closing org.pocketworkstation.pckeyboard.LatinKeyboardView{419c0480 V.ED.... ......ID 0,0-480,280 #7f07000a app:id/LatinkeyboardBaseView}
W/IInputConnectionWrapper( 3443): clearMetaKeyStates on inactive InputConnection
I/HK/LatinKeyboardBaseView( 2385): closing org.pocketworkstation.pckeyboard.LatinKeyboardView{419c0480 V.ED.... ......ID 0,0-480,280 #7f07000a app:id/LatinkeyboardBaseView}
I/SandboxedProcessService( 3788): Creating new SandboxedProcessService pid=3788
I/LibraryLoader( 3788): loading: chromeview
D/SandboxedProcessLauncher( 3443): on connect callback, pid=3788 context=1374735032
D/dalvikvm( 3788): Trying to load lib /data/app-lib/com.android.chrome-1/libchromeview.so 0x4169e898
D/dalvikvm( 3443): GC_CONCURRENT freed 684K, 37% free 5015K/7956K, paused 2ms+4ms, total 39ms
D/dalvikvm( 3788): Added shared lib /data/app-lib/com.android.chrome-1/libchromeview.so 0x4169e898
I/LibraryLoader( 3788): loaded: chromeview
I/chromium( 3788): [INFO:library_loader_hooks.cc(61)] Chromium logging enabled: level = 0, default verbosity = 0
D/dalvikvm( 2199): GC_EXPLICIT freed 113K, 23% free 8994K/11600K, paused 5ms+9ms, total 114ms
D/dalvikvm( 2366): GC_CONCURRENT freed 382K, 65% free 2765K/7696K, paused 3ms+9ms, total 51ms
D/dalvikvm( 2199): GC_EXPLICIT freed 97K, 23% free 8981K/11600K, paused 4ms+11ms, total 118ms
D/dalvikvm( 2366): GC_CONCURRENT freed 384K, 65% free 2766K/7696K, paused 3ms+5ms, total 23ms
D/dalvikvm( 2199): GC_EXPLICIT freed 84K, 23% free 8981K/11600K, paused 3ms+8ms, total 86ms
D/dalvikvm( 2366): GC_CONCURRENT freed 386K, 65% free 2765K/7696K, paused 3ms+3ms, total 38ms
D/dalvikvm( 2199): GC_EXPLICIT freed 84K, 23% free 8981K/11600K, paused 2ms+7ms, total 73ms
D/lights ( 2199): set_light_buttons off
D/dalvikvm( 2366): GC_CONCURRENT freed 384K, 65% free 2765K/7696K, paused 8ms+4ms, total 29ms
D/dalvikvm( 2199): GC_EXPLICIT freed 83K, 23% free 8981K/11600K, paused 2ms+7ms, total 73ms
D/dalvikvm( 2366): GC_CONCURRENT freed 387K, 65% free 2769K/7696K, paused 3ms+6ms, total 37ms
D/dalvikvm( 2199): GC_EXPLICIT freed 84K, 23% free 8981K/11600K, paused 5ms+10ms, total 103ms
D/Tethering( 2199): TetherModeAliveState.processMessage what=4
D/dalvikvm( 2366): GC_CONCURRENT freed 385K, 65% free 2768K/7696K, paused 2ms+5ms, total 25ms
D/dalvikvm( 2199): GC_EXPLICIT freed 92K, 23% free 8981K/11600K, paused 4ms+6ms, total 84ms
D/dalvikvm( 2199): GC_EXPLICIT freed 83K, 23% free 8981K/11600K, paused 3ms+8ms, total 86ms
D/dalvikvm( 2366): GC_CONCURRENT freed 384K, 65% free 2768K/7696K, paused 3ms+4ms, total 27ms
D/dalvikvm( 2199): GC_EXPLICIT freed 84K, 23% free 8981K/11600K, paused 3ms+7ms, total 84ms
D/dalvikvm( 2366): GC_CONCURRENT freed 393K, 65% free 2760K/7696K, paused 2ms+3ms, total 16ms
D/dalvikvm( 2199): GC_EXPLICIT freed 84K, 23% free 8981K/11600K, paused 6ms+6ms, total 113ms
D/dalvikvm( 2366): GC_CONCURRENT freed 394K, 65% free 2767K/7696K, paused 2ms+5ms, total 40ms
D/dalvikvm( 2199): GC_EXPLICIT freed 84K, 23% free 8981K/11600K, paused 4ms+7ms, total 98ms
D/dalvikvm( 2366): GC_CONCURRENT freed 392K, 65% free 2763K/7696K, paused 2ms+4ms, total 24ms
D/Tethering( 2199): TetherModeAliveState.processMessage what=4
D/dalvikvm( 2199): GC_EXPLICIT freed 90K, 23% free 8982K/11600K, paused 4ms+8ms, total 100ms
D/dalvikvm( 2366): GC_CONCURRENT freed 385K, 65% free 2762K/7696K, paused 2ms+5ms, total 24ms
D/dalvikvm( 2199): GC_EXPLICIT freed 84K, 23% free 8982K/11600K, paused 3ms+7ms, total 74ms
D/dalvikvm( 2366): GC_CONCURRENT freed 384K, 65% free 2763K/7696K, paused 2ms+4ms, total 23ms
D/dalvikvm( 2199): GC_EXPLICIT freed 83K, 23% free 8982K/11600K, paused 3ms+7ms, total 74ms
D/dalvikvm( 2366): GC_CONCURRENT freed 384K, 65% free 2763K/7696K, paused 2ms+2ms, total 16ms
D/dalvikvm( 2199): GC_EXPLICIT freed 84K, 23% free 8982K/11600K, paused 2ms+5ms, total 61ms
D/dalvikvm( 2366): GC_CONCURRENT freed 384K, 65% free 2764K/7696K, paused 3ms+3ms, total 23ms
D/dalvikvm( 2199): GC_EXPLICIT freed 83K, 23% free 8982K/11600K, paused 3ms+6ms, total 124ms
D/dalvikvm( 2366): GC_CONCURRENT freed 383K, 65% free 2766K/7696K, paused 4ms+9ms, total 40ms
D/dalvikvm( 2199): GC_EXPLICIT freed 84K, 23% free 8982K/11600K, paused 5ms+6ms, total 106ms
D/lights ( 2199): set_light_buttons on=1
D/dalvikvm( 2366): GC_CONCURRENT freed 384K, 65% free 2767K/7696K, paused 2ms+5ms, total 22ms
D/dalvikvm( 2199): GC_EXPLICIT freed 83K, 23% free 8982K/11600K, paused 4ms+7ms, total 79ms
I/HK/LatinKeyboardBaseView( 2385): closing org.pocketworkstation.pckeyboard.LatinKeyboardView{419c0480 V.ED.... ......ID 0,0-480,280 #7f07000a app:id/LatinkeyboardBaseView}
I/HK/LatinKeyboardBaseView( 2385): closing org.pocketworkstation.pckeyboard.LatinKeyboardView{419c0480 V.ED.... ......ID 0,0-480,280 #7f07000a app:id/LatinkeyboardBaseView}
D/dalvikvm( 2366): GC_CONCURRENT freed 387K, 65% free 2768K/7696K, paused 2ms+4ms, total 32ms
D/dalvikvm( 2199): GC_EXPLICIT freed 107K, 23% free 8987K/11600K, paused 4ms+6ms, total 111ms
D/dalvikvm( 3443): GC_FOR_ALLOC freed 1242K, 49% free 4110K/7956K, paused 25ms, total 25ms
I/dalvikvm-heap( 3443): Grow heap (frag case) to 5.365MB for 635812-byte allocation
D/dalvikvm( 3443): GC_CONCURRENT freed 6K, 40% free 4774K/7956K, paused 3ms+4ms, total 28ms
D/dalvikvm( 2199): WAIT_FOR_CONCURRENT_GC blocked 1ms
D/dalvikvm( 2199): GC_EXPLICIT freed 135K, 23% free 9011K/11600K, paused 4ms+10ms, total 111ms
D/dalvikvm( 2366): GC_CONCURRENT freed 386K, 65% free 2769K/7696K, paused 3ms+4ms, total 26ms
D/dalvikvm( 2199): GC_EXPLICIT freed 104K, 23% free 8992K/11600K, paused 9ms+11ms, total 144ms
D/SandboxedProcessLauncher( 3443): Setting up connection to process: slot=4
I/ActivityManager( 2199): Start proc com.android.chrome:sandboxed_process4 for service com.android.chrome/org.chromium.content.app.SandboxedProcessService4: pid=3844 uid=99004 gids={}
I/ActivityManager( 2199): Process com.android.chrome:sandboxed_process3 (pid 3788) has died.
W/ActivityManager( 2199): Scheduling restart of crashed service com.android.chrome/org.chromium.content.app.SandboxedProcessService3 in 5000ms
I/chromium( 3443): [INFO:child_process_launcher.cc(335)] ChromeProcess: Stopping process with handle 3788
D/SandboxedProcessLauncher( 3443): stopping sandboxed connection: pid=3788
E/Trace ( 3844): error opening trace file: No such file or directory (2)
W/SandboxedProcessConnection( 3443): onServiceDisconnected (crash?): pid=0
W/IInputConnectionWrapper( 3443): getExtractedText on inactive InputConnection
I/HK/LatinKeyboardBaseView( 2385): closing org.pocketworkstation.pckeyboard.LatinKeyboardView{419c0480 V.ED.... ......ID 0,0-480,280 #7f07000a app:id/LatinkeyboardBaseView}
I/SandboxedProcessService( 3844): Creating new SandboxedProcessService pid=3844
I/LibraryLoader( 3844): loading: chromeview
D/dalvikvm( 3844): Trying to load lib /data/app-lib/com.android.chrome-1/libchromeview.so 0x4169f4e0
W/IInputConnectionWrapper( 3443): getCursorCapsMode on inactive InputConnection
I/HK/LatinKeyboardBaseView( 2385): closing org.pocketworkstation.pckeyboard.LatinKeyboardView{419c0480 V.ED.... ......ID 0,0-480,280 #7f07000a app:id/LatinkeyboardBaseView}
D/SandboxedProcessLauncher( 3443): on connect callback, pid=3844 context=1373097008
W/IInputConnectionWrapper( 3443): clearMetaKeyStates on inactive InputConnection
I/HK/LatinKeyboardBaseView( 2385): closing org.pocketworkstation.pckeyboard.LatinKeyboardView{419c0480 V.ED.... ......ID 0,0-480,280 #7f07000a app:id/LatinkeyboardBaseView}
D/dalvikvm( 2306): GC_CONCURRENT freed 1941K, 21% free 12005K/15184K, paused 1ms+5ms, total 59ms
D/dalvikvm( 3844): Added shared lib /data/app-lib/com.android.chrome-1/libchromeview.so 0x4169f4e0
I/LibraryLoader( 3844): loaded: chromeview
I/chromium( 3844): [INFO:library_loader_hooks.cc(61)] Chromium logging enabled: level = 0, default verbosity = 0
D/dalvikvm( 2366): GC_CONCURRENT freed 390K, 65% free 2770K/7696K, paused 2ms+3ms, total 22ms
D/dalvikvm( 2199): GC_EXPLICIT freed 124K, 23% free 8996K/11600K, paused 3ms+7ms, total 90ms
D/dalvikvm( 2366): GC_CONCURRENT freed 394K, 65% free 2765K/7696K, paused 4ms+5ms, total 36ms
D/dalvikvm( 2199): GC_EXPLICIT freed 99K, 23% free 8982K/11600K, paused 3ms+8ms, total 83ms
D/dalvikvm( 2366): GC_CONCURRENT freed 385K, 65% free 2765K/7696K, paused 3ms+5ms, total 25ms
D/dalvikvm( 2199): GC_EXPLICIT freed 84K, 23% free 8983K/11600K, paused 3ms+5ms, total 79ms
I/chromium( 3443): [INFO:child_process_launcher.cc(335)] ChromeProcess: Stopping process with handle 3629
D/SandboxedProcessLauncher( 3443): stopping sandboxed connection: pid=3629
I/ActivityManager( 2199): Process com.android.chrome:sandboxed_process2 (pid 3629) has died.
D/lights ( 2199): set_light_buttons off
D/dalvikvm( 2366): GC_CONCURRENT freed 387K, 65% free 2766K/7696K, paused 2ms+3ms, total 22ms
D/dalvikvm( 2199): GC_EXPLICIT freed 90K, 23% free 8981K/11600K, paused 2ms+7ms, total 71ms
D/dalvikvm( 2366): GC_CONCURRENT freed 385K, 65% free 2767K/7696K, paused 4ms+8ms, total 51ms
D/dalvikvm( 2199): GC_EXPLICIT freed 97K, 23% free 8981K/11600K, paused 3ms+5ms, total 60ms
D/dalvikvm( 2553): GC_CONCURRENT freed 390K, 62% free 2977K/7696K, paused 1ms+2ms, total 55ms
D/dalvikvm( 2366): GC_CONCURRENT freed 387K, 65% free 2767K/7696K, paused 2ms+12ms, total 34ms
D/dalvikvm( 2199): GC_EXPLICIT freed 102K, 23% free 8982K/11600K, paused 4ms+6ms, total 96ms
D/dalvikvm( 2366): GC_CONCURRENT freed 385K, 65% free 2768K/7696K, paused 3ms+6ms, total 36ms
D/dalvikvm( 2199): GC_EXPLICIT freed 99K, 23% free 8982K/11600K, paused 5ms+5ms, total 116ms
D/lights ( 2199): set_light_buttons on=1
D/dalvikvm( 2366): GC_CONCURRENT freed 387K, 65% free 2768K/7696K, paused 3ms+4ms, total 21ms
D/dalvikvm( 2199): GC_EXPLICIT freed 126K, 23% free 8982K/11600K, paused 5ms+6ms, total 93ms
D/dalvikvm( 2366): GC_CONCURRENT freed 386K, 65% free 2768K/7696K, paused 4ms+5ms, total 34ms
D/dalvikvm( 2199): GC_EXPLICIT freed 85K, 23% free 8981K/11600K, paused 5ms+10ms, total 104ms
D/dalvikvm( 2199): GC_EXPLICIT freed 343K, 23% free 8996K/11600K, paused 3ms+7ms, total 76ms
D/dalvikvm( 2366): GC_CONCURRENT freed 387K, 64% free 2770K/7696K, paused 1ms+4ms, total 16ms
D/lights ( 2199): set_light_buttons off
D/dalvikvm( 2199): GC_EXPLICIT freed 105K, 23% free 8987K/11600K, paused 5ms+10ms, total 115ms
D/dalvikvm( 2366): GC_CONCURRENT freed 396K, 65% free 2766K/7696K, paused 3ms+4ms, total 24ms
D/dalvikvm( 2199): GC_EXPLICIT freed 86K, 23% free 8987K/11600K, paused 4ms+6ms, total 75ms
D/dalvikvm( 2366): GC_CONCURRENT freed 386K, 65% free 2766K/7696K, paused 2ms+3ms, total 22ms
D/dalvikvm( 2199): GC_EXPLICIT freed 85K, 23% free 8986K/11600K, paused 4ms+10ms, total 105ms
D/dalvikvm( 2366): GC_CONCURRENT freed 388K, 65% free 2765K/7696K, paused 4ms+6ms, total 38ms
D/dalvikvm( 2199): GC_EXPLICIT freed 213K, 23% free 8994K/11600K, paused 3ms+8ms, total 81ms
D/dalvikvm( 2366): GC_CONCURRENT freed 384K, 65% free 2766K/7696K, paused 2ms+4ms, total 22ms
D/dalvikvm( 2199): GC_EXPLICIT freed 89K, 23% free 8989K/11600K, paused 3ms+7ms, total 76ms
D/dalvikvm( 2366): GC_CONCURRENT freed 389K, 65% free 2769K/7696K, paused 2ms+5ms, total 39ms
D/dalvikvm( 2199): GC_EXPLICIT freed 95K, 23% free 8989K/11600K, paused 6ms+7ms, total 116ms
D/dalvikvm( 2366): GC_CONCURRENT freed 386K, 65% free 2768K/7696K, paused 3ms+6ms, total 42ms
D/dalvikvm( 2199): GC_EXPLICIT freed 86K, 23% free 8988K/11600K, paused 4ms+7ms, total 88ms
D/dalvikvm( 2366): GC_CONCURRENT freed 385K, 65% free 2769K/7696K, paused 2ms+4ms, total 26ms
D/dalvikvm( 2199): GC_EXPLICIT freed 84K, 23% free 8988K/11600K, paused 3ms+7ms, total 79ms
D/Tethering( 2199): TetherModeAliveState.processMessage what=4
D/dalvikvm( 2366): GC_CONCURRENT freed 385K, 65% free 2768K/7696K, paused 2ms+9ms, total 35ms
D/dalvikvm( 2199): GC_EXPLICIT freed 91K, 23% free 8989K/11600K, paused 3ms+8ms, total 80ms
D/dalvikvm( 2366): GC_CONCURRENT freed 384K, 65% free 2770K/7696K, paused 3ms+3ms, total 26ms
D/dalvikvm( 2199): GC_EXPLICIT freed 84K, 23% free 8989K/11600K, paused 4ms+6ms, total 71ms
D/dalvikvm( 2199): GC_EXPLICIT freed 84K, 23% free 8989K/11600K, paused 6ms+6ms, total 126ms
D/dalvikvm( 2366): GC_CONCURRENT freed 387K, 64% free 2770K/7696K, paused 2ms+5ms, total 42ms
D/dalvikvm( 2199): GC_EXPLICIT freed 85K, 23% free 8988K/11600K, paused 3ms+5ms, total 78ms
D/dalvikvm( 2366): GC_CONCURRENT freed 391K, 65% free 2763K/7696K, paused 2ms+3ms, total 20ms
D/dalvikvm( 2199): GC_EXPLICIT freed 84K, 23% free 8989K/11600K, paused 4ms+7ms, total 73ms
D/dalvikvm( 2366): GC_CONCURRENT freed 387K, 65% free 2765K/7696K, paused 1ms+3ms, total 26ms
D/dalvikvm( 2199): GC_EXPLICIT freed 85K, 23% free 8989K/11600K, paused 4ms+6ms, total 79ms
D/dalvikvm( 2366): GC_CONCURRENT freed 384K, 65% free 2765K/7696K, paused 2ms+5ms, total 25ms
D/dalvikvm( 2199): GC_EXPLICIT freed 83K, 23% free 8989K/11600K, paused 3ms+8ms, total 77ms
D/dalvikvm( 2366): GC_CONCURRENT freed 389K, 65% free 2767K/7696K, paused 4ms+7ms, total 39ms
D/dalvikvm( 2199): GC_EXPLICIT freed 346K, 23% free 9003K/11600K, paused 5ms+11ms, total 112ms
D/dalvikvm( 2366): GC_CONCURRENT freed 384K, 65% free 2767K/7696K, paused 2ms+4ms, total 21ms
I/PowerManagerService( 2199): Going to sleep due to screen timeout...
D/dalvikvm( 2199): GC_EXPLICIT freed 222K, 23% free 9003K/11600K, paused 3ms+7ms, total 174ms
D/SurfaceFlinger( 1855): Screen released, type=0 flinger=0x4176c318
D/AKMD2 ( 2199): akm_disable_sensor: Accel is disabled. (orien = 0)
I/AKMD2 ( 2199): enable_accelerometer, mEnabled = 1, enable = 0
I/HK/LatinKeyboardBaseView( 2385): closing org.pocketworkstation.pckeyboard.LatinKeyboardView{419c0480 V.ED.... ......ID 0,0-480,280 #7f07000a app:id/LatinkeyboardBaseView}
D/TinyALSA-Audio Hardware( 1858): audio_hw_set_parameters(0x41286a68, screen_state=off)++
D/TinyALSA-Audio Hardware( 1858): audio_hw_set_parameters(0x41286a68, screen_state=off)-- (PARAMETER ERROR)
D/dalvikvm( 2366): GC_CONCURRENT freed 387K, 65% free 2766K/7696K, paused 1ms+4ms, total 22ms
D/dalvikvm( 2199): GC_EXPLICIT freed 800K, 23% free 9012K/11600K, paused 4ms+6ms, total 76ms
D/dalvikvm( 2366): GC_CONCURRENT freed 385K, 65% free 2767K/7696K, paused 2ms+4ms, total 25ms
D/dalvikvm( 2199): GC_EXPLICIT freed 229K, 23% free 9006K/11600K, paused 4ms+10ms, total 108ms
D/dalvikvm( 2366): GC_CONCURRENT freed 386K, 65% free 2768K/7696K, paused 2ms+4ms, total 25ms
D/dalvikvm( 2199): GC_EXPLICIT freed 88K, 23% free 9002K/11600K, paused 3ms+7ms, total 78ms
D/PhoneStatusBar( 2306): disable: < expand icons alerts ticker system_info back home RECENT* clock search > V/TAG ( 2199): bug 7643792: fitSystemWindows([0,38][0,0])
D/PhoneStatusBar( 2306): disable: < expand icons alerts ticker system_info BACK* HOME* RECENT CLOCK* search > D/dalvikvm( 2199): GC_CONCURRENT freed 1100K, 18% free 9572K/11600K, paused 2ms+5ms, total 60ms
D/dalvikvm( 2199): WAIT_FOR_CONCURRENT_GC blocked 25ms
D/dalvikvm( 2199): WAIT_FOR_CONCURRENT_GC blocked 30ms
D/dalvikvm( 2366): GC_CONCURRENT freed 385K, 65% free 2768K/7696K, paused 2ms+3ms, total 19ms
D/dalvikvm( 2199): GC_FOR_ALLOC freed 682K, 20% free 9314K/11600K, paused 41ms, total 41ms
D/dalvikvm( 2199): GC_FOR_ALLOC freed 9K, 19% free 9408K/11600K, paused 39ms, total 39ms
I/dalvikvm-heap( 2199): Grow heap (frag case) to 10.034MB for 104992-byte allocation
D/dalvikvm( 2199): GC_EXPLICIT freed 424K, 19% free 9581K/11704K, paused 3ms+7ms, total 86ms
D/dalvikvm( 2366): GC_CONCURRENT freed 392K, 65% free 2763K/7696K, paused 2ms+3ms, total 23ms
D/dalvikvm( 2199): GC_EXPLICIT freed 238K, 19% free 9564K/11704K, paused 2ms+5ms, total 55ms
D/dalvikvm( 2366): GC_CONCURRENT freed 385K, 65% free 2764K/7696K, paused 3ms+5ms, total 32ms
D/dalvikvm( 3443): GC_CONCURRENT freed 568K, 38% free 4934K/7956K, paused 3ms+5ms, total 32ms
D/dalvikvm( 2199): GC_EXPLICIT freed 640K, 23% free 9023K/11684K, paused 5ms+6ms, total 110ms
D/SandboxedProcessLauncher( 3443): Setting up connection to process: slot=5
I/ActivityManager( 2199): Start proc com.android.chrome:sandboxed_process5 for service com.android.chrome/org.chromium.content.app.SandboxedProcessService5: pid=3993 uid=99005 gids={}
D/dalvikvm( 1856): GC_EXPLICIT freed 36K, 70% free 2335K/7696K, paused 1ms+1ms, total 17ms
E/Trace ( 3993): error opening trace file: No such file or directory (2)
D/dalvikvm( 1856): GC_EXPLICIT freed <1K, 70% free 2335K/7696K, paused 1ms+2ms, total 19ms
I/SandboxedProcessService( 3993): Creating new SandboxedProcessService pid=3993
D/SandboxedProcessLauncher( 3443): on connect callback, pid=3993 context=1371186936
D/dalvikvm( 1856): GC_EXPLICIT freed <1K, 70% free 2335K/7696K, paused 2ms+1ms, total 18ms
I/LibraryLoader( 3993): loading: chromeview
D/dalvikvm( 3993): Trying to load lib /data/app-lib/com.android.chrome-1/libchromeview.so 0x416a0128
D/dalvikvm( 3993): Added shared lib /data/app-lib/com.android.chrome-1/libchromeview.so 0x416a0128
I/LibraryLoader( 3993): loaded: chromeview
I/chromium( 3993): [INFO:library_loader_hooks.cc(61)] Chromium logging enabled: level = 0, default verbosity = 0
I/chromium( 3993): [INFO:sandboxed_process_service.cc(109)] SandboxedProcessService: Exiting sandboxed process.
W/SandboxedProcessConnection( 3443): onServiceDisconnected (crash?): pid=3993
I/ActivityManager( 2199): Process com.android.chrome:sandboxed_process5 (pid 3993) has died.
D/SandboxedProcessLauncher( 3443): stopping sandboxed connection: pid=3993
W/ActivityManager( 2199): Scheduling restart of crashed service com.android.chrome/org.chromium.content.app.SandboxedProcessService5 in 5000ms
D/dalvikvm( 2366): GC_CONCURRENT freed 384K, 65% free 2764K/7696K, paused 2ms+3ms, total 21ms
D/dalvikvm( 2199): GC_EXPLICIT freed 92K, 23% free 9024K/11684K, paused 3ms+7ms, total 78ms
D/dalvikvm( 2366): GC_CONCURRENT freed 383K, 65% free 2766K/7696K, paused 3ms+3ms, total 22ms
D/dalvikvm( 2199): GC_EXPLICIT freed 86K, 23% free 9022K/11684K, paused 3ms+7ms, total 77ms
D/dalvikvm( 2366): GC_CONCURRENT freed 384K, 65% free 2765K/7696K, paused 3ms+3ms, total 25ms
D/dalvikvm( 2199): GC_EXPLICIT freed 84K, 23% free 9022K/11684K, paused 3ms+7ms, total 73ms
D/dalvikvm( 2366): GC_CONCURRENT freed 384K, 65% free 2767K/7696K, paused 3ms+3ms, total 23ms
D/dalvikvm( 2199): GC_EXPLICIT freed 84K, 23% free 9022K/11684K, paused 3ms+7ms, total 84ms
D/dalvikvm( 2366): GC_CONCURRENT freed 384K, 65% free 2767K/7696K, paused 2ms+3ms, total 28ms
D/dalvikvm( 2199): GC_EXPLICIT freed 344K, 23% free 9036K/11684K, paused 3ms+7ms, total 82ms
D/dalvikvm( 2366): GC_CONCURRENT freed 383K, 65% free 2767K/7696K, paused 2ms+4ms, total 22ms
D/dalvikvm( 2199): GC_EXPLICIT freed 95K, 23% free 9027K/11684K, paused 3ms+7ms, total 78ms
D/dalvikvm( 2366): GC_CONCURRENT freed 384K, 65% free 2768K/7696K, paused 2ms+3ms, total 24ms
D/dalvikvm( 2199): GC_EXPLICIT freed 93K, 23% free 9027K/11684K, paused 3ms+5ms, total 75ms
D/dalvikvm( 2366): GC_CONCURRENT freed 383K, 65% free 2769K/7696K, paused 3ms+3ms, total 26ms
D/dalvikvm( 2199): GC_EXPLICIT freed 85K, 23% free 9026K/11684K, paused 3ms+6ms, total 69ms
D/dalvikvm( 2199): GC_EXPLICIT freed 84K, 23% free 9027K/11684K, paused 3ms+9ms, total 79ms
D/dalvikvm( 2366): GC_CONCURRENT freed 384K, 64% free 2771K/7696K, paused 3ms+3ms, total 22ms
D/dalvikvm( 2199): GC_EXPLICIT freed 84K, 23% free 9026K/11684K, paused 2ms+4ms, total 69ms
D/dalvikvm( 2366): GC_CONCURRENT freed 395K, 65% free 2764K/7696K, paused 2ms+5ms, total 41ms
D/Tethering( 2199): TetherModeAliveState.processMessage what=4
D/dalvikvm( 2199): GC_EXPLICIT freed 90K, 23% free 9027K/11684K, paused 3ms+4ms, total 75ms
D/dalvikvm( 2366): GC_CONCURRENT freed 385K, 65% free 2765K/7696K, paused 3ms+4ms, total 20ms
D/dalvikvm( 2199): GC_EXPLICIT freed 134K, 23% free 9028K/11684K, paused 3ms+8ms, total 79ms
D/dalvikvm( 2366): GC_CONCURRENT freed 384K, 65% free 2764K/7696K, paused 3ms+4ms, total 31ms
D/lights ( 2199): set_light_buttons on=1
D/AKMD2 ( 2199): akm_enable_sensor: Accel is enabled. (orien = 0)
I/AKMD2 ( 2199): enable_accelerometer, mEnabled = 0, enable = 1
I/PowerManagerService( 2199): Waking up from sleep...
I/WindowManager( 2199): Lock screen displayed!
D/TinyALSA-Audio Hardware( 1858): audio_hw_set_parameters(0x41286a68, screen_state=on)++
D/TinyALSA-Audio Hardware( 1858): audio_hw_set_parameters(0x41286a68, screen_state=on)-- (PARAMETER ERROR)
D/PowerManagerService-JNI( 2199): Excessive delay in autosuspend_disable() while turning screen on: 192ms
D/SurfaceFlinger( 1855): Screen acquired, type=0 flinger=0x4176c318
D/dalvikvm( 2199): GC_EXPLICIT freed 690K, 23% free 9041K/11684K, paused 2ms+12ms, total 78ms
D/dalvikvm( 2366): GC_CONCURRENT freed 385K, 65% free 2766K/7696K, paused 2ms+4ms, total 20ms
D/PhoneStatusBar( 2306): disable: < expand icons alerts ticker system_info BACK HOME recent* CLOCK search > I/HK/LatinKeyboardBaseView( 2385): closing org.pocketworkstation.pckeyboard.LatinKeyboardView{419c0480 V.ED.... ......ID 0,0-480,280 #7f07000a app:id/LatinkeyboardBaseView}
W/InputMethodManagerService( 2199): Window already focused, ignoring focus gain of: com.android.internal.view.IInputMethodClient$Stub$Proxy@41cba930 attribute=android.view.inputmethod.EditorInfo@41cbf488, token = android.os.BinderProxy@4199e508
D/PhoneStatusBar( 2306): disable: < expand icons alerts ticker system_info back* home* recent clock* search > D/dalvikvm( 2199): GC_EXPLICIT freed 671K, 23% free 9054K/11684K, paused 4ms+6ms, total 76ms
V/TAG ( 2199): bug 7643792: fitSystemWindows([0,38][0,0])
D/SizeAdaptiveLayout( 2306): com.android.internal.widget.SizeAdaptiveLayout{417cb5e8 V.E..... ......I. 0,0-0,0 #7f090072 app:id/adaptive}child view android.widget.FrameLayout{417cdf10 G.E..... ......ID 0,0-0,0 #1020324 android:id/status_bar_latest_event_content} measured out of bounds at 95px clamped to 96px
D/SizeAdaptiveLayout( 2306): com.android.internal.widget.SizeAdaptiveLayout{417cb5e8 V.E..... ......I. 0,0-0,0 #7f090072 app:id/adaptive}child view android.widget.FrameLayout{417cdf10 G.E..... ......ID 0,0-0,0 #1020324 android:id/status_bar_latest_event_content} measured out of bounds at 95px clamped to 96px
D/dalvikvm( 2366): GC_CONCURRENT freed 387K, 65% free 2766K/7696K, paused 3ms+9ms, total 35ms
D/dalvikvm( 2199): GC_EXPLICIT freed 123K, 23% free 9041K/11684K, paused 3ms+5ms, total 75ms
I/ActivityManager( 2199): START u0 {flg=0x40000000 cmp=com.android.settings/.TetherSettings bnds=[0,282][480,377]} from pid -1
W/ActivityManager( 2199): startActivity called from non-Activity context; forcing Intent.FLAG_ACTIVITY_NEW_TASK for: Intent { flg=0x40800000 cmp=com.android.settings/.TetherSettings bnds=[0,282][480,377] }
D/dalvikvm( 2199): GC_FOR_ALLOC freed 29K, 23% free 9074K/11684K, paused 85ms, total 86ms
I/dalvikvm-heap( 2199): Grow heap (frag case) to 9.812MB for 214528-byte allocation
W/KeyguardViewMediator( 2199): verifyUnlock called when not externally disabled
D/BluetoothManagerService( 2199): Message: 30
D/BluetoothPan( 3394): BluetoothPan() call bindService
W/ContextImpl( 3394): Calling a method in the system process without a qualified user: android.app.ContextImpl.bindService:1458 android.content.ContextWrapper.bindService:473 android.bluetooth.BluetoothPan.:141 android.bluetooth.BluetoothAdapter.getProfileProxy:1164 com.android.settings.TetherSettings.onCreate:119
D/BluetoothPan( 3394): BluetoothPan(), bindService called
D/BluetoothAdapter( 3394): 1098627352: getState() : mService = null. Returning STATE_OFF
D/BluetoothAdapter( 3394): 1098627352: getState() : mService = null. Returning STATE_OFF
D/BluetoothAdapter( 3394): 1098627352: getState() : mService = null. Returning STATE_OFF
D/BluetoothAdapter( 3394): 1098627352: getState() : mService = null. Returning STATE_OFF
I/ActivityManager( 2199): Displayed com.android.settings/.TetherSettings: +308ms
W/IInputConnectionWrapper( 3443): showStatusIcon on inactive InputConnection
D/dalvikvm( 2366): GC_CONCURRENT freed 388K, 65% free 2768K/7696K, paused 3ms+4ms, total 26ms
D/dalvikvm( 2199): GC_FOR_ALLOC freed 625K, 23% free 9170K/11896K, paused 68ms, total 68ms
D/CommandListener( 1852): Setting iface cfg
D/CommandListener( 1852): Trying to bring up wlan0
D/Tethering( 2199): Untethering wlan0
D/Tethering( 2199): TetheredState.processMessage what=3
D/Tethering( 2199): Untethered wlan0
D/SoftapController( 1852): Stopping Softap service
I/hostapd ( 3708): wlan0: AP-STA-DISCONNECTED 00:22:43:14:e7:04
W/hostapd ( 3708): wlan0: Could not connect to kernel driver
D/BluetoothAdapter( 3394): 1098627352: getState() : mService = null. Returning STATE_OFF
D/Tethering( 2199): sendTetherStateChangedBroadcast 1, 0, 0
D/Tethering( 2199): TetherModeAliveState.processMessage what=2
D/Tethering( 2199): TetherModeAlive removing notifyee wlan0 - InitialState - Available - lastError =0
D/SoftapController( 1852): Softap service stopped
D/TetherController( 1852): Stopping tethering services
I/dnsmasq ( 3709): exiting on receipt of SIGTERM
D/TetherController( 1852): Tethering services stopped
E/NetdConnector( 2199): NDC Command {45 softap stopap} took too long (956ms)
D/TetherController( 1852): Setting IP forward enable = 0
E/NetdConnector( 2199): NDC Command {46 tether stop} took too long (949ms)
D/SoftapController( 1852): Softap fwReload - Ok
D/Tethering( 2199): notifying tethered with iface =null
D/Tethering( 2199): InitialState.processMessage what=4
D/ConnectivityService( 2199): stopUsingNetworkFeature: teardown net 0: enableDUNAlways
D/Tethering( 2199): sendTetherStateChangedBroadcast 0, 0, 0
D/BluetoothAdapter( 3394): 1098627352: getState() : mService = null. Returning STATE_OFF
D/dalvikvm( 2366): GC_CONCURRENT freed 387K, 65% free 2767K/7696K, paused 3ms+3ms, total 25ms
W/Netd ( 1852): No subsystem found in netlink event
D/NetlinkEvent( 1852): Unexpected netlink message. type=0x11
W/Netd ( 1852): No subsystem found in netlink event
D/NetlinkEvent( 1852): Unexpected netlink message. type=0x11
D/dalvikvm( 2199): GC_EXPLICIT freed 441K, 24% free 9067K/11896K, paused 4ms+4ms, total 77ms
D/ConnectivityService( 2199): ConnectivityChange for mobile_dun: DISCONNECTED/DISCONNECTED
E/SecondaryTablController( 1852): ip route del failed: /system/bin/ip route del 10.222.31.1/32 via 0.0.0.0 dev rmnet1 table 60
W/FrameworkListener( 1852): Handler 'interface' error (No such device)
E/SecondaryTablController( 1852): ip route del failed: /system/bin/ip route del 0.0.0.0/0 via 10.222.31.1 dev rmnet1 table 60
W/FrameworkListener( 1852): Handler 'interface' error (No such device)
D/NetUtils( 2199): android_net_utils_resetConnections in env=0x52ae7c38 clazz=0x7ef00001 iface=rmnet1 mask=0x3
D/ConnectivityService( 2199): resetConnections(rmnet1, 3)
D/dalvikvm( 2366): GC_CONCURRENT freed 382K, 65% free 2768K/7696K, paused 2ms+4ms, total 22ms
D/dalvikvm( 2199): GC_EXPLICIT freed 309K, 24% free 9065K/11896K, paused 3ms+7ms, total 75ms
D/lights ( 2199): set_light_buttons off
D/dalvikvm( 2199): GC_EXPLICIT freed 90K, 24% free 9059K/11896K, paused 5ms+7ms, total 94ms
D/dalvikvm( 2366): GC_CONCURRENT freed 383K, 65% free 2770K/7696K, paused 2ms+4ms, total 18ms
D/Tethering( 2199): MasterInitialState.processMessage what=3
I/UpdateCheckReceiver( 3378): Got connectivity change, has connection: true
D/Tethering( 2199): MasterInitialState.processMessage what=3
I/UpdateCheckReceiver( 3378): Scheduling future, repeating update checks.
D/WeatherUpdateService( 2813): Service started, but shouldn't update ... stopping
I/UpdateCheckReceiver( 3378): Got connectivity change, has connection: true
I/UpdateCheckReceiver( 3378): Scheduling future, repeating update checks.
D/WeatherUpdateService( 2813): Service started, but shouldn't update ... stopping
D/gp.PicasaSyncManager( 3255): active network: NetworkInfo: type: mobile[HSDPA], state: CONNECTED/CONNECTED, reason: dataAttached, extra: orange.fr, roaming: false, failover: false, isAvailable: true
D/gp.PicasaSyncManager( 3255): background data: true
D/gp.PicasaSyncManager( 3255): active network: NetworkInfo: type: mobile[HSDPA], state: CONNECTED/CONNECTED, reason: dataAttached, extra: orange.fr, roaming: false, failover: false, isAvailable: true
D/gp.PicasaSyncManager( 3255): background data: true
D/ConnectivityService( 2199): handleInetConditionHoldEnd: net=0, condition=100, published condition=100
D/dalvikvm( 2199): GC_EXPLICIT freed 283K, 24% free 9073K/11896K, paused 3ms+7ms, total 76ms
D/dalvikvm( 2366): GC_CONCURRENT freed 393K, 65% free 2764K/7696K, paused 3ms+6ms, total 37ms
D/dalvikvm( 2199): GC_EXPLICIT freed 87K, 24% free 9069K/11896K, paused 5ms+7ms, total 97ms
D/dalvikvm( 2366): GC_CONCURRENT freed 388K, 65% free 2767K/7696K, paused 2ms+2ms, total 26ms
D/dalvikvm( 2199): GC_EXPLICIT freed 95K, 24% free 9069K/11896K, paused 5ms+11ms, total 117ms
D/dalvikvm( 2366): GC_CONCURRENT freed 387K, 65% free 2765K/7696K, paused 3ms+7ms, total 35ms
D/dalvikvm( 2199): GC_EXPLICIT freed 97K, 24% free 9068K/11896K, paused 3ms+8ms, total 86ms
D/dalvikvm( 2366): GC_CONCURRENT freed 383K, 65% free 2766K/7696K, paused 2ms+5ms, total 22ms
D/dalvikvm( 2199): GC_EXPLICIT freed 85K, 24% free 9067K/11896K, paused 2ms+7ms, total 73ms
D/dalvikvm( 2366): GC_CONCURRENT freed 384K, 65% free 2767K/7696K, paused 3ms+6ms, total 36ms
D/dalvikvm( 2199): GC_EXPLICIT freed 88K, 24% free 9068K/11896K, paused 4ms+11ms, total 114ms
D/dalvikvm( 2366): GC_CONCURRENT freed 385K, 65% free 2767K/7696K, paused 2ms+3ms, total 32ms
D/dalvikvm( 2199): GC_EXPLICIT freed 85K, 24% free 9068K/11896K, paused 3ms+5ms, total 71ms
D/dalvikvm( 2366): GC_CONCURRENT freed 384K, 65% free 2769K/7696K, paused 2ms+3ms, total 19ms
D/dalvikvm( 2199): GC_EXPLICIT freed 151K, 24% free 9072K/11896K, paused 3ms+6ms, total 67ms
D/dalvikvm( 2366): GC_CONCURRENT freed 384K, 65% free 2768K/7696K, paused 2ms+5ms, total 24ms
D/dalvikvm( 2199): GC_EXPLICIT freed 86K, 24% free 9070K/11896K, paused 4ms+6ms, total 76ms
D/dalvikvm( 2199): GC_EXPLICIT freed 222K, 24% free 9078K/11896K, paused 3ms+7ms, total 83ms
D/dalvikvm( 2366): GC_CONCURRENT freed 385K, 65% free 2770K/7696K, paused 1ms+3ms, total 16ms
D/dalvikvm( 2199): GC_EXPLICIT freed 99K, 24% free 9072K/11896K, paused 3ms+7ms, total 76ms
D/dalvikvm( 2366): GC_CONCURRENT freed 394K, 65% free 2762K/7696K, paused 3ms+4ms, total 26ms
D/dalvikvm( 2199): GC_EXPLICIT freed 88K, 24% free 9072K/11896K, paused 3ms+5ms, total 64ms
D/dalvikvm( 2366): GC_CONCURRENT freed 383K, 65% free 2763K/7696K, paused 3ms+4ms, total 20ms
D/dalvikvm( 2199): GC_EXPLICIT freed 84K, 24% free 9072K/11896K, paused 3ms+5ms, total 69ms
D/dalvikvm( 2366): GC_CONCURRENT freed 384K, 65% free 2765K/7696K, paused 3ms+3ms, total 20ms
D/Tethering( 2199): MasterInitialState.processMessage what=4
D/dalvikvm( 2199): GC_EXPLICIT freed 87K, 24% free 9072K/11896K, paused 3ms+5ms, total 80ms
I/PowerManagerService( 2199): Going to sleep due to screen timeout...
D/dalvikvm( 2366): GC_CONCURRENT freed 384K, 65% free 2764K/7696K, paused 4ms+3ms, total 20ms
D/SurfaceFlinger( 1855): Screen released, type=0 flinger=0x4176c318
D/AKMD2 ( 2199): akm_disable_sensor: Accel is disabled. (orien = 0)
I/AKMD2 ( 2199): enable_accelerometer, mEnabled = 1, enable = 0
I/HK/LatinKeyboardBaseView( 2385): closing org.pocketworkstation.pckeyboard.LatinKeyboardView{419c0480 V.ED.... ......ID 0,0-480,280 #7f07000a app:id/LatinkeyboardBaseView}
D/TinyALSA-Audio Hardware( 1858): audio_hw_set_parameters(0x41286a68, screen_state=off)++
D/TinyALSA-Audio Hardware( 1858): audio_hw_set_parameters(0x41286a68, screen_state=off)-- (PARAMETER ERROR)
D/dalvikvm( 2199): GC_EXPLICIT freed 451K, 22% free 9291K/11896K, paused 5ms+10ms, total 114ms
D/dalvikvm( 2366): GC_CONCURRENT freed 384K, 65% free 2766K/7696K, paused 2ms+3ms, total 23ms
D/dalvikvm( 2199): GC_EXPLICIT freed 91K, 22% free 9284K/11896K, paused 3ms+7ms, total 79ms
D/dalvikvm( 2366): GC_CONCURRENT freed 385K, 65% free 2766K/7696K, paused 3ms+5ms, total 33ms
D/dalvikvm( 2199): GC_EXPLICIT freed 83K, 22% free 9284K/11896K, paused 6ms+10ms, total 103ms
D/PhoneStatusBar( 2306): disable: < expand icons alerts ticker system_info back home RECENT* clock search > V/TAG ( 2199): bug 7643792: fitSystemWindows([0,38][0,0])
D/PhoneStatusBar( 2306): disable: < expand icons alerts ticker system_info BACK* HOME* RECENT CLOCK* search > D/dalvikvm( 2366): GC_CONCURRENT freed 382K, 65% free 2767K/7696K, paused 3ms+2ms, total 15ms
D/dalvikvm( 2199): GC_EXPLICIT freed 981K, 19% free 9752K/11896K, paused 3ms+9ms, total 76ms
D/dalvikvm( 2366): GC_CONCURRENT freed 384K, 65% free 2767K/7696K, paused 3ms+3ms, total 22ms
D/dalvikvm( 2199): GC_EXPLICIT freed 564K, 22% free 9282K/11896K, paused 3ms+8ms, total 80ms
D/dalvikvm( 2366): GC_CONCURRENT freed 384K, 65% free 2769K/7696K, paused 3ms+5ms, total 31ms
D/dalvikvm( 2199): GC_EXPLICIT freed 84K, 22% free 9282K/11896K, paused 4ms+6ms, total 77ms
D/dalvikvm( 2366): GC_CONCURRENT freed 384K, 65% free 2769K/7696K, paused 2ms+4ms, total 22ms
D/dalvikvm( 2199): GC_EXPLICIT freed 97K, 22% free 9282K/11896K, paused 3ms+5ms, total 68ms
D/dalvikvm( 2199): GC_EXPLICIT freed 84K, 22% free 9281K/11896K, paused 4ms+7ms, total 90ms
D/dalvikvm( 2366): GC_CONCURRENT freed 385K, 64% free 2771K/7696K, paused 2ms+3ms, total 21ms
D/lights ( 2199): set_light_buttons on=1
D/AKMD2 ( 2199): akm_enable_sensor: Accel is enabled. (orien = 0)
I/AKMD2 ( 2199): enable_accelerometer, mEnabled = 0, enable = 1
I/PowerManagerService( 2199): Waking up from sleep...
D/TinyALSA-Audio Hardware( 1858): audio_hw_set_parameters(0x41286a68, screen_state=on)++
D/TinyALSA-Audio Hardware( 1858): audio_hw_set_parameters(0x41286a68, screen_state=on)-- (PARAMETER ERROR)
I/WindowManager( 2199): Lock screen displayed!
D/PowerManagerService-JNI( 2199): Excessive delay in autosuspend_disable() while turning screen on: 196ms
D/SurfaceFlinger( 1855): Screen acquired, type=0 flinger=0x4176c318
D/dalvikvm( 2199): GC_EXPLICIT freed 687K, 22% free 9294K/11896K, paused 3ms+6ms, total 73ms
D/dalvikvm( 2366): GC_CONCURRENT freed 394K, 65% free 2763K/7696K, paused 3ms+3ms, total 18ms
D/dalvikvm( 2199): GC_EXPLICIT freed 109K, 22% free 9285K/11896K, paused 3ms+7ms, total 74ms
D/dalvikvm( 2366): GC_CONCURRENT freed 383K, 65% free 2763K/7696K, paused 3ms+3ms, total 22ms
D/BluetoothAdapter( 3394): 1098627352: getState() : mService = null. Returning STATE_OFF
D/PhoneStatusBar( 2306): disable: < expand icons alerts ticker system_info BACK HOME recent* CLOCK search > D/BluetoothAdapter( 3394): 1098627352: getState() : mService = null. Returning STATE_OFF
D/BluetoothAdapter( 3394): 1098627352: getState() : mService = null. Returning STATE_OFF
D/BluetoothAdapter( 3394): 1098627352: getState() : mService = null. Returning STATE_OFF
I/HK/LatinKeyboardBaseView( 2385): closing org.pocketworkstation.pckeyboard.LatinKeyboardView{419c0480 V.ED.... ......ID 0,0-480,280 #7f07000a app:id/LatinkeyboardBaseView}
W/InputMethodManagerService( 2199): Window already focused, ignoring focus gain of: com.android.internal.view.IInputMethodClient$Stub$Proxy@41783790 attribute=android.view.inputmethod.EditorInfo@417231e0, token = android.os.BinderProxy@41755058
D/PhoneStatusBar( 2306): disable: < expand icons alerts ticker system_info back* home* recent clock* search > V/TAG ( 2199): bug 7643792: fitSystemWindows([0,38][0,0])
D/dalvikvm( 2199): GC_EXPLICIT freed 514K, 22% free 9300K/11896K, paused 5ms+8ms, total 109ms
D/dalvikvm( 2366): GC_CONCURRENT freed 384K, 65% free 2765K/7696K, paused 2ms+4ms, total 20ms
D/ConnectivityService( 2199): stopUsingNetworkFeature: teardown net 0: enableDUNAlways
D/dalvikvm( 2199): GC_EXPLICIT freed 122K, 22% free 9289K/11896K, paused 4ms+10ms, total 107ms
D/dalvikvm( 2366): GC_CONCURRENT freed 387K, 65% free 2765K/7696K, paused 3ms+6ms, total 35ms
D/dalvikvm( 2199): GC_EXPLICIT freed 84K, 22% free 9288K/11896K, paused 3ms+8ms, total 86ms
D/lights ( 2199): set_light_buttons off
D/dalvikvm( 2366): GC_CONCURRENT freed 385K, 65% free 2767K/7696K, paused 3ms+4ms, total 30ms
D/lights ( 2199): set_light_buttons on=1
D/dalvikvm( 2199): GC_EXPLICIT freed 130K, 22% free 9288K/11896K, paused 4ms+6ms, total 76ms
D/Tethering( 2199): sendTetherStateChangedBroadcast 1, 0, 0
D/BluetoothAdapter( 3394): 1098627352: getState() : mService = null. Returning STATE_OFF
D/Tethering( 2199): InitialState.processMessage what=4
D/Tethering( 2199): sendTetherStateChangedBroadcast 0, 0, 0
D/SoftapController( 1852): Softap fwReload - Ok
D/BluetoothAdapter( 3394): 1098627352: getState() : mService = null. Returning STATE_OFF
D/SoftapController( 1852): Softap startap - Ok
E/hostapd ( 4225): Configuration file: /data/misc/wifi/hostapd.conf
I/hostapd ( 4225): rfkill: Cannot open RFKILL control device
D/Tethering( 2199): sendTetherStateChangedBroadcast 1, 0, 0
D/BluetoothAdapter( 3394): 1098627352: getState() : mService = null. Returning STATE_OFF
W/hostapd ( 4225): wlan0: Could not connect to kernel driver
E/hostapd ( 4225): Using interface wlan0 with hwaddr 98:0c:82:19:af:12 and ssid 'qwerty'
D/CommandListener( 1852): Setting iface cfg
D/CommandListener( 1852): Trying to bring up wlan0
D/Tethering( 2199): Tethering wlan0
D/Tethering( 2199): InitialState.processMessage what=2
D/Tethering( 2199): sendTetherStateChangedBroadcast 0, 0, 0
D/BluetoothAdapter( 3394): 1098627352: getState() : mService = null. Returning STATE_OFF
D/dalvikvm( 2366): GC_CONCURRENT freed 387K, 65% free 2766K/7696K, paused 3ms+6ms, total 42ms
D/Tethering( 2199): Tethered wlan0
D/Tethering( 2199): sendTetherStateChangedBroadcast 0, 1, 0
D/Tethering( 2199): MasterInitialState.processMessage what=1
D/BluetoothAdapter( 3394): 1098627352: getState() : mService = null. Returning STATE_OFF
D/TetherController( 1852): Setting IP forward enable = 1
D/TetherController( 1852): Starting tethering services
D/TetherController( 1852): Tethering services running
D/TetherController( 1852): setDnsForwarders(0 = '8.8.8.8')
D/TetherController( 1852): setDnsForwarders(1 = '8.8.4.4')
D/TetherController( 1852): Sending update msg to dnsmasq [update_dns:8.8.8.8:8.8.4.4]
I/dnsmasq ( 4226): started, version 2.51 cachesize 150
I/dnsmasq ( 4226): compile time options: no-IPv6 GNU-getopt no-DBus no-I18N DHCP no-scripts no-TFTP
W/dnsmasq ( 4226): warning: no upstream servers configured
I/dnsmasq ( 4226): DHCP, IP range 192.168.48.2 -- 192.168.48.254, lease time 1h
I/dnsmasq ( 4226): DHCP, IP range 192.168.47.2 -- 192.168.47.254, lease time 1h
I/dnsmasq ( 4226): DHCP, IP range 192.168.46.2 -- 192.168.46.254, lease time 1h
I/dnsmasq ( 4226): DHCP, IP range 192.168.45.2 -- 192.168.45.254, lease time 1h
I/dnsmasq ( 4226): DHCP, IP range 192.168.44.2 -- 192.168.44.254, lease time 1h
I/dnsmasq ( 4226): DHCP, IP range 192.168.43.2 -- 192.168.43.254, lease time 1h
I/dnsmasq ( 4226): DHCP, IP range 192.168.42.2 -- 192.168.42.254, lease time 1h
I/dnsmasq ( 4226): read /etc/hosts - 1 addresses
I/dnsmasq ( 4226): using nameserver 8.8.4.4#53
I/dnsmasq ( 4226): using nameserver 8.8.8.8#53
D/Tethering( 2199): chooseUpstreamType(true), preferredApn =4, got type=-1
D/Tethering( 2199): notifying tethered with iface =null
D/Tethering( 2199): TetheredState.processMessage what=12
D/ConnectivityService( 2199): startUsingNetworkFeature reconnecting to 0: enableDUNAlways
D/dalvikvm( 2199): JIT code cache reset in 6 ms (1048528 bytes 1/0)
D/dalvikvm( 2199): GC_EXPLICIT freed 417K, 22% free 9289K/11896K, paused 4ms+14ms, total 115ms
D/dalvikvm( 2366): GC_CONCURRENT freed 388K, 65% free 2768K/7696K, paused 4ms+5ms, total 44ms
D/dalvikvm( 2199): GC_EXPLICIT freed 189K, 22% free 9287K/11896K, paused 3ms+7ms, total 88ms
D/ConnectivityService( 2199): ConnectivityChange for mobile_dun: CONNECTED/CONNECTED
E/SecondaryTablController( 1852): ip route add failed: /system/bin/ip route add 0.0.0.0/0 via 10.220.30.1 dev rmnet1 table 60
W/FrameworkListener( 1852): Handler 'interface' error (No such device)
E/ConnectivityService( 2199): Exception trying to add a route: java.lang.IllegalStateException: command '72 interface route add rmnet1 secondary 0.0.0.0 0 10.220.30.1' failed with '400 72 ip route modification failed (No such device)'
E/ConnectivityService( 2199): Exception trying to remove a route: java.lang.IllegalStateException: command '73 interface route remove rmnet1 default 0.0.0.0 0 10.220.30.1' failed with '400 73 Failed to remove route from default table (No such process)'
W/NetworkPolicy( 2199): shared quota unsupported; generating rule for each iface
D/lights ( 2199): set_light_buttons off
D/dalvikvm( 2366): GC_CONCURRENT freed 387K, 65% free 2768K/7696K, paused 4ms+5ms, total 34ms
D/dalvikvm( 2199): GC_EXPLICIT freed 417K, 22% free 9294K/11896K, paused 3ms+6ms, total 71ms
D/Tethering( 2199): TetherModeAliveState.processMessage what=3
D/Tethering( 2199): chooseUpstreamType(true), preferredApn =4, got type=4
I/UpdateCheckReceiver( 3378): Got connectivity change, has connection: true
I/UpdateCheckReceiver( 3378): Scheduling future, repeating update checks.
D/TetherController( 1852): setDnsForwarders(0 = '192.168.10.110')
D/TetherController( 1852): Sending update msg to dnsmasq [update_dns:192.168.10.110]
I/dnsmasq ( 4226): using nameserver 192.168.10.110#53
D/Tethering( 2199): notifying tethered with iface =rmnet1
D/Tethering( 2199): TetheredState.processMessage what=12
D/WeatherUpdateService( 2813): Service started, but shouldn't update ... stopping
W/libc ( 4282): protoent* getprotobyname(char const*)(3) is not implemented on Android
D/gp.PicasaSyncManager( 3255): active network: NetworkInfo: type: mobile[HSDPA], state: CONNECTED/CONNECTED, reason: dataAttached, extra: orange.fr, roaming: false, failover: false, isAvailable: true
D/gp.PicasaSyncManager( 3255): background data: true
D/ConnectivityService( 2199): handleInetConditionHoldEnd: net=0, condition=100, published condition=100
D/dalvikvm( 2366): GC_CONCURRENT freed 385K, 65% free 2769K/7696K, paused 3ms+4ms, total 44ms
D/dalvikvm( 2199): GC_EXPLICIT freed 401K, 22% free 9295K/11896K, paused 3ms+7ms, total 78ms
D/dalvikvm( 2199): GC_EXPLICIT freed 93K, 22% free 9289K/11896K, paused 3ms+8ms, total 83ms
D/dalvikvm( 2366): GC_CONCURRENT freed 384K, 65% free 2768K/7696K, paused 1ms+3ms, total 18ms
D/dalvikvm( 2199): GC_EXPLICIT freed 218K, 22% free 9292K/11896K, paused 5ms+7ms, total 98ms
D/dalvikvm( 2366): GC_CONCURRENT freed 391K, 65% free 2764K/7696K, paused 3ms+4ms, total 25ms
D/dalvikvm( 2199): GC_EXPLICIT freed 88K, 22% free 9288K/11896K, paused 4ms+11ms, total 106ms
D/dalvikvm( 2366): GC_CONCURRENT freed 389K, 65% free 2763K/7696K, paused 2ms+5ms, total 33ms
D/dalvikvm( 2199): GC_EXPLICIT freed 84K, 22% free 9288K/11896K, paused 5ms+7ms, total 100ms
D/dalvikvm( 2366): GC_CONCURRENT freed 386K, 65% free 2763K/7696K, paused 3ms+5ms, total 38ms
D/dalvikvm( 2199): GC_EXPLICIT freed 83K, 22% free 9288K/11896K, paused 5ms+6ms, total 99ms
D/dalvikvm( 2366): GC_CONCURRENT freed 384K, 65% free 2763K/7696K, paused 3ms+3ms, total 25ms
D/dalvikvm( 2199): GC_EXPLICIT freed 88K, 22% free 9285K/11896K, paused 3ms+4ms, total 75ms
D/dalvikvm( 2366): GC_CONCURRENT freed 384K, 65% free 2763K/7696K, paused 3ms+5ms, total 25ms
D/dalvikvm( 2199): GC_EXPLICIT freed 349K, 22% free 9293K/11896K, paused 3ms+8ms, total 86ms
D/dalvikvm( 2366): GC_CONCURRENT freed 395K, 64% free 2771K/7696K, paused 2ms+8ms, total 40ms
D/dalvikvm( 2199): GC_EXPLICIT freed 92K, 22% free 9285K/11896K, paused 5ms+10ms, total 102ms
D/dalvikvm( 2366): GC_CONCURRENT freed 396K, 64% free 2770K/7696K, paused 4ms+5ms, total 36ms
D/dalvikvm( 2199): GC_EXPLICIT freed 84K, 22% free 9285K/11896K, paused 5ms+10ms, total 106ms
D/dalvikvm( 2366): GC_CONCURRENT freed 390K, 65% free 2765K/7696K, paused 3ms+5ms, total 38ms
D/dalvikvm( 2199): GC_EXPLICIT freed 83K, 22% free 9285K/11896K, paused 4ms+6ms, total 75ms
D/dalvikvm( 2199): GC_EXPLICIT freed 84K, 22% free 9285K/11896K, paused 2ms+4ms, total 62ms
D/dalvikvm( 2366): GC_CONCURRENT freed 392K, 64% free 2771K/7696K, paused 2ms+3ms, total 26ms
D/dalvikvm( 2405): GC_CONCURRENT freed 4373K, 62% free 2952K/7696K, paused 5ms+4ms, total 47ms
D/dalvikvm( 2199): GC_EXPLICIT freed 227K, 22% free 9295K/11896K, paused 3ms+6ms, total 74ms
D/dalvikvm( 2366): GC_CONCURRENT freed 401K, 65% free 2767K/7696K, paused 1ms+3ms, total 22ms
D/dalvikvm( 2199): GC_EXPLICIT freed 89K, 22% free 9289K/11896K, paused 5ms+7ms, total 79ms
D/dalvikvm( 2366): GC_CONCURRENT freed 410K, 65% free 2758K/7696K, paused 2ms+3ms, total 20ms
D/dalvikvm( 2199): GC_EXPLICIT freed 94K, 22% free 9293K/11896K, paused 2ms+5ms, total 52ms
D/dalvikvm( 2366): GC_CONCURRENT freed 401K, 65% free 2754K/7696K, paused 1ms+2ms, total 17ms
D/dalvikvm( 2199): GC_EXPLICIT freed 85K, 22% free 9292K/11896K, paused 2ms+5ms, total 52ms
D/dalvikvm( 2366): GC_CONCURRENT freed 388K, 65% free 2750K/7696K, paused 2ms+2ms, total 16ms
D/dalvikvm( 2199): GC_EXPLICIT freed 83K, 22% free 9292K/11896K, paused 2ms+4ms, total 52ms
D/dalvikvm( 2366): GC_CONCURRENT freed 391K, 65% free 2752K/7696K, paused 1ms+2ms, total 15ms
D/dalvikvm( 2199): GC_EXPLICIT freed 84K, 22% free 9292K/11896K, paused 2ms+5ms, total 54ms
D/dalvikvm( 2366): GC_CONCURRENT freed 391K, 65% free 2753K/7696K, paused 2ms+2ms, total 19ms
D/dalvikvm( 2199): GC_EXPLICIT freed 83K, 22% free 9292K/11896K, paused 2ms+6ms, total 63ms
D/dalvikvm( 2366): GC_CONCURRENT freed 395K, 65% free 2753K/7696K, paused 2ms+2ms, total 17ms
D/dalvikvm( 2199): GC_EXPLICIT freed 84K, 22% free 9292K/11896K, paused 2ms+4ms, total 53ms
D/dalvikvm( 2366): GC_CONCURRENT freed 389K, 65% free 2749K/7696K, paused 3ms+3ms, total 17ms
D/dalvikvm( 2199): GC_EXPLICIT freed 84K, 22% free 9292K/11896K, paused 2ms+4ms, total 52ms
D/dalvikvm( 2366): GC_CONCURRENT freed 390K, 65% free 2752K/7696K, paused 1ms+3ms, total 17ms
W/MediaScanner( 2366): Error opening directory '/storage/sdcard0/.android_secure/', skipping: Permission denied.
D/dalvikvm( 2199): GC_EXPLICIT freed 86K, 22% free 9292K/11896K, paused 5ms+9ms, total 105ms
D/dalvikvm( 2366): GC_CONCURRENT freed 396K, 65% free 2759K/7696K, paused 3ms+3ms, total 25ms
D/dalvikvm( 2199): GC_EXPLICIT freed 83K, 22% free 9292K/11896K, paused 5ms+6ms, total 89ms
D/dalvikvm( 2366): GC_CONCURRENT freed 388K, 65% free 2756K/7696K, paused 2ms+4ms, total 18ms
D/dalvikvm( 2199): GC_EXPLICIT freed 107K, 22% free 9287K/11896K, paused 2ms+4ms, total 53ms
D/dalvikvm( 2366): GC_CONCURRENT freed 390K, 65% free 2761K/7696K, paused 2ms+2ms, total 20ms
D/dalvikvm( 2199): GC_EXPLICIT freed 83K, 22% free 9287K/11896K, paused 2ms+4ms, total 52ms
D/dalvikvm( 2366): GC_CONCURRENT freed 388K, 65% free 2758K/7696K, paused 2ms+3ms, total 17ms
D/dalvikvm( 2199): GC_EXPLICIT freed 216K, 22% free 9291K/11896K, paused 3ms+6ms, total 70ms
D/dalvikvm( 2366): GC_CONCURRENT freed 387K, 65% free 2760K/7696K, paused 3ms+5ms, total 33ms
D/dalvikvm( 2199): GC_EXPLICIT freed 219K, 22% free 9293K/11896K, paused 5ms+10ms, total 106ms
D/dalvikvm( 2366): GC_CONCURRENT freed 398K, 65% free 2762K/7696K, paused 2ms+3ms, total 27ms
D/dalvikvm( 2199): GC_EXPLICIT freed 88K, 22% free 9288K/11896K, paused 3ms+7ms, total 74ms
D/dalvikvm( 2366): GC_CONCURRENT freed 397K, 65% free 2749K/7696K, paused 2ms+2ms, total 26ms
D/dalvikvm( 2199): GC_EXPLICIT freed 83K, 22% free 9288K/11896K, paused 2ms+4ms, total 54ms
D/dalvikvm( 2366): GC_CONCURRENT freed 390K, 65% free 2749K/7696K, paused 2ms+4ms, total 19ms
D/dalvikvm( 2199): GC_EXPLICIT freed 84K, 22% free 9288K/11896K, paused 3ms+4ms, total 57ms
D/dalvikvm( 2366): GC_CONCURRENT freed 388K, 65% free 2748K/7696K, paused 2ms+3ms, total 18ms
