E/Trace ( 2385): error opening trace file: No such file or directory (2)
D/dalvikvm( 2199): GC_FOR_ALLOC freed 93K, 22% free 6694K/8512K, paused 52ms, total 52ms
I/dalvikvm-heap( 2199): Grow heap (frag case) to 9.259MB for 2073616-byte allocation
D/dalvikvm( 2199): GC_CONCURRENT freed 13K, 18% free 8714K/10540K, paused 4ms+4ms, total 45ms
I/ActivityManager( 2199): Start proc com.cyanogenmod.trebuchet for activity com.cyanogenmod.trebuchet/.Launcher: pid=2436 uid=10043 gids={50043, 1028}
I/SystemServer( 2199): Enabled StrictMode for system server main thread.
E/Trace ( 2405): error opening trace file: No such file or directory (2)
E/Trace ( 2436): error opening trace file: No such file or directory (2)
I/PCKeyboard( 2385): onCreate(), os.version=3.0.31-CM-gd3ad65f
D/BluetoothAdapter( 2306): 1098625360: getState() : mService = null. Returning STATE_OFF
D/BluetoothAdapter( 2306): 1098625360: getState() : mService = null. Returning STATE_OFF
D/BluetoothAdapter( 2306): 1098625360: getState() : mService = null. Returning STATE_OFF
W/TelephonyProvider( 2405): onCreate: confFile=/system/etc/apns-conf.xml oldCheckSum=-1
D/TelephonyManager( 2405): getLteOnCdmaMode=0 curVal=-1 product_type='' lteOnCdmaProductType=''
D/BluetoothAdapter( 2306): 1098625360: getState() : mService = null. Returning STATE_OFF
D/BluetoothAdapter( 2306): 1098625360: getState() : mService = null. Returning STATE_OFF
D/BluetoothAdapter( 2306): 1098625360: getState() : mService = null. Returning STATE_OFF
D/TelephonyManager( 2405): getLteOnCdmaMode=0 curVal=-1 product_type='' lteOnCdmaProductType=''
I/HK/Globals( 2385): Setting compactModeEnabled to false
I/Choreographer( 2199): Skipped 76 frames! The application may be doing too much work on its main thread.
I/PCKeyboard( 2385): Found plugin dictionary: lang=en, pkg=org.pocketworkstation.dict.en
I/PCKeyboard( 2385): Found plugin dictionary: lang=fr, pkg=org.pocketworkstation.dict.fr
I/ActivityManager( 2199): Start proc com.google.process.location for service com.google.android.location/.NetworkLocationService: pid=2469 uid=10049 gids={50049, 3003, 1007, 1028, 1015, 2001, 3006}
D/dalvikvm( 2385): Trying to load lib /data/app-lib/org.pocketworkstation.pckeyboard-1/libjni_pckeyboard.so 0x4169af70
D/dalvikvm( 2385): Added shared lib /data/app-lib/org.pocketworkstation.pckeyboard-1/libjni_pckeyboard.so 0x4169af70
I/PCKeyboard( 2385): loaded jni_pckeyboard
W/Settings( 2405): Setting airplane_mode_on has moved from android.provider.Settings.System to android.provider.Settings.Global, returning read-only value.
W/Settings( 2405): Setting auto_time has moved from android.provider.Settings.System to android.provider.Settings.Global, returning read-only global URI.
I/PowerWidget( 2306): Clearing any old widget stuffs
W/Settings( 2405): Setting auto_time_zone has moved from android.provider.Settings.System to android.provider.Settings.Global, returning read-only global URI.
I/PowerWidget( 2306): Setting up widget
I/PowerWidget( 2306): Default buttons being loaded
I/PowerWidget( 2306): Button list: toggleWifi|toggleBluetooth|toggleGPS|toggleSound
V/TAG ( 2199): bug 7643792: fitSystemWindows([0,0][0,0])
I/ActivityManager( 2199): Start proc com.android.smspush for service com.android.smspush/.WapPushManager: pid=2483 uid=10048 gids={50048, 1028}
D/ ( 2405): [ApnContext:default] set reason as dataEnabled,current state IDLE
D/ ( 2405): [ApnContext:default] setRetryCount: 0
D/PhoneStatusBar( 2306): disable: < expand icons alerts ticker system_info back home recent clock search > D/ ( 2405): [ApnContext:mms] set reason as dataEnabled,current state IDLE
D/ ( 2405): [ApnContext:mms] setRetryCount: 0
D/ ( 2405): [ApnContext:supl] set reason as dataEnabled,current state IDLE
D/ ( 2405): [ApnContext:supl] setRetryCount: 0
D/ ( 2405): [ApnContext:dun] set reason as dataEnabled,current state IDLE
D/ ( 2405): [ApnContext:dun] setRetryCount: 0
D/ ( 2405): [ApnContext:hipri] set reason as dataEnabled,current state IDLE
D/ ( 2405): [ApnContext:hipri] setRetryCount: 0
D/BluetoothAdapter( 2306): 1098625360: getState() : mService = null. Returning STATE_OFF
D/BluetoothAdapter( 2306): 1098625360: getState() : mService = null. Returning STATE_OFF
E/Trace ( 2469): error opening trace file: No such file or directory (2)
D/SystemUIService( 2306): loading: class com.android.systemui.power.PowerUI
D/SystemUIService( 2306): running: com.android.systemui.power.PowerUI@41a5a5f8
D/SystemUIService( 2306): loading: class com.android.systemui.media.RingtonePlayer
D/SystemUIService( 2306): running: com.android.systemui.media.RingtonePlayer@41a5b228
D/TelephonyManager( 2405): getLteOnCdmaMode=0 curVal=-1 product_type='' lteOnCdmaProductType=''
D/CallManager( 2405): registerPhone(GSM Handler (com.android.internal.telephony.PhoneProxy) {416ce420})
I/Choreographer( 2306): Skipped 42 frames! The application may be doing too much work on its main thread.
I/ActivityManager( 2199): Start proc android.process.acore for content provider com.android.providers.contacts/.CallLogProvider: pid=2502 uid=10001 gids={50001, 3003, 1015, 1028}
E/Trace ( 2483): error opening trace file: No such file or directory (2)
V/TAG ( 2199): bug 7643792: fitSystemWindows([0,38][0,0])
I/PCKeyboard( 2385): Loaded dictionary, len=793304
I/PCKeyboard( 2385): Found plugin dictionary for fr, size=793304
D/libEGL ( 2199): loaded /system/lib/egl/libEGL_mali.so
D/libEGL ( 2199): loaded /system/lib/egl/libGLESv1_CM_mali.so
D/BluetoothManagerService( 2199): Message: 20
D/BluetoothManagerService( 2199): Added callback: android.bluetooth.IBluetoothManagerCallback$Stub$Proxy@419b3aa8:true
D/libEGL ( 2199): loaded /system/lib/egl/libGLESv2_mali.so
E/ ( 2199): Device driver API match
E/ ( 2199): Device driver API version: 17
E/ ( 2199): User space API version: 17
E/ ( 2199): mali: REVISION=Linux-r3p1-01rel1 BUILD_DATE=Thu Jan 24 17:16:14 KST 2013
D/OpenGLRenderer( 2199): Enabling debug mode 0
D/dalvikvm( 1856): GC_EXPLICIT freed 35K, 70% free 2335K/7696K, paused 1ms+1ms, total 19ms
D/dalvikvm( 1856): GC_EXPLICIT freed <1K, 70% free 2335K/7696K, paused 1ms+1ms, total 16ms
D/dalvikvm( 1856): GC_EXPLICIT freed <1K, 70% free 2335K/7696K, paused 1ms+1ms, total 16ms
I/ActivityManager( 2199): Start proc com.android.location.fused for service com.android.location.fused/.FusedLocationService: pid=2534 uid=10020 gids={50020, 1028}
E/Trace ( 2502): error opening trace file: No such file or directory (2)
E/Trace ( 2534): error opening trace file: No such file or directory (2)
D/TinyALSA-Audio Output( 1858): audio_out_get_latency(0x41289d58)
I/ActivityManager( 2199): Start proc com.google.process.gapps for content provider com.google.android.gsf/.settings.GoogleSettingsProvider: pid=2553 uid=10049 gids={50049, 3003, 1007, 1028, 1015, 2001, 3006}
D/TinyALSA-Audio Output( 1858): audio_out_get_latency(0x41289d58)
D/BluetoothManagerService( 2199): Message: 30
D/TinyALSA-Audio Output( 1858): audio_out_get_latency(0x41289d58)
D/libEGL ( 2306): loaded /system/lib/egl/libEGL_mali.so
E/Trace ( 2553): error opening trace file: No such file or directory (2)
D/libEGL ( 2306): loaded /system/lib/egl/libGLESv1_CM_mali.so
D/libEGL ( 2306): loaded /system/lib/egl/libGLESv2_mali.so
E/ ( 2306): Device driver API match
E/ ( 2306): Device driver API version: 17
E/ ( 2306): User space API version: 17
E/ ( 2306): mali: REVISION=Linux-r3p1-01rel1 BUILD_DATE=Thu Jan 24 17:16:14 KST 2013
D/OpenGLRenderer( 2306): Enabling debug mode 0
D/BluetoothAdapter( 2306): 1098625360: getState() : mService = null. Returning STATE_OFF
D/BluetoothAdapter( 2306): 1098625360: getState() : mService = null. Returning STATE_OFF
D/BluetoothAdapter( 2306): 1098625360: getState() : mService = null. Returning STATE_OFF
D/BluetoothAdapter( 2306): 1098625360: getState() : mService = null. Returning STATE_OFF
D/BluetoothAdapter( 2306): 1098625360: getState() : mService = null. Returning STATE_OFF
D/BluetoothAdapter( 2306): 1098625360: getState() : mService = null. Returning STATE_OFF
D/BluetoothAdapter( 2306): 1098625360: getState() : mService = null. Returning STATE_OFF
D/DebugService( 2405): DebugService DebugService:
D/TelephonyDebugService( 2405): TelephonyDebugService()
D/BluetoothAdapter( 2306): 1098625360: getState() : mService = null. Returning STATE_OFF
I/Choreographer( 2306): Skipped 44 frames! The application may be doing too much work on its main thread.
D/PhoneStatusBar( 2306): disable: < expand icons alerts ticker system_info BACK* HOME* RECENT* CLOCK* search > D/BluetoothManagerService( 2199): Message: 30
E/BluetoothPhoneService( 2405): Could not get a handle on Connection object for the call
I/GservicesProvider( 2553): Gservices pushing to system: true; secure/global: true
D/BluetoothManagerService( 2199): Message: 300
D/BluetoothManagerService( 2199): MESSAGE_USER_SWITCHED
I/AudioService( 2199): Remote Control registerMediaButtonIntent() for PendingIntent{41e57308: PendingIntentRecord{41acfa08 android broadcastIntent}}
D/dalvikvm( 2199): GC_CONCURRENT freed 3310K, 34% free 7001K/10564K, paused 9ms+4ms, total 134ms
D/dalvikvm( 2199): WAIT_FOR_CONCURRENT_GC blocked 108ms
D/dalvikvm( 2199): GC_EXPLICIT freed 66K, 35% free 6939K/10564K, paused 2ms+7ms, total 91ms
D/dalvikvm( 2199): WAIT_FOR_CONCURRENT_GC blocked 110ms
D/dalvikvm( 2199): WAIT_FOR_CONCURRENT_GC blocked 130ms
D/dalvikvm( 2199): WAIT_FOR_CONCURRENT_GC blocked 130ms
D/dalvikvm( 2199): WAIT_FOR_CONCURRENT_GC blocked 127ms
D/dalvikvm( 2199): WAIT_FOR_CONCURRENT_GC blocked 129ms
D/dalvikvm( 2199): WAIT_FOR_CONCURRENT_GC blocked 106ms
D/dalvikvm( 2199): WAIT_FOR_CONCURRENT_GC blocked 119ms
I/PhoneApp( 2405): Headset phone created, binding local service.
D/dalvikvm( 2199): WAIT_FOR_CONCURRENT_GC blocked 205ms
D/libEGL ( 2436): loaded /system/lib/egl/libEGL_mali.so
D/libEGL ( 2436): loaded /system/lib/egl/libGLESv1_CM_mali.so
D/libEGL ( 2436): loaded /system/lib/egl/libGLESv2_mali.so
E/ ( 2436): Device driver API match
E/ ( 2436): Device driver API version: 17
E/ ( 2436): User space API version: 17
E/ ( 2436): mali: REVISION=Linux-r3p1-01rel1 BUILD_DATE=Thu Jan 24 17:16:14 KST 2013
D/NetworkLocationClient( 2469): binding to Intent { act=com.google.android.location.internal.ANDROID_NLP pkg=com.google.android.location }
D/BluetoothAdapter( 2306): 1098625360: getState() : mService = null. Returning STATE_OFF
D/CAT ( 2405): CatService: Running CAT service. STK app installed:true
D/CAT ( 2405): CatService: NEW sInstance
D/CAT ( 2405): CatService: Return current sInstance
D/SizeAdaptiveLayout( 2306): com.android.internal.widget.SizeAdaptiveLayout{41a9bc38 V.E..... ......I. 0,0-0,0 #7f090072 app:id/adaptive}child view android.widget.FrameLayout{41aa2610 G.E..... ......ID 0,0-0,0 #1020324 android:id/status_bar_latest_event_content} measured out of bounds at 95px clamped to 96px
I/ActivityManager( 2199): Start proc com.android.settings for broadcast com.android.settings/.widget.SettingsAppWidgetProvider: pid=2605 uid=1000 gids={41000, 1015, 1028, 3002, 3001, 3003, 3007}
D/OpenGLRenderer( 2436): Enabling debug mode 0
W/Settings( 2405): Setting auto_time_zone has moved from android.provider.Settings.System to android.provider.Settings.Global, returning read-only value.
D/AlarmManagerService( 2199): Kernel timezone updated to -60 minutes west of GMT
I/PCKeyboardIME( 2385): attachToken android.os.BinderProxy@419a62d0
E/Trace ( 2605): error opening trace file: No such file or directory (2)
D/dalvikvm( 2199): GC_CONCURRENT freed 833K, 32% free 7259K/10564K, paused 3ms+3ms, total 64ms
D/dalvikvm( 2199): WAIT_FOR_CONCURRENT_GC blocked 50ms
D/dalvikvm( 2199): WAIT_FOR_CONCURRENT_GC blocked 33ms
D/dalvikvm( 2199): WAIT_FOR_CONCURRENT_GC blocked 50ms
D/dalvikvm( 2199): WAIT_FOR_CONCURRENT_GC blocked 50ms
D/dalvikvm( 2199): WAIT_FOR_CONCURRENT_GC blocked 20ms
D/dalvikvm( 2199): WAIT_FOR_CONCURRENT_GC blocked 20ms
D/dalvikvm( 2199): WAIT_FOR_CONCURRENT_GC blocked 17ms
D/dalvikvm( 2199): WAIT_FOR_CONCURRENT_GC blocked 21ms
D/dalvikvm( 2199): WAIT_FOR_CONCURRENT_GC blocked 23ms
I/ActivityManager( 2199): Displayed com.cyanogenmod.trebuchet/.Launcher: +2s195ms
D/BluetoothManagerService( 2199): Message: 20
D/BluetoothManagerService( 2199): Added callback: android.bluetooth.IBluetoothManagerCallback$Stub$Proxy@41b121b0:true
D/dalvikvm( 2306): GC_FOR_ALLOC freed 559K, 13% free 6716K/7696K, paused 64ms, total 91ms
D/BluetoothAdapter( 2605): 1097482000: getState() : mService = null. Returning STATE_OFF
D/BluetoothManagerService( 2199): Message: 30
D/BluetoothManagerService( 2199): Message: 30
W/ContextImpl( 2605): Calling a method in the system process without a qualified user: android.app.ContextImpl.bindService:1458 android.content.ContextWrapper.bindService:473 android.bluetooth.BluetoothInputDevice.:240 android.bluetooth.BluetoothAdapter.getProfileProxy:1161 com.android.settings.bluetooth.LocalBluetoothAdapter.getProfileProxy:94
I/gmmInternalNlpService( 2469): internal NLP onStart(com.google.android.location.internal.ANDROID_NLP) com.google.android.location
D/NetworkLocationClient( 2469): onServiceConnected to ComponentInfo{com.google.android.location/com.google.android.location.internal.server.NetworkLocationService}
D/BluetoothPan( 2605): BluetoothPan() call bindService
I/dalvikvm-heap( 2306): Grow heap (frag case) to 9.997MB for 2828816-byte allocation
W/ContextImpl( 2605): Calling a method in the system process without a qualified user: android.app.ContextImpl.bindService:1458 android.content.ContextWrapper.bindService:473 android.bluetooth.BluetoothPan.:141 android.bluetooth.BluetoothAdapter.getProfileProxy:1164 com.android.settings.bluetooth.PanProfile.:73
D/BluetoothPan( 2605): BluetoothPan(), bindService called
D/BluetoothManagerService( 2199): Message: 30
W/ContextImpl( 2605): Calling a method in the system process without a qualified user: android.app.ContextImpl.bindService:1458 android.content.ContextWrapper.bindService:473 android.bluetooth.BluetoothPbap.:161 com.android.settings.bluetooth.PbapServerProfile.:68 com.android.settings.bluetooth.LocalBluetoothProfileManager.:124
D/LocalBluetoothProfileManager( 2605): LocalBluetoothProfileManager construction complete
D/BluetoothAdapter( 2605): 1097482000: getState() : mService = null. Returning STATE_OFF
D/BluetoothAdapter( 2605): 1097482000: getState() : mService = null. Returning STATE_OFF
V/SecuritySelectorView( 2199): Camera disabled by Sim State
D/dalvikvm( 2306): GC_CONCURRENT freed 38K, 10% free 9441K/10460K, paused 3ms+2ms, total 51ms
I/FusedLocation( 2534): engine started (com.android.location.fused)
V/SipBroadcastReceiver( 2405): start auto registration
I/Choreographer( 2306): Skipped 35 frames! The application may be doing too much work on its main thread.
V/TAG ( 2199): bug 7643792: fitSystemWindows([0,38][0,0])
D/PhoneStatusBar( 2306): disable: < expand icons alerts ticker system_info BACK HOME RECENT clock* search > D/dalvikvm( 2199): GC_CONCURRENT freed 1178K, 32% free 7223K/10564K, paused 8ms+55ms, total 166ms
I/ActivityManager( 2199): Start proc com.android.contacts for broadcast com.android.contacts/.calllog.CallLogReceiver: pid=2644 uid=10001 gids={50001, 3003, 1015, 1028}
W/ContextImpl( 2199): Calling a method in the system process without a qualified user: android.app.ContextImpl.bindService:1458 android.bluetooth.BluetoothHeadset.:273 android.bluetooth.BluetoothAdapter.getProfileProxy:1155 android.media.AudioService.getBluetoothHeadset:2157 android.media.AudioService.access$2800:104
W/ContextImpl( 2199): Calling a method in the system process without a qualified user: android.app.ContextImpl.bindService:1458 android.bluetooth.BluetoothA2dp.:160 android.bluetooth.BluetoothAdapter.getProfileProxy:1158 android.media.AudioService$AudioServiceBroadcastReceiver.onReceive:4023 android.app.LoadedApk$ReceiverDispatcher$Args.run:758
V/WiredAccessoryManager( 2199): init()
D/BluetoothManagerService( 2199): Message: 30
D/BluetoothManagerService( 2199): Message: 30
I/SurfaceFlinger( 1855): Boot is finished (14371 ms)
E/Trace ( 2644): error opening trace file: No such file or directory (2)
I/ActivityManager( 2199): Config changes=1400 {1.0 ?mcc?mnc en_GB ldltr sw320dp w320dp h508dp 240dpi nrml long port finger -keyb/v/h -nav/h s.5 themeResource=null}
I/PCKeyboard( 2385): onConfigurationChanged()
I/ActivityManager( 2199): Start proc com.cyanogenmod.settings.device for broadcast com.cyanogenmod.settings.device/.Startup: pid=2674 uid=1000 gids={41000, 1015, 1028, 3002, 3001, 3003, 3007}
D/BluetoothAdapter( 2306): 1098625360: getState() : mService = null. Returning STATE_OFF
D/AccountTypeManager( 2644): Registering 1 extension packages
D/dalvikvm( 2199): GC_FOR_ALLOC freed 1043K, 37% free 6715K/10564K, paused 47ms, total 48ms
I/dalvikvm-heap( 2199): Grow heap (frag case) to 9.281MB for 2073616-byte allocation
E/Trace ( 2674): error opening trace file: No such file or directory (2)
D/lights ( 2199): set_light_buttons on=1
I/PowerManagerService( 2199): Boot animation finished.
D/dalvikvm( 2199): GC_CONCURRENT freed 26K, 18% free 8729K/10564K, paused 4ms+4ms, total 89ms
E/ExternalAccountType( 2644): Unsupported attribute readOnly
D/AccountTypeManager( 2644): Registering extension package account type=com.google, dataSet=plus, packageName=com.google.android.apps.plus
E/WiredAccessoryManager( 2199): Recieved a Settings Changed Action com.cyanogenmod.settings.SamsungDock
E/WiredAccessoryManager( 2199): Recieved a Dock Audio change 0
I/AccountTypeManager( 2644): Loaded meta-data for 3 account types, 2 accounts in 251ms(wall) 23ms(cpu)
W/GalaxyS2Settings_Utils_Write( 2674): file /sys/class/mdnie/mdnie/scenario: 4
W/GalaxyS2Settings_Utils_Write( 2674): file /sys/class/mdnie/mdnie/mode: 1
W/GalaxyS2Settings_Utils_Write( 2674): file /sys/class/mdnie/mdnie/negative: 0
W/GalaxyS2Settings_Utils_Write( 2674): file /sys/class/mdnie/mdnie/outdoor: 0
W/GalaxyS2Settings_Utils_Write( 2674): file /sys/class/sec/sec_touchkey/force_disable: 0
W/GalaxyS2Settings_Utils_Write( 2674): file /sys/class/sec/sec_touchkey/brightness: 1
W/GalaxyS2Settings_Utils_Write( 2674): file /sys/class/sec/sec_touchkey/led_timeout: 3
W/GalaxyS2Settings_Utils_Write( 2674): file /sys/vibrator/pwm_val: 50
I/ActivityManager( 2199): Start proc com.bel.android.dspmanager for broadcast com.bel.android.dspmanager/.receiver.BootCompletedReceiver: pid=2703 uid=10013 gids={50013, 3002, 1028}
D/dalvikvm( 2306): GC_FOR_ALLOC freed 90K, 10% free 9447K/10460K, paused 17ms, total 53ms
E/Trace ( 2703): error opening trace file: No such file or directory (2)
I/RecoverySystem( 2199): No recovery log file
I/HeadsetService( 2703): Starting service.
I/ActivityManager( 2199): Start proc com.cyanogenmod.updater for broadcast com.cyanogenmod.updater/.receiver.UpdateCheckReceiver: pid=2722 uid=10007 gids={50007, 3003, 1015, 2001, 1028}
I/BootReceiver( 2199): Copying /proc/last_kmsg to DropBox (SYSTEM_LAST_KMSG)
I/dalvikvm-heap( 2306): Grow heap (frag case) to 11.944MB for 2073616-byte allocation
D/dalvikvm( 2306): GC_CONCURRENT freed 8K, 9% free 11464K/12488K, paused 2ms+1ms, total 14ms
D/dalvikvm( 2199): GC_FOR_ALLOC freed 2326K, 35% free 6926K/10564K, paused 60ms, total 60ms
E/Trace ( 2722): error opening trace file: No such file or directory (2)
I/UpdateCheckReceiver( 2722): Scheduling future, repeating update checks.
I/ActivityManager( 2199): Start proc com.android.providers.calendar for broadcast com.android.providers.calendar/.CalendarReceiver: pid=2737 uid=10011 gids={50011, 3003, 1015, 1028}
W/WifiNormalizer( 2469): No specific device detected. Offset set to -7.
E/Trace ( 2737): error opening trace file: No such file or directory (2)
I/ActivityManager( 2199): Start proc com.android.deskclock for broadcast com.android.deskclock/.AlarmInitReceiver: pid=2753 uid=10015 gids={50015, 1028}
W/Settings( 2469): Setting airplane_mode_on has moved from android.provider.Settings.System to android.provider.Settings.Global, returning read-only value.
E/Trace ( 2753): error opening trace file: No such file or directory (2)
V/AlarmClock( 2753): Alarm set for id=1 10:20:00.000/Thu V/AlarmClock( 2753): AlarmInitReceiver - Reset timers and clear stopwatch data
V/AlarmClock( 2753): Alarm set for id=1 10:20:00.000/Thu V/AlarmClock( 2753): AlarmInitReceiver finished
I/ActivityManager( 2199): Start proc com.android.email for broadcast com.android.email/.service.EmailBroadcastReceiver: pid=2773 uid=10018 gids={50018, 3003, 1015, 1028}
I/System.out( 2469): [SEVERE:2259]: LogSource: AsyncHttpRequestImpl.run(): exception thrown : Unable to resolve host "www.google.com": No address associated with hostname: java.net.UnknownHostException
E/GlsClient-query( 2469): requestFailed
E/Trace ( 2773): error opening trace file: No such file or directory (2)
I/System.out( 2469): [SEVERE:2282]: LogSource: AsyncHttpRequestImpl.run(): exception thrown : Unable to resolve host "www.google.com": No address associated with hostname: java.net.UnknownHostException
E/GlsClient-query( 2469): requestFailed
D/ActivityThread( 2773): Loading provider com.android.email.provider;com.android.email.notifier: com.android.email.provider.EmailProvider
D/ActivityThread( 2773): Loading provider com.android.email.provider;com.android.email.notifier: com.android.email.provider.EmailProvider
I/ActivityManager( 2199): Start proc com.android.exchange for service com.android.exchange/.ExchangeService: pid=2793 uid=10019 gids={50019, 3003, 1015, 1028}
E/Trace ( 2793): error opening trace file: No such file or directory (2)
D/ExchangeService( 2793): !!! EAS ExchangeService, onCreate
I/ActivityManager( 2199): Start proc com.cyanogenmod.lockclock for broadcast com.cyanogenmod.lockclock/.ClockWidgetProvider: pid=2813 uid=10028 gids={50028, 3003, 1028}
D/Eas Debug( 2793): Logging:
D/ExchangeService( 2793): !!! EAS ExchangeService, onStartCommand, startingUp = false, running = false
D/dalvikvm( 1856): GC_EXPLICIT freed 38K, 70% free 2335K/7696K, paused 2ms+1ms, total 18ms
D/ExchangeService( 2793): !!! EAS ExchangeService, onStartCommand, startingUp = true, running = false
D/dalvikvm( 1856): GC_EXPLICIT freed <1K, 70% free 2335K/7696K, paused 1ms+1ms, total 17ms
E/Trace ( 2813): error opening trace file: No such file or directory (2)
D/dalvikvm( 1856): GC_EXPLICIT freed <1K, 70% free 2336K/7696K, paused 1ms+2ms, total 18ms
D/ExchangeService( 2793): Received deviceId from Email app: androidc159203214
D/ExchangeService( 2793): Reconciling accounts...
D/WeatherUpdateService( 2813): Service started, but shouldn't update ... stopping
D/EmailProvider( 2773): fromDatabase accounts: 0
D/EmailProvider( 2773): ending toDatabase transaction; copyCount = 0
I/ActivityManager( 2199): Start proc com.android.mms for broadcast com.android.mms/.transaction.MmsSystemEventReceiver: pid=2837 uid=10030 gids={50030, 3003, 1015, 1028}
E/Trace ( 2837): error opening trace file: No such file or directory (2)
D/CountryDetector( 2199): The first listener is added
V/MmsConfig( 2837): mnc/mcc:
V/MmsConfig( 2837): tag: int value: maxMessageSize - 614400
V/MmsConfig( 2837): tag: int value: maxImageHeight - 1200
V/MmsConfig( 2837): tag: int value: maxImageWidth - 1600
V/MmsConfig( 2837): tag: string value: userAgent - SAMSUNG-GT-I9100-Mms
V/MmsConfig( 2837): tag: bool value: enableMultipartSMS - true
V/MmsConfig( 2837): tag: bool value: enableSplitSMS - false
V/MmsConfig( 2837): tag: string value: uaProfUrl - http://wap.samsungmobile.com/uaprof/GT-I9100.xml
D/EmailProvider( 2773): ending fromDatabase transaction; copyCount = 0
I/ActivityManager( 2199): Start proc com.google.android.talk for broadcast com.google.android.talk/.videochat.BootCompleteReceiver: pid=2862 uid=10036 gids={50036, 3003, 1015, 1006, 1028, 3002}
D/MmsSmsDatabaseHelper( 2405): [MmsSmsDb] tableName: threads hasAutoIncrement: CREATE TABLE threads (_id INTEGER PRIMARY KEY AUTOINCREMENT,date INTEGER DEFAULT 0,message_count INTEGER DEFAULT 0,recipient_ids TEXT,snippet TEXT,snippet_cs INTEGER DEFAULT 0,read INTEGER DEFAULT 1,type INTEGER DEFAULT 0,error INTEGER DEFAULT 0,has_attachment INTEGER DEFAULT 0) result: true
D/MmsSmsDatabaseHelper( 2405): [MmsSmsDb] tableName: canonical_addresses hasAutoIncrement: CREATE TABLE canonical_addresses (_id INTEGER PRIMARY KEY AUTOINCREMENT,address TEXT) result: true
D/MmsSmsDatabaseHelper( 2405): [MmsSmsDb] tableName: part hasAutoIncrement: CREATE TABLE part (_id INTEGER PRIMARY KEY AUTOINCREMENT,mid INTEGER,seq INTEGER DEFAULT 0,ct TEXT,name TEXT,chset INTEGER,cd TEXT,fn TEXT,cid TEXT,cl TEXT,ctt_s INTEGER,ctt_t TEXT,_data TEXT,text TEXT) result: true
D/MmsSmsDatabaseHelper( 2405): [MmsSmsDb] tableName: pdu hasAutoIncrement: CREATE TABLE pdu (_id INTEGER PRIMARY KEY AUTOINCREMENT,thread_id INTEGER,date INTEGER,date_sent INTEGER DEFAULT 0,msg_box INTEGER,read INTEGER DEFAULT 0,m_id TEXT,sub TEXT,sub_cs INTEGER,ct_t TEXT,ct_l TEXT,exp INTEGER,m_cls TEXT,m_type INTEGER,v INTEGER,m_size INTEGER,pri INTEGER,rr INTEGER,rpt_a INTEGER,resp_st INTEGER,st INTEGER,tr_id TEXT,retr_st INTEGER,retr_txt TEXT,retr_txt_cs INTEGER,read_status INTEGER,ct_cls INTEGER,resp_txt TEXT,d_tm INTEGER,d_rpt INTEGER,locked INTEGER DEFAULT 0,seen INTEGER DEFAULT 0,text_only INTEGER DEFAULT 0) result: true
D/MmsSmsDatabaseHelper( 2405): [getWritableDatabase] hasAutoIncrementThreads: true hasAutoIncrementAddresses: true hasAutoIncrementPart: true hasAutoIncrementPdu: true
E/Trace ( 2862): error opening trace file: No such file or directory (2)
D/Mms:app ( 2837): cancelNotification
D/ConnectivityService( 2199): handleInetConditionChange: no active default network - ignore
D/vclib:CallStateClient( 2862): startListening
I/talk ( 2862): Refresh the supported camera state
D/exynos_camera( 1858): exynos_camera_get_camera_info(0, 0x40f60d10)
D/exynos_camera( 1858): Selected camera: M5MO
D/exynos_camera( 1858): exynos_camera_get_camera_info(1, 0xbefcca00)
D/exynos_camera( 1858): Selected camera: S5K5BAFX
I/CalendarProvider2( 2737): Sending notification intent: Intent { act=android.intent.action.PROVIDER_CHANGED dat=content://com.android.calendar }
W/ContentResolver( 2737): Failed to get type for: content://com.android.calendar (Unknown URL content://com.android.calendar)
I/BootReceiver( 2605): Restore disabled by user preference.
I/BootReceiver( 2605): Restore disabled by user preference.
D/CAT ( 2405): CatService: Return current sInstance
I/talk ( 2862): supported front camera true
D/dalvikvm( 2199): GC_CONCURRENT freed 1153K, 36% free 6832K/10564K, paused 2ms+8ms, total 158ms
I/ActivityManager( 2199): Start proc com.android.voicedialer for broadcast com.android.voicedialer/.VoiceDialerReceiver: pid=2891 uid=10046 gids={50046, 3002, 1028}
D/CAT ( 2405): StkAppService$ServiceHandler: OP_BOOT_COMPLETED
E/Trace ( 2891): error opening trace file: No such file or directory (2)
I/dalvikvm( 2199): Jit: resizing JitTable from 4096 to 8192
I/ActivityManager( 2199): Start proc com.google.android.apps.genie.geniewidget for broadcast com.google.android.apps.genie.geniewidget/.miniwidget.MiniWidgetProvider: pid=2907 uid=10050 gids={50050, 3003, 1015, 1028}
E/Trace ( 2907): error opening trace file: No such file or directory (2)
I/System.out( 2907): [INFO:7]: LogSource: Logging disabled
W/Genie ( 2907): Cache file not found: java.io.FileNotFoundException: /data/data/com.google.android.apps.genie.geniewidget/cache/genie_masfcache: open failed: ENOENT (No such file or directory)
W/Genie ( 2907): Cache file not found: java.io.FileNotFoundException: /data/data/com.google.android.apps.genie.geniewidget/cache/genie_iconcache: open failed: ENOENT (No such file or directory)
D/Mms:app ( 2837): cancelNotification
I/Genie ( 2907): ignoring BOOT_COMPLETE since app has never been started
I/ActivityManager( 2199): Start proc com.google.android.partnersetup for broadcast com.google.android.partnersetup/.GooglePartnerSetup: pid=2928 uid=10055 gids={50055, 3003, 1028}
W/ActivityManager( 2199): Unable to start service Intent { cmp=com.android.email/.service.AttachmentDownloadService } U=0: not found
E/Trace ( 2928): error opening trace file: No such file or directory (2)
D/ExchangeService( 2793): !!! EAS ExchangeService, onStartCommand, startingUp = true, running = false
W/ActivityManager( 2199): Unable to start service Intent { cmp=com.android.email/.service.AttachmentDownloadService } U=0: not found
D/ExchangeService( 2793): !!! EAS ExchangeService, onStartCommand, startingUp = true, running = false
W/ActivityManager( 2199): Unable to start service Intent { cmp=com.android.email/.service.AttachmentDownloadService } U=0: not found
D/Eas Debug( 2793): Logging:
W/ActivityManager( 2199): Unable to start service Intent { cmp=com.android.email/.service.AttachmentDownloadService } U=0: not found
W/ActivityManager( 2199): Unable to start service Intent { cmp=com.android.email/.service.AttachmentDownloadService } U=0: not found
W/Mms/cache( 2837): RecipientId -2305843077933171297 not in cache!
W/Mms/cache( 2837): RecipientId -2305843077933171297 has empty number!
D/dalvikvm( 2199): GC_EXPLICIT freed 992K, 36% free 6818K/10564K, paused 3ms+4ms, total 61ms
I/SystemUpdateService( 2553): cancelUpdate (empty URL)
I/ActivityManager( 2199): Start proc com.google.android.onetimeinitializer for broadcast com.google.android.onetimeinitializer/.OneTimeInitializerReceiver: pid=2968 uid=10059 gids={50059, 1028}
I/RlzPingService( 2928): Setting next ping for 1363792474086
E/Trace ( 2968): error opening trace file: No such file or directory (2)
V/OneTimeInitializerReceiver( 2968): OneTimeInitializerReceiver.onReceive
I/ActivityManager( 2199): Start proc com.google.android.gms for broadcast com.google.android.gms/.recovery.AccountRecoveryService$Receiver: pid=2984 uid=10049 gids={50049, 3003, 1007, 1028, 1015, 2001, 3006}
V/OneTimeService( 2968): OneTimeService.onHandleIntent
I/SystemUpdateService( 2553): cancelUpdate (empty URL)
E/Trace ( 2984): error opening trace file: No such file or directory (2)
I/Recovery( 2984): Received: Intent { act=android.intent.action.BOOT_COMPLETED flg=0x10 cmp=com.google.android.gms/.recovery.AccountRecoveryService$Receiver (has extras) }
D/dalvikvm( 2553): GC_EXPLICIT freed 2549K, 65% free 2741K/7696K, paused 11ms+6ms, total 125ms
D/dalvikvm( 2199): GC_EXPLICIT freed 170K, 36% free 6831K/10564K, paused 2ms+4ms, total 73ms
I/ActivityManager( 2199): Start proc com.google.android.gsf.login for service com.google.android.gms/.recovery.AccountRecoveryService: pid=2999 uid=10049 gids={50049, 3003, 1007, 1028, 1015, 2001, 3006}
E/Trace ( 2999): error opening trace file: No such file or directory (2)
I/ActivityManager( 2199): Start proc com.google.android.gcm for broadcast com.google.android.gms/.gcm.ServiceAutoStarter: pid=3013 uid=10049 gids={50049, 3003, 1007, 1028, 1015, 2001, 3006}
E/Trace ( 3013): error opening trace file: No such file or directory (2)
I/ActivityManager( 2199): Start proc com.android.vending for broadcast com.android.vending/com.google.android.finsky.receivers.BootCompletedReceiver: pid=3032 uid=10060 gids={50060, 3003, 1015, 1028}
I/ActivityManager( 2199): No longer want com.android.contacts (pid 2644): empty #17
I/ActivityManager( 2199): No longer want com.cyanogenmod.settings.device (pid 2674): empty #17
I/ActivityManager( 2199): No longer want com.cyanogenmod.updater (pid 2722): empty #17
E/Trace ( 3032): error opening trace file: No such file or directory (2)
D/dalvikvm( 2366): GC_EXPLICIT freed 552K, 65% free 2709K/7696K, paused 3ms+4ms, total 33ms
D/Finsky ( 3032): [1] FinskyApp.onCreate: Initializing network with DFE https://android.clients.google.com/fdfe/
D/Finsky ( 3032): [1] DailyHygiene.goMakeHygieneIfDirty: No need to run daily hygiene.
W/Settings( 3032): Setting download_manager_max_bytes_over_mobile has moved from android.provider.Settings.Secure to android.provider.Settings.Global.
W/Settings( 3032): Setting download_manager_recommended_max_bytes_over_mobile has moved from android.provider.Settings.Secure to android.provider.Settings.Global.
D/Volley ( 3032): [109] DiskBasedCache.clear: Cache cleared.
I/ActivityManager( 2199): Start proc com.google.android.gm for broadcast com.google.android.gm/.GoogleMailDeviceStartupReceiver: pid=3064 uid=10051 gids={50051, 3003, 1015, 1028}
I/ActivityManager( 2199): No longer want com.android.deskclock (pid 2753): empty #17
D/Volley ( 3032): [113] DiskBasedCache.clear: Cache cleared.
D/dalvikvm( 1856): GC_EXPLICIT freed 38K, 70% free 2335K/7696K, paused 2ms+1ms, total 21ms
D/dalvikvm( 1856): GC_EXPLICIT freed <1K, 70% free 2335K/7696K, paused 2ms+2ms, total 18ms
D/dalvikvm( 1856): GC_EXPLICIT freed <1K, 70% free 2335K/7696K, paused 2ms+1ms, total 17ms
E/Trace ( 3064): error opening trace file: No such file or directory (2)
D/Finsky ( 3032): [1] 2.run: Loaded library for account: [zZIs64huWCYJ2_f73NQXVxjssZQ]
D/Finsky ( 3032): [1] 2.run: Finished loading 1 libraries.
D/ActivityThread( 3064): Loading provider com.android.gmail.ui: com.google.android.gm.provider.UiProvider
W/MediaProvider( 2366): no database for scanned volume external
I/ActivityManager( 2199): Start proc com.google.android.googlequicksearchbox for broadcast com.google.android.googlequicksearchbox/com.google.android.apps.sidekick.StartUpReceiver: pid=3088 uid=10037 gids={50037, 3003, 1028, 1007, 3002, 1015, 1006}
D/dalvikvm( 2199): GC_EXPLICIT freed 361K, 36% free 6836K/10564K, paused 12ms+4ms, total 99ms
E/Trace ( 3088): error opening trace file: No such file or directory (2)
I/Gmail ( 3064): calculateUnknownSyncRationalesAndPurgeInBackground: queueing
I/Gmail ( 3064): calculateUnknownSyncRationalesAndPurgeInBackground: queueing
I/Gmail ( 3064): calculateUnknownSyncRationalesAndPurgeInBackground: running
I/Gmail ( 3064): calculateUnknownSyncRationalesAndPurgeInBackground: running
I/Gmail ( 3064): Sending notification intent: Intent { act=com.android.mail.action.update_notification typ=application/gmail-ls (has extras) }
W/GAV2 ( 3088): Thread[main,5,main]: Connection to service failed 1
W/ActivityManager( 2199): Unable to start service Intent { act=com.google.android.gms.analytics.service.START (has extras) } U=0: not found
W/GAV2 ( 3088): Thread[main,5,main]: Need to call initialize() and be in fallback mode to start dispatch.
D/WeatherUpdateService( 2813): Service started, but shouldn't update ... stopping
I/GLSUser ( 2999): GLS error: NetworkError teignat@gmail.com oauth2:https://www.googleapis.com/auth/personal_derived_data https://www.googleapis.com/auth/paths.notifications
W/Search.LoginHelper( 3088): IO error: java.io.IOException
I/Gmail ( 3064): Sending notification intent: Intent { act=com.android.mail.action.update_notification typ=application/gmail-ls (has extras) }
D/BluetoothAdapter( 2605): 1097482000: getState() : mService = null. Returning STATE_OFF
I/GLSUser ( 2999): GLS error: NetworkError teignat@gmail.com oauth2:https://www.googleapis.com/auth/webhistory
W/Search.LoginHelper( 3088): IO error: java.io.IOException
D/BluetoothAdapter( 2605): 1097482000: getState() : mService = null. Returning STATE_OFF
I/GLSUser ( 2999): GLS error: NetworkError teignat@gmail.com oauth2:https://www.googleapis.com/auth/personal_derived_data https://www.googleapis.com/auth/paths.notifications
W/Search.LoginHelper( 3088): IO error: java.io.IOException
I/ActivityManager( 2199): Start proc com.google.android.music:main for broadcast com.google.android.music/.store.MediaStoreImportService$Receiver: pid=3124 uid=10067 gids={50067, 3003, 1015, 1028}
D/lights ( 2199): set_light_buttons off
E/Trace ( 3124): error opening trace file: No such file or directory (2)
D/MediaProvider( 2366): object removed 2030
I/MusicStore( 3124): Database version: 50
D/dalvikvm( 2436): GC_CONCURRENT freed 2781K, 41% free 4554K/7696K, paused 5ms+11ms, total 58ms
I/ActivityManager( 2199): Start proc com.android.calendar for broadcast com.android.calendar/.alerts.AlertReceiver: pid=3145 uid=10010 gids={50010, 3003, 1028}
I/ActivityManager( 2199): No longer want com.android.providers.calendar (pid 2737): empty #17
E/Trace ( 3145): error opening trace file: No such file or directory (2)
I/ActivityManager( 2199): No longer want com.android.exchange (pid 2793): empty #17
D/MediaProvider( 2366): object removed 2031
D/MediaProvider( 2366): object removed 2032
D/AlertReceiver( 3145): onReceive: a=android.intent.action.PROVIDER_CHANGED Intent { act=android.intent.action.PROVIDER_CHANGED dat=content://com.android.calendar flg=0x10 cmp=com.android.calendar/.alerts.AlertReceiver }
D/MediaProvider( 2366): object removed 2033
D/AlertService( 3145): 0 Action = android.intent.action.PROVIDER_CHANGED
D/AlertService( 3145): Beginning updateAlertNotification
D/MediaProvider( 2366): object removed 2034
D/MediaProvider( 2366): object removed 2035
I/ActivityManager( 2199): Start proc com.android.providers.calendar for content provider com.android.providers.calendar/.CalendarProvider2: pid=3169 uid=10011 gids={50011, 3003, 1015, 1028}
E/Trace ( 3169): error opening trace file: No such file or directory (2)
I/talk ( 2862): onMcsConnectionStarted
I/Recovery( 2984): Received: Intent { act=com.google.android.gms.INITIALIZE flg=0x10 pkg=com.google.android.gms cmp=com.google.android.gms/.recovery.AccountRecoveryService$Receiver }
I/Recovery( 2984): Received: Intent { act=com.google.android.gms.INITIALIZE flg=0x10 pkg=com.google.android.gms cmp=com.google.android.gms/.recovery.AccountRecoveryService$Receiver }
I/Recovery( 2984): Received: Intent { act=com.google.android.gms.INITIALIZE flg=0x10 pkg=com.google.android.gms cmp=com.google.android.gms/.recovery.AccountRecoveryService$Receiver }
D/MediaProvider( 2366): object removed 2036
D/MediaProvider( 2366): object removed 2037
D/MediaProvider( 2366): object removed 2038
D/MediaProvider( 2366): object removed 2039
D/MediaProvider( 2366): object removed 2040
D/AlertService( 3145): No fired or scheduled alerts
I/ActivityManager( 2199): No longer want com.android.mms (pid 2837): empty #17
D/CountryDetector( 2199): No listener is left
D/MediaProvider( 2366): object removed 2041
D/MediaProvider( 2366): object removed 2042
D/MediaProvider( 2366): object removed 2043
D/MediaProvider( 2366): object removed 2044
D/MediaProvider( 2366): object removed 2045
D/MediaProvider( 2366): object removed 2046
D/MediaProvider( 2366): object removed 2047
D/MediaProvider( 2366): object removed 2048
D/MediaProvider( 2366): object removed 2049
D/MediaProvider( 2366): object removed 2050
D/MediaProvider( 2366): object removed 2051
D/MediaProvider( 2366): object removed 2052
D/MediaProvider( 2366): object removed 2053
D/MediaProvider( 2366): object removed 2054
D/MediaProvider( 2366): object removed 2055
D/MediaProvider( 2366): object removed 2056
D/MediaProvider( 2366): object removed 2057
D/MediaProvider( 2366): object removed 2058
D/MediaProvider( 2366): object removed 2059
D/MediaProvider( 2366): object removed 2060
D/MediaProvider( 2366): object removed 2061
D/MediaProvider( 2366): object removed 2062
D/MediaProvider( 2366): object removed 2063
D/MediaProvider( 2366): object removed 2064
D/MediaProvider( 2366): object removed 2065
D/MediaProvider( 2366): object removed 2066
D/MediaProvider( 2366): object removed 2067
D/MediaProvider( 2366): object removed 2068
D/MediaProvider( 2366): object removed 2069
D/MediaProvider( 2366): object removed 2070
D/MediaProvider( 2366): object removed 2071
D/MediaProvider( 2366): object removed 2072
D/MediaProvider( 2366): object removed 2073
D/MediaProvider( 2366): object removed 2074
D/MediaProvider( 2366): object removed 2075
D/MediaProvider( 2366): object removed 2076
D/MediaProvider( 2366): object removed 2077
D/MediaProvider( 2366): object removed 2078
D/MediaProvider( 2366): object removed 2079
D/MediaProvider( 2366): object removed 2080
D/MediaProvider( 2366): object removed 2081
D/MediaProvider( 2366): object removed 2082
D/MediaProvider( 2366): object removed 2083
D/MediaProvider( 2366): object removed 2084
D/MediaProvider( 2366): object removed 2085
D/MediaProvider( 2366): object removed 2086
D/MediaProvider( 2366): object removed 2087
D/MediaProvider( 2366): object removed 2088
D/MediaProvider( 2366): object removed 2089
D/MediaProvider( 2366): object removed 2090
D/MediaProvider( 2366): object removed 2091
D/MediaProvider( 2366): object removed 2092
D/MediaProvider( 2366): object removed 2093
D/MediaProvider( 2366): object removed 2094
D/MediaProvider( 2366): object removed 2095
D/MediaProvider( 2366): object removed 2096
D/MediaProvider( 2366): object removed 2097
D/MediaProvider( 2366): object removed 2098
D/MediaProvider( 2366): object removed 2099
D/MediaProvider( 2366): object removed 2100
D/MediaProvider( 2366): object removed 2101
D/MediaProvider( 2366): object removed 2102
D/MediaProvider( 2366): object removed 2103
D/MediaProvider( 2366): object removed 2104
D/MediaProvider( 2366): object removed 2105
D/MediaProvider( 2366): object removed 2106
D/MediaProvider( 2366): object removed 2107
D/MediaProvider( 2366): object removed 2108
D/MediaProvider( 2366): object removed 2109
D/MediaProvider( 2366): object removed 2110
D/MediaProvider( 2366): object removed 2111
D/MediaProvider( 2366): object removed 2112
D/MediaProvider( 2366): object removed 2113
D/MediaProvider( 2366): object removed 2114
D/MediaProvider( 2366): object removed 2115
D/MediaProvider( 2366): object removed 2116
D/MediaProvider( 2366): object removed 2117
D/MediaProvider( 2366): object removed 2118
D/MediaProvider( 2366): object removed 2119
D/MediaProvider( 2366): object removed 2120
D/MediaProvider( 2366): object removed 2121
D/MediaProvider( 2366): object removed 2122
D/MediaProvider( 2366): object removed 2123
D/MediaProvider( 2366): object removed 2124
D/MediaProvider( 2366): object removed 2125
D/MediaProvider( 2366): object removed 2126
D/MediaProvider( 2366): object removed 2127
D/MediaProvider( 2366): object removed 2128
D/MediaProvider( 2366): object removed 2129
D/MediaProvider( 2366): object removed 2130
I/CalendarProvider2( 3169): Sending notification intent: Intent { act=android.intent.action.PROVIDER_CHANGED dat=content://com.android.calendar }
W/ContentResolver( 3169): Failed to get type for: content://com.android.calendar (Unknown URL content://com.android.calendar)
D/AlertReceiver( 3145): onReceive: a=android.intent.action.PROVIDER_CHANGED Intent { act=android.intent.action.PROVIDER_CHANGED dat=content://com.android.calendar flg=0x10 cmp=com.android.calendar/.alerts.AlertReceiver }
D/AlertService( 3145): 0 Action = android.intent.action.PROVIDER_CHANGED
D/AlertService( 3145): Beginning updateAlertNotification
D/AlertService( 3145): No fired or scheduled alerts
I/GAV2 ( 3088): Thread[GAThread,5,main]: No campaign data found.
I/ActivityManager( 2199): No longer want com.android.voicedialer (pid 2891): empty #17
D/gps_sirf( 2199): GSD4t Firmware Upload Done
D/MediaProvider( 2366): object removed 2131
D/MediaProvider( 2366): object removed 2132
D/MediaProvider( 2366): object removed 2133
D/MediaProvider( 2366): object removed 2134
D/MediaProvider( 2366): object removed 2135
D/MediaProvider( 2366): object removed 2136
D/MediaProvider( 2366): object removed 2137
D/dalvikvm( 2366): GC_CONCURRENT freed 542K, 67% free 2576K/7696K, paused 3ms+2ms, total 27ms
D/MediaProvider( 2366): object removed 2138
D/MediaProvider( 2366): object removed 2139
D/MediaProvider( 2366): object removed 2140
D/MediaProvider( 2366): object removed 2141
D/MediaProvider( 2366): object removed 2142
D/MediaProvider( 2366): object removed 2143
D/MediaProvider( 2366): object removed 2144
D/MediaProvider( 2366): object removed 2145
D/MediaProvider( 2366): object removed 2146
D/MediaProvider( 2366): object removed 2147
D/MediaProvider( 2366): object removed 2148
D/MediaProvider( 2366): object removed 2149
D/MediaProvider( 2366): object removed 2150
D/MediaProvider( 2366): object removed 2151
D/MediaProvider( 2366): object removed 2152
D/MediaProvider( 2366): object removed 2153
D/MediaProvider( 2366): object removed 2154
D/MediaProvider( 2366): object removed 2155
D/MediaProvider( 2366): object removed 2156
D/MediaProvider( 2366): object removed 2157
D/MediaProvider( 2366): object removed 2158
D/MediaProvider( 2366): object removed 2159
D/MediaProvider( 2366): object removed 2160
D/MediaProvider( 2366): object removed 2161
D/MediaProvider( 2366): object removed 2162
D/MediaProvider( 2366): object removed 2163
D/MediaProvider( 2366): object removed 2164
D/MediaProvider( 2366): object removed 2165
D/MediaProvider( 2366): object removed 2166
D/MediaProvider( 2366): object removed 2167
D/MediaProvider( 2366): object removed 2168
D/MediaProvider( 2366): object removed 2169
D/MediaProvider( 2366): object removed 2170
D/MediaProvider( 2366): object removed 2171
D/MediaProvider( 2366): object removed 2172
D/MediaProvider( 2366): object removed 2173
D/MediaProvider( 2366): object removed 2174
D/MediaProvider( 2366): object removed 2175
D/MediaProvider( 2366): object removed 2176
D/MediaProvider( 2366): object removed 2177
D/MediaProvider( 2366): object removed 2178
D/MediaProvider( 2366): object removed 2179
D/MediaProvider( 2366): object removed 2180
D/MediaProvider( 2366): object removed 2181
D/MediaProvider( 2366): object removed 2182
D/MediaProvider( 2366): object removed 2183
D/MediaProvider( 2366): object removed 2184
D/MediaProvider( 2366): object removed 2185
D/MediaProvider( 2366): object removed 2186
D/MediaProvider( 2366): object removed 2187
D/MediaProvider( 2366): object removed 2188
D/MediaProvider( 2366): object removed 2189
D/MediaProvider( 2366): object removed 2190
D/MediaProvider( 2366): object removed 2191
D/MediaProvider( 2366): object removed 2192
D/MediaProvider( 2366): object removed 2193
D/MediaProvider( 2366): object removed 2194
D/MediaProvider( 2366): object removed 2195
D/MediaProvider( 2366): object removed 2196
D/MediaProvider( 2366): object removed 2197
D/MediaProvider( 2366): object removed 2198
D/MediaProvider( 2366): object removed 2199
D/MediaProvider( 2366): object removed 2200
D/MediaProvider( 2366): object removed 2201
D/MediaProvider( 2366): object removed 2202
D/MediaProvider( 2366): object removed 2203
D/MediaProvider( 2366): object removed 2204
D/MediaProvider( 2366): object removed 2205
D/MediaProvider( 2366): object removed 2206
D/MediaProvider( 2366): object removed 2207
D/MediaProvider( 2366): object removed 2208
D/MediaProvider( 2366): object removed 2209
D/MediaProvider( 2366): object removed 2210
D/MediaProvider( 2366): object removed 2211
D/MediaProvider( 2366): object removed 2212
D/MediaProvider( 2366): object removed 2213
D/MediaProvider( 2366): object removed 2214
D/MediaProvider( 2366): object removed 2215
D/MediaProvider( 2366): object removed 2216
D/MediaProvider( 2366): object removed 2217
D/MediaProvider( 2366): object removed 2218
D/MediaProvider( 2366): object removed 2219
D/MediaProvider( 2366): object removed 2220
D/MediaProvider( 2366): object removed 2221
D/MediaProvider( 2366): object removed 2222
D/MediaProvider( 2366): object removed 2223
D/MediaProvider( 2366): object removed 2224
D/MediaProvider( 2366): object removed 2225
D/MediaProvider( 2366): object removed 2226
D/MediaProvider( 2366): object removed 2227
D/MediaProvider( 2366): object removed 2228
D/MediaProvider( 2366): object removed 2229
D/MediaProvider( 2366): object removed 2230
D/MediaProvider( 2366): object removed 2231
W/GAV2 ( 3088): Thread[Service Reconnect,5,main]: Connection to service failed 1
W/ActivityManager( 2199): Unable to start service Intent { act=com.google.android.gms.analytics.service.START (has extras) } U=0: not found
D/MediaProvider( 2366): object removed 2232
D/MediaProvider( 2366): object removed 2233
D/MediaProvider( 2366): object removed 2234
D/MediaProvider( 2366): object removed 2235
D/MediaProvider( 2366): object removed 2236
D/MediaProvider( 2366): object removed 2237
D/MediaProvider( 2366): object removed 2238
D/MediaProvider( 2366): object removed 2239
D/MediaProvider( 2366): object removed 2240
D/MediaProvider( 2366): object removed 2241
D/MediaProvider( 2366): object removed 2242
D/MediaProvider( 2366): object removed 2243
D/MediaProvider( 2366): object removed 2244
D/MediaProvider( 2366): object removed 2245
D/MediaProvider( 2366): object removed 2246
D/MediaProvider( 2366): object removed 2247
D/MediaProvider( 2366): object removed 2248
D/MediaProvider( 2366): object removed 2249
D/MediaProvider( 2366): object removed 2250
D/MediaProvider( 2366): object removed 2251
D/MediaProvider( 2366): object removed 2252
D/MediaProvider( 2366): object removed 2253
D/MediaProvider( 2366): object removed 2254
D/MediaProvider( 2366): object removed 2255
D/MediaProvider( 2366): object removed 2256
D/MediaProvider( 2366): object removed 2257
D/MediaProvider( 2366): object removed 2258
D/MediaProvider( 2366): object removed 2259
D/MediaProvider( 2366): object removed 2260
D/MediaProvider( 2366): object removed 2261
D/MediaProvider( 2366): object removed 2262
D/MediaProvider( 2366): object removed 2263
D/MediaProvider( 2366): object removed 2264
D/MediaProvider( 2366): object removed 2265
D/MediaProvider( 2366): object removed 2266
D/MediaProvider( 2366): object removed 2267
D/MediaProvider( 2366): object removed 2268
D/MediaProvider( 2366): object removed 2269
D/MediaProvider( 2366): object removed 2270
D/MediaProvider( 2366): object removed 2271
D/MediaProvider( 2366): object removed 2272
D/MediaProvider( 2366): object removed 2273
D/MediaProvider( 2366): object removed 2274
D/MediaProvider( 2366): object removed 2275
D/MediaProvider( 2366): object removed 2276
D/MediaProvider( 2366): object removed 2277
D/MediaProvider( 2366): object removed 2278
D/MediaProvider( 2366): object removed 2279
D/MediaProvider( 2366): object removed 2280
D/MediaProvider( 2366): object removed 2281
D/MediaProvider( 2366): object removed 2282
D/MediaProvider( 2366): object removed 2283
D/MediaProvider( 2366): object removed 2284
D/MediaProvider( 2366): object removed 2285
D/MediaProvider( 2366): object removed 2286
D/MediaProvider( 2366): object removed 2287
