D/dalvikvm( 2199): GC_EXPLICIT freed 83K, 22% free 9288K/11896K, paused 2ms+5ms, total 53ms
D/dalvikvm( 2366): GC_CONCURRENT freed 385K, 65% free 2750K/7696K, paused 2ms+2ms, total 17ms
D/dalvikvm( 2199): GC_EXPLICIT freed 84K, 22% free 9288K/11896K, paused 2ms+5ms, total 54ms
I/PowerManagerService( 2199): Going to sleep due to screen timeout...
D/dalvikvm( 2199): GC_EXPLICIT freed 84K, 22% free 9289K/11896K, paused 5ms+10ms, total 129ms
D/SurfaceFlinger( 1855): Screen released, type=0 flinger=0x4176c318
D/AKMD2 ( 2199): akm_disable_sensor: Accel is disabled. (orien = 0)
I/AKMD2 ( 2199): enable_accelerometer, mEnabled = 1, enable = 0
D/dalvikvm( 2199): GC_FOR_ALLOC freed 287K, 22% free 9317K/11896K, paused 56ms, total 56ms
I/dalvikvm-heap( 2199): Grow heap (frag case) to 10.048MB for 214528-byte allocation
I/HK/LatinKeyboardBaseView( 2385): closing org.pocketworkstation.pckeyboard.LatinKeyboardView{419c0480 V.ED.... ......ID 0,0-480,280 #7f07000a app:id/LatinkeyboardBaseView}
D/TinyALSA-Audio Hardware( 1858): audio_hw_set_parameters(0x41286a68, screen_state=off)++
D/TinyALSA-Audio Hardware( 1858): audio_hw_set_parameters(0x41286a68, screen_state=off)-- (PARAMETER ERROR)
D/dalvikvm( 2366): GC_CONCURRENT freed 385K, 65% free 2763K/7696K, paused 3ms+2ms, total 19ms
D/dalvikvm( 2199): GC_EXPLICIT freed 373K, 24% free 9287K/12108K, paused 3ms+7ms, total 70ms
D/dalvikvm( 2366): GC_CONCURRENT freed 409K, 65% free 2754K/7696K, paused 2ms+2ms, total 17ms
D/dalvikvm( 2199): GC_EXPLICIT freed 87K, 24% free 9286K/12108K, paused 2ms+7ms, total 70ms
D/dalvikvm( 2366): GC_CONCURRENT freed 384K, 65% free 2756K/7696K, paused 2ms+3ms, total 21ms
D/dalvikvm( 2199): GC_EXPLICIT freed 84K, 24% free 9286K/12108K, paused 3ms+7ms, total 70ms
D/dalvikvm( 2366): GC_CONCURRENT freed 397K, 65% free 2757K/7696K, paused 1ms+4ms, total 19ms
D/dalvikvm( 2199): GC_EXPLICIT freed 83K, 24% free 9286K/12108K, paused 2ms+4ms, total 50ms
D/dalvikvm( 2366): GC_CONCURRENT freed 389K, 65% free 2752K/7696K, paused 2ms+2ms, total 14ms
D/dalvikvm( 2199): GC_EXPLICIT freed 84K, 24% free 9286K/12108K, paused 2ms+5ms, total 53ms
D/dalvikvm( 2366): GC_CONCURRENT freed 385K, 65% free 2750K/7696K, paused 2ms+2ms, total 15ms
D/dalvikvm( 2199): GC_EXPLICIT freed 83K, 24% free 9286K/12108K, paused 2ms+5ms, total 52ms
D/dalvikvm( 2366): GC_CONCURRENT freed 380K, 65% free 2762K/7696K, paused 4ms+6ms, total 36ms
D/dalvikvm( 2199): GC_EXPLICIT freed 84K, 24% free 9286K/12108K, paused 2ms+6ms, total 67ms
D/dalvikvm( 2366): GC_CONCURRENT freed 392K, 65% free 2764K/7696K, paused 4ms+5ms, total 40ms
D/dalvikvm( 2199): GC_EXPLICIT freed 83K, 24% free 9286K/12108K, paused 4ms+6ms, total 83ms
D/dalvikvm( 2366): GC_CONCURRENT freed 403K, 65% free 2757K/7696K, paused 3ms+5ms, total 55ms
D/dalvikvm( 2199): GC_EXPLICIT freed 84K, 24% free 9285K/12108K, paused 4ms+10ms, total 115ms
D/PhoneStatusBar( 2306): disable: < expand icons alerts ticker system_info back home RECENT* clock search > V/TAG ( 2199): bug 7643792: fitSystemWindows([0,38][0,0])
D/PhoneStatusBar( 2306): disable: < expand icons alerts ticker system_info BACK* HOME* RECENT CLOCK* search > D/dalvikvm( 2199): GC_EXPLICIT freed 989K, 19% free 9881K/12108K, paused 5ms+10ms, total 112ms
D/dalvikvm( 2366): GC_CONCURRENT freed 388K, 65% free 2754K/7696K, paused 3ms+4ms, total 24ms
D/dalvikvm( 2199): GC_EXPLICIT freed 826K, 24% free 9285K/12108K, paused 4ms+8ms, total 99ms
D/dalvikvm( 2366): GC_CONCURRENT freed 394K, 65% free 2746K/7696K, paused 2ms+3ms, total 23ms
D/dalvikvm( 2199): GC_EXPLICIT freed 88K, 24% free 9281K/12108K, paused 5ms+6ms, total 102ms
D/dalvikvm( 2366): GC_CONCURRENT freed 383K, 65% free 2748K/7696K, paused 3ms+3ms, total 23ms
D/dalvikvm( 2199): GC_EXPLICIT freed 84K, 24% free 9280K/12108K, paused 5ms+6ms, total 103ms
D/dalvikvm( 2366): GC_CONCURRENT freed 386K, 65% free 2748K/7696K, paused 3ms+3ms, total 23ms
D/Tethering( 2199): TetherModeAliveState.processMessage what=4
D/dalvikvm( 2199): GC_EXPLICIT freed 88K, 24% free 9278K/12108K, paused 5ms+9ms, total 108ms
D/dalvikvm( 2366): GC_CONCURRENT freed 385K, 65% free 2748K/7696K, paused 3ms+3ms, total 23ms
D/dalvikvm( 2199): GC_EXPLICIT freed 85K, 24% free 9277K/12108K, paused 5ms+12ms, total 110ms
D/dalvikvm( 2366): GC_CONCURRENT freed 386K, 65% free 2747K/7696K, paused 4ms+5ms, total 34ms
D/dalvikvm( 2199): GC_EXPLICIT freed 348K, 24% free 9288K/12108K, paused 5ms+10ms, total 105ms
D/dalvikvm( 2366): GC_CONCURRENT freed 383K, 65% free 2748K/7696K, paused 3ms+4ms, total 33ms
D/dalvikvm( 2199): GC_EXPLICIT freed 92K, 24% free 9279K/12108K, paused 5ms+10ms, total 108ms
D/dalvikvm( 2366): GC_CONCURRENT freed 384K, 65% free 2749K/7696K, paused 3ms+5ms, total 32ms
D/dalvikvm( 2199): GC_EXPLICIT freed 213K, 24% free 9288K/12108K, paused 5ms+7ms, total 176ms
D/dalvikvm( 2366): GC_CONCURRENT freed 386K, 65% free 2749K/7696K, paused 3ms+5ms, total 33ms
D/Tethering( 2199): TetherModeAliveState.processMessage what=4
D/dalvikvm( 2199): GC_EXPLICIT freed 98K, 24% free 9280K/12108K, paused 5ms+11ms, total 111ms
D/dalvikvm( 2366): GC_CONCURRENT freed 385K, 65% free 2748K/7696K, paused 4ms+6ms, total 33ms
D/dalvikvm( 2199): GC_EXPLICIT freed 86K, 24% free 9279K/12108K, paused 5ms+9ms, total 105ms
D/dalvikvm( 2366): GC_CONCURRENT freed 383K, 65% free 2750K/7696K, paused 4ms+5ms, total 32ms
D/dalvikvm( 2199): GC_EXPLICIT freed 83K, 24% free 9279K/12108K, paused 5ms+10ms, total 111ms
D/dalvikvm( 2366): GC_CONCURRENT freed 385K, 65% free 2750K/7696K, paused 3ms+6ms, total 32ms
D/dalvikvm( 2199): GC_EXPLICIT freed 84K, 24% free 9279K/12108K, paused 4ms+8ms, total 98ms
D/dalvikvm( 2366): GC_CONCURRENT freed 385K, 65% free 2749K/7696K, paused 3ms+3ms, total 23ms
D/dalvikvm( 2405): GC_CONCURRENT freed 488K, 63% free 2885K/7696K, paused 3ms+2ms, total 105ms
D/dalvikvm( 2199): GC_EXPLICIT freed 347K, 24% free 9289K/12108K, paused 2ms+7ms, total 70ms
D/dalvikvm( 2366): GC_CONCURRENT freed 384K, 65% free 2750K/7696K, paused 3ms+6ms, total 32ms
D/dalvikvm( 2199): GC_EXPLICIT freed 91K, 24% free 9281K/12108K, paused 4ms+11ms, total 111ms
D/dalvikvm( 2366): GC_CONCURRENT freed 385K, 65% free 2751K/7696K, paused 3ms+4ms, total 31ms
D/dalvikvm( 2199): GC_EXPLICIT freed 84K, 24% free 9281K/12108K, paused 5ms+5ms, total 79ms
D/dalvikvm( 2366): GC_CONCURRENT freed 386K, 65% free 2750K/7696K, paused 4ms+4ms, total 40ms
D/dalvikvm( 2199): GC_EXPLICIT freed 85K, 24% free 9281K/12108K, paused 4ms+9ms, total 109ms
D/dalvikvm( 2366): GC_CONCURRENT freed 384K, 65% free 2752K/7696K, paused 3ms+4ms, total 36ms
D/lights ( 2199): set_light_buttons on=1
D/AKMD2 ( 2199): akm_enable_sensor: Accel is enabled. (orien = 0)
I/AKMD2 ( 2199): enable_accelerometer, mEnabled = 0, enable = 1
I/PowerManagerService( 2199): Waking up from sleep...
I/WindowManager( 2199): Lock screen displayed!
D/TinyALSA-Audio Hardware( 1858): audio_hw_set_parameters(0x41286a68, screen_state=on)++
D/TinyALSA-Audio Hardware( 1858): audio_hw_set_parameters(0x41286a68, screen_state=on)-- (PARAMETER ERROR)
D/PowerManagerService-JNI( 2199): Excessive delay in autosuspend_disable() while turning screen on: 191ms
D/SurfaceFlinger( 1855): Screen acquired, type=0 flinger=0x4176c318
D/dalvikvm( 2199): GC_EXPLICIT freed 687K, 24% free 9293K/12108K, paused 2ms+6ms, total 77ms
D/dalvikvm( 2366): GC_CONCURRENT freed 375K, 65% free 2761K/7696K, paused 3ms+3ms, total 26ms
D/dalvikvm( 2199): GC_EXPLICIT freed 248K, 24% free 9292K/12108K, paused 3ms+10ms, total 90ms
D/dalvikvm( 2366): GC_CONCURRENT freed 352K, 64% free 2795K/7696K, paused 4ms+6ms, total 35ms
D/dalvikvm( 2199): GC_EXPLICIT freed 131K, 24% free 9287K/12108K, paused 3ms+7ms, total 74ms
D/dalvikvm( 2366): GC_CONCURRENT freed 344K, 64% free 2839K/7696K, paused 2ms+3ms, total 20ms
D/dalvikvm( 2199): GC_EXPLICIT freed 219K, 24% free 9295K/12108K, paused 2ms+6ms, total 70ms
D/dalvikvm( 2366): GC_CONCURRENT freed 346K, 63% free 2886K/7696K, paused 3ms+3ms, total 23ms
D/dalvikvm( 2199): GC_EXPLICIT freed 221K, 24% free 9296K/12108K, paused 3ms+10ms, total 93ms
D/dalvikvm( 2366): GC_CONCURRENT freed 340K, 62% free 2944K/7696K, paused 1ms+3ms, total 22ms
D/dalvikvm( 2199): GC_EXPLICIT freed 88K, 24% free 9292K/12108K, paused 2ms+7ms, total 71ms
D/dalvikvm( 2366): GC_CONCURRENT freed 345K, 61% free 3002K/7696K, paused 3ms+3ms, total 25ms
D/lights ( 2199): set_light_buttons off
D/dalvikvm( 2366): GC_CONCURRENT freed 339K, 61% free 3063K/7696K, paused 3ms+5ms, total 34ms
D/dalvikvm( 2199): GC_EXPLICIT freed 96K, 24% free 9295K/12108K, paused 5ms+10ms, total 107ms
D/dalvikvm( 2366): GC_CONCURRENT freed 333K, 60% free 3125K/7696K, paused 3ms+3ms, total 24ms
D/dalvikvm( 2199): GC_EXPLICIT freed 88K, 24% free 9295K/12108K, paused 3ms+5ms, total 68ms
D/dalvikvm( 2366): GC_CONCURRENT freed 443K, 60% free 3094K/7696K, paused 2ms+3ms, total 22ms
D/dalvikvm( 2366): GC_CONCURRENT freed 487K, 62% free 2993K/7696K, paused 2ms+2ms, total 19ms
D/dalvikvm( 2366): GC_CONCURRENT freed 428K, 62% free 2951K/7696K, paused 4ms+1ms, total 24ms
I/PowerManagerService( 2199): Going to sleep due to screen timeout...
D/SurfaceFlinger( 1855): Screen released, type=0 flinger=0x4176c318
D/AKMD2 ( 2199): akm_disable_sensor: Accel is disabled. (orien = 0)
I/AKMD2 ( 2199): enable_accelerometer, mEnabled = 1, enable = 0
D/TinyALSA-Audio Hardware( 1858): audio_hw_set_parameters(0x41286a68, screen_state=off)++
D/TinyALSA-Audio Hardware( 1858): audio_hw_set_parameters(0x41286a68, screen_state=off)-- (PARAMETER ERROR)
D/dalvikvm( 2366): GC_CONCURRENT freed 362K, 62% free 2978K/7696K, paused 3ms+2ms, total 17ms
D/dalvikvm( 2366): GC_CONCURRENT freed 399K, 62% free 2972K/7696K, paused 1ms+3ms, total 18ms
D/dalvikvm( 2366): GC_CONCURRENT freed 411K, 62% free 2945K/7696K, paused 2ms+1ms, total 14ms
D/dalvikvm( 2366): GC_CONCURRENT freed 427K, 62% free 2950K/7696K, paused 3ms+2ms, total 19ms
I/EventLogService( 2553): Aggregate from 1363187711872 (log), 1363186214616 (data)
D/dalvikvm( 2366): GC_CONCURRENT freed 695K, 66% free 2651K/7696K, paused 2ms+2ms, total 20ms
D/dalvikvm( 2199): GC_EXPLICIT freed 1154K, 20% free 9751K/12108K, paused 3ms+8ms, total 75ms
D/dalvikvm( 2366): GC_CONCURRENT freed 251K, 64% free 2794K/7696K, paused 2ms+3ms, total 22ms
D/dalvikvm( 2199): GC_EXPLICIT freed 550K, 24% free 9284K/12108K, paused 3ms+5ms, total 68ms
D/dalvikvm( 2366): GC_CONCURRENT freed 332K, 64% free 2846K/7696K, paused 3ms+3ms, total 21ms
D/dalvikvm( 2199): GC_EXPLICIT freed 83K, 24% free 9284K/12108K, paused 3ms+6ms, total 69ms
D/dalvikvm( 2366): GC_CONCURRENT freed 330K, 63% free 2900K/7696K, paused 2ms+3ms, total 23ms
D/dalvikvm( 2199): GC_EXPLICIT freed 83K, 24% free 9284K/12108K, paused 3ms+5ms, total 68ms
D/dalvikvm( 2366): GC_CONCURRENT freed 355K, 62% free 2938K/7696K, paused 1ms+3ms, total 23ms
D/dalvikvm( 2199): GC_EXPLICIT freed 93K, 24% free 9285K/12108K, paused 4ms+10ms, total 107ms
D/dalvikvm( 2366): GC_CONCURRENT freed 370K, 62% free 2952K/7696K, paused 2ms+3ms, total 21ms
D/dalvikvm( 2199): GC_EXPLICIT freed 84K, 24% free 9285K/12108K, paused 3ms+6ms, total 70ms
I/hostapd ( 4225): wlan0: AP-STA-CONNECTED 00:22:43:14:e7:04
I/dnsmasq ( 4226): DHCPREQUEST(wlan0) 192.168.43.76 00:22:43:14:e7:04
I/dnsmasq ( 4226): DHCPACK(wlan0) 192.168.43.76 00:22:43:14:e7:04 eek
D/dalvikvm( 2366): GC_CONCURRENT freed 371K, 62% free 2974K/7696K, paused 1ms+3ms, total 23ms
D/dalvikvm( 2199): GC_EXPLICIT freed 83K, 24% free 9285K/12108K, paused 3ms+5ms, total 67ms
D/dalvikvm( 2366): GC_CONCURRENT freed 371K, 62% free 2994K/7696K, paused 2ms+3ms, total 24ms
D/dalvikvm( 2199): GC_EXPLICIT freed 84K, 24% free 9285K/12108K, paused 2ms+8ms, total 88ms
D/dalvikvm( 2366): GC_CONCURRENT freed 370K, 61% free 3011K/7696K, paused 4ms+5ms, total 40ms
D/dalvikvm( 2199): GC_EXPLICIT freed 85K, 24% free 9285K/12108K, paused 5ms+10ms, total 113ms
D/dalvikvm( 2366): GC_CONCURRENT freed 375K, 61% free 3029K/7696K, paused 3ms+3ms, total 24ms
D/dalvikvm( 2199): GC_EXPLICIT freed 84K, 24% free 9285K/12108K, paused 3ms+6ms, total 68ms
D/dalvikvm( 2366): GC_CONCURRENT freed 378K, 61% free 3034K/7696K, paused 2ms+2ms, total 19ms
D/dalvikvm( 2199): GC_EXPLICIT freed 83K, 24% free 9285K/12108K, paused 2ms+6ms, total 68ms
D/dalvikvm( 2366): GC_CONCURRENT freed 389K, 61% free 3039K/7696K, paused 3ms+3ms, total 23ms
D/dalvikvm( 2199): GC_EXPLICIT freed 213K, 24% free 9293K/12108K, paused 3ms+7ms, total 70ms
D/dalvikvm( 2366): GC_CONCURRENT freed 388K, 61% free 3036K/7696K, paused 3ms+3ms, total 23ms
D/dalvikvm( 2199): GC_EXPLICIT freed 92K, 24% free 9288K/12108K, paused 3ms+10ms, total 88ms
D/dalvikvm( 2366): GC_CONCURRENT freed 390K, 61% free 3040K/7696K, paused 1ms+4ms, total 25ms
D/dalvikvm( 2199): GC_EXPLICIT freed 83K, 24% free 9288K/12108K, paused 3ms+7ms, total 70ms
D/dalvikvm( 2366): GC_CONCURRENT freed 394K, 61% free 3040K/7696K, paused 1ms+3ms, total 24ms
D/dalvikvm( 2199): GC_EXPLICIT freed 84K, 24% free 9288K/12108K, paused 3ms+5ms, total 67ms
D/dalvikvm( 2366): GC_CONCURRENT freed 393K, 61% free 3039K/7696K, paused 2ms+3ms, total 25ms
D/dalvikvm( 2199): GC_EXPLICIT freed 83K, 24% free 9288K/12108K, paused 3ms+10ms, total 91ms
D/dalvikvm( 2366): GC_CONCURRENT freed 385K, 61% free 3039K/7696K, paused 3ms+3ms, total 27ms
D/dalvikvm( 2199): GC_EXPLICIT freed 84K, 24% free 9288K/12108K, paused 3ms+5ms, total 68ms
D/dalvikvm( 2366): GC_CONCURRENT freed 392K, 61% free 3042K/7696K, paused 1ms+2ms, total 22ms
D/dalvikvm( 2199): GC_EXPLICIT freed 83K, 24% free 9288K/12108K, paused 3ms+7ms, total 70ms
D/dalvikvm( 2366): GC_CONCURRENT freed 397K, 61% free 3045K/7696K, paused 2ms+3ms, total 27ms
D/dalvikvm( 2199): GC_EXPLICIT freed 84K, 24% free 9288K/12108K, paused 3ms+5ms, total 69ms
D/dalvikvm( 2366): GC_CONCURRENT freed 399K, 61% free 3042K/7696K, paused 4ms+6ms, total 41ms
D/dalvikvm( 2199): GC_EXPLICIT freed 96K, 24% free 9288K/12108K, paused 4ms+7ms, total 90ms
D/dalvikvm( 2366): GC_CONCURRENT freed 389K, 61% free 3039K/7696K, paused 3ms+6ms, total 37ms
D/dalvikvm( 2199): GC_EXPLICIT freed 84K, 24% free 9287K/12108K, paused 4ms+6ms, total 80ms
D/dalvikvm( 2366): GC_CONCURRENT freed 384K, 61% free 3039K/7696K, paused 2ms+3ms, total 17ms
D/dalvikvm( 2199): GC_EXPLICIT freed 83K, 24% free 9288K/12108K, paused 2ms+4ms, total 51ms
D/Tethering( 2199): TetherModeAliveState.processMessage what=4
D/dalvikvm( 2366): GC_CONCURRENT freed 391K, 61% free 3043K/7696K, paused 1ms+3ms, total 26ms
D/dalvikvm( 2199): GC_EXPLICIT freed 90K, 24% free 9288K/12108K, paused 3ms+6ms, total 68ms
D/dalvikvm( 2199): GC_EXPLICIT freed 213K, 24% free 9295K/12108K, paused 3ms+7ms, total 69ms
D/dalvikvm( 2366): GC_CONCURRENT freed 391K, 61% free 3040K/7696K, paused 3ms+5ms, total 26ms
D/dalvikvm( 2405): GC_CONCURRENT freed 398K, 63% free 2885K/7696K, paused 2ms+2ms, total 33ms
D/dalvikvm( 2199): GC_EXPLICIT freed 222K, 24% free 9296K/12108K, paused 3ms+9ms, total 88ms
D/dalvikvm( 2366): GC_CONCURRENT freed 392K, 61% free 3033K/7696K, paused 3ms+4ms, total 37ms
D/dalvikvm( 2199): GC_EXPLICIT freed 88K, 24% free 9291K/12108K, paused 3ms+6ms, total 69ms
D/dalvikvm( 2366): GC_CONCURRENT freed 391K, 61% free 3039K/7696K, paused 1ms+3ms, total 25ms
D/dalvikvm( 2199): GC_EXPLICIT freed 84K, 24% free 9291K/12108K, paused 3ms+5ms, total 67ms
D/dalvikvm( 2366): GC_CONCURRENT freed 392K, 61% free 3039K/7696K, paused 2ms+3ms, total 27ms
D/dalvikvm( 2199): GC_EXPLICIT freed 83K, 24% free 9292K/12108K, paused 5ms+10ms, total 109ms
D/dalvikvm( 2366): GC_CONCURRENT freed 388K, 61% free 3037K/7696K, paused 3ms+4ms, total 24ms
D/dalvikvm( 2199): GC_EXPLICIT freed 84K, 24% free 9291K/12108K, paused 3ms+6ms, total 70ms
D/dalvikvm( 2366): GC_CONCURRENT freed 393K, 61% free 3039K/7696K, paused 2ms+3ms, total 26ms
D/dalvikvm( 2199): GC_EXPLICIT freed 86K, 24% free 9291K/12108K, paused 3ms+6ms, total 69ms
D/dalvikvm( 2366): GC_CONCURRENT freed 394K, 61% free 3041K/7696K, paused 1ms+3ms, total 24ms
D/dalvikvm( 2199): GC_EXPLICIT freed 84K, 24% free 9291K/12108K, paused 3ms+7ms, total 69ms
D/dalvikvm( 2366): GC_CONCURRENT freed 389K, 61% free 3036K/7696K, paused 3ms+3ms, total 22ms
D/dalvikvm( 2199): GC_EXPLICIT freed 96K, 24% free 9292K/12108K, paused 2ms+5ms, total 67ms
D/dalvikvm( 2366): GC_CONCURRENT freed 391K, 61% free 3040K/7696K, paused 2ms+3ms, total 28ms
D/dalvikvm( 2199): GC_EXPLICIT freed 85K, 24% free 9291K/12108K, paused 3ms+7ms, total 69ms
D/dalvikvm( 2366): GC_CONCURRENT freed 393K, 61% free 3041K/7696K, paused 3ms+5ms, total 38ms
D/dalvikvm( 2199): GC_EXPLICIT freed 83K, 24% free 9291K/12108K, paused 4ms+5ms, total 95ms
D/dalvikvm( 2366): GC_CONCURRENT freed 389K, 61% free 3037K/7696K, paused 3ms+5ms, total 37ms
D/dalvikvm( 2199): GC_EXPLICIT freed 215K, 24% free 9296K/12108K, paused 5ms+10ms, total 105ms
D/dalvikvm( 2366): GC_CONCURRENT freed 385K, 61% free 3039K/7696K, paused 3ms+5ms, total 40ms
D/dalvikvm( 2199): GC_EXPLICIT freed 88K, 24% free 9292K/12108K, paused 4ms+10ms, total 113ms
D/dalvikvm( 2366): GC_CONCURRENT freed 386K, 61% free 3039K/7696K, paused 3ms+3ms, total 27ms
D/dalvikvm( 2199): GC_EXPLICIT freed 83K, 24% free 9292K/12108K, paused 4ms+6ms, total 104ms
D/dalvikvm( 2366): GC_CONCURRENT freed 385K, 61% free 3038K/7696K, paused 3ms+3ms, total 25ms
D/dalvikvm( 2199): GC_EXPLICIT freed 350K, 24% free 9305K/12108K, paused 2ms+7ms, total 78ms
D/dalvikvm( 2366): GC_CONCURRENT freed 383K, 61% free 3040K/7696K, paused 3ms+3ms, total 27ms
D/dalvikvm( 2199): GC_EXPLICIT freed 96K, 24% free 9294K/12108K, paused 3ms+6ms, total 71ms
D/dalvikvm( 2366): GC_CONCURRENT freed 386K, 61% free 3039K/7696K, paused 3ms+3ms, total 25ms
D/dalvikvm( 2199): GC_EXPLICIT freed 84K, 24% free 9293K/12108K, paused 3ms+7ms, total 78ms
D/dalvikvm( 2366): GC_CONCURRENT freed 384K, 61% free 3040K/7696K, paused 5ms+6ms, total 38ms
D/dalvikvm( 2199): GC_EXPLICIT freed 83K, 24% free 9294K/12108K, paused 4ms+10ms, total 110ms
D/dalvikvm( 2366): GC_CONCURRENT freed 385K, 61% free 3040K/7696K, paused 3ms+4ms, total 29ms
D/dalvikvm( 2199): GC_EXPLICIT freed 84K, 24% free 9293K/12108K, paused 3ms+7ms, total 70ms
D/dalvikvm( 2366): GC_CONCURRENT freed 384K, 61% free 3042K/7696K, paused 4ms+5ms, total 40ms
D/dalvikvm( 2199): GC_EXPLICIT freed 213K, 24% free 9301K/12108K, paused 4ms+8ms, total 107ms
D/dalvikvm( 2199): GC_EXPLICIT freed 87K, 24% free 9297K/12108K, paused 4ms+10ms, total 106ms
D/dalvikvm( 2366): GC_CONCURRENT freed 386K, 61% free 3042K/7696K, paused 2ms+3ms, total 24ms
D/dalvikvm( 2405): GC_EXPLICIT freed 247K, 63% free 2871K/7696K, paused 2ms+2ms, total 28ms
D/dalvikvm( 2199): GC_EXPLICIT freed 344K, 24% free 9311K/12108K, paused 4ms+9ms, total 109ms
D/dalvikvm( 2366): GC_CONCURRENT freed 393K, 61% free 3033K/7696K, paused 3ms+5ms, total 41ms
D/dalvikvm( 2199): GC_EXPLICIT freed 92K, 24% free 9302K/12108K, paused 5ms+12ms, total 145ms
D/dalvikvm( 2366): GC_CONCURRENT freed 383K, 61% free 3035K/7696K, paused 3ms+4ms, total 24ms
D/dalvikvm( 2199): GC_EXPLICIT freed 210K, 24% free 9313K/12108K, paused 3ms+6ms, total 123ms
D/dalvikvm( 2366): GC_CONCURRENT freed 385K, 61% free 3034K/7696K, paused 1ms+3ms, total 25ms
D/dalvikvm( 2199): GC_EXPLICIT freed 90K, 24% free 9306K/12108K, paused 11ms+9ms, total 156ms
D/dalvikvm( 2366): GC_CONCURRENT freed 384K, 61% free 3036K/7696K, paused 3ms+3ms, total 26ms
D/dalvikvm( 2199): GC_EXPLICIT freed 94K, 24% free 9306K/12108K, paused 3ms+6ms, total 80ms
D/dalvikvm( 2366): GC_CONCURRENT freed 386K, 61% free 3036K/7696K, paused 3ms+3ms, total 26ms
D/dalvikvm( 2199): GC_EXPLICIT freed 86K, 24% free 9306K/12108K, paused 4ms+9ms, total 101ms
D/dalvikvm( 2366): GC_CONCURRENT freed 385K, 61% free 3036K/7696K, paused 3ms+5ms, total 37ms
D/dalvikvm( 2199): GC_EXPLICIT freed 134K, 24% free 9307K/12108K, paused 5ms+10ms, total 111ms
D/dalvikvm( 2366): GC_CONCURRENT freed 384K, 61% free 3037K/7696K, paused 3ms+4ms, total 31ms
D/dalvikvm( 2199): GC_EXPLICIT freed 85K, 24% free 9306K/12108K, paused 5ms+12ms, total 141ms
D/dalvikvm( 2366): GC_CONCURRENT freed 385K, 61% free 3037K/7696K, paused 3ms+3ms, total 27ms
D/dalvikvm( 2199): GC_EXPLICIT freed 83K, 24% free 9306K/12108K, paused 6ms+7ms, total 120ms
D/dalvikvm( 2366): GC_CONCURRENT freed 384K, 61% free 3038K/7696K, paused 3ms+6ms, total 62ms
D/dalvikvm( 2199): GC_EXPLICIT freed 85K, 24% free 9306K/12108K, paused 5ms+10ms, total 110ms
D/dalvikvm( 2366): GC_CONCURRENT freed 385K, 61% free 3039K/7696K, paused 3ms+3ms, total 24ms
D/dalvikvm( 2199): GC_EXPLICIT freed 346K, 24% free 9317K/12108K, paused 5ms+10ms, total 111ms
D/Tethering( 2199): TetherModeAliveState.processMessage what=4
D/dalvikvm( 2366): GC_CONCURRENT freed 386K, 61% free 3038K/7696K, paused 3ms+3ms, total 28ms
D/dalvikvm( 2199): GC_EXPLICIT freed 98K, 24% free 9309K/12108K, paused 3ms+7ms, total 73ms
D/dalvikvm( 2366): GC_CONCURRENT freed 383K, 61% free 3040K/7696K, paused 3ms+3ms, total 26ms
D/dalvikvm( 2199): GC_EXPLICIT freed 85K, 24% free 9309K/12108K, paused 3ms+7ms, total 74ms
D/dalvikvm( 2366): GC_CONCURRENT freed 385K, 61% free 3039K/7696K, paused 3ms+6ms, total 39ms
D/dalvikvm( 2199): GC_EXPLICIT freed 85K, 24% free 9310K/12108K, paused 3ms+6ms, total 75ms
D/dalvikvm( 2366): GC_CONCURRENT freed 384K, 61% free 3041K/7696K, paused 3ms+6ms, total 38ms
D/dalvikvm( 2199): GC_EXPLICIT freed 215K, 24% free 9315K/12108K, paused 4ms+6ms, total 87ms
D/dalvikvm( 2366): GC_CONCURRENT freed 385K, 61% free 3041K/7696K, paused 2ms+4ms, total 27ms
D/dalvikvm( 2199): GC_EXPLICIT freed 353K, 24% free 9321K/12108K, paused 3ms+7ms, total 79ms
D/dalvikvm( 2366): GC_CONCURRENT freed 386K, 61% free 3043K/7696K, paused 7ms+11ms, total 84ms
D/dalvikvm( 2199): GC_EXPLICIT freed 101K, 24% free 9316K/12108K, paused 3ms+6ms, total 78ms
D/dalvikvm( 2366): GC_CONCURRENT freed 424K, 61% free 3012K/7696K, paused 3ms+6ms, total 41ms
D/dalvikvm( 2366): GC_CONCURRENT freed 515K, 63% free 2899K/7696K, paused 3ms+3ms, total 29ms
D/dalvikvm( 2366): GC_CONCURRENT freed 372K, 62% free 2932K/7696K, paused 2ms+1ms, total 20ms
D/dalvikvm( 2405): GC_CONCURRENT freed 392K, 63% free 2872K/7696K, paused 14ms+6ms, total 91ms
D/dalvikvm( 2366): GC_CONCURRENT freed 570K, 64% free 2784K/7696K, paused 5ms+3ms, total 43ms
D/dalvikvm( 2366): GC_CONCURRENT freed 530K, 66% free 2642K/7696K, paused 1ms+3ms, total 37ms
I/ActivityManager( 2199): Start proc com.google.android.music:main for broadcast com.google.android.music/.store.MediaStoreImportService$Receiver: pid=4388 uid=10067 gids={50067, 3003, 1015, 1028}
E/Trace ( 4388): error opening trace file: No such file or directory (2)
D/gp.PicasaPhotoCP( 3255): set fsid first time:-1
I/MusicStore( 4388): Database version: 50
D/dalvikvm( 2199): GC_EXPLICIT freed 141K, 23% free 9323K/12108K, paused 3ms+5ms, total 59ms
D/MusicStore( 4388): Disabled WAL
D/MusicStore( 4388): Database opened
I/MediaStoreImporter( 4388): Update: incremental Added music: 0 Updated music: 0 Deleted music: 0 Created playlists: 0 Updated playlists: 0 Deleted playlists: 0 Inserted playlist items: 0 Deleted playlist items: 0 Removed orphaned playlist items: 0
D/dalvikvm( 2366): GC_CONCURRENT freed 407K, 66% free 2681K/7696K, paused 3ms+2ms, total 26ms
D/dalvikvm( 2366): GC_CONCURRENT freed 504K, 66% free 2648K/7696K, paused 2ms+3ms, total 26ms
D/dalvikvm( 2366): GC_CONCURRENT freed 465K, 66% free 2649K/7696K, paused 1ms+2ms, total 16ms
D/dalvikvm( 2366): GC_CONCURRENT freed 385K, 66% free 2648K/7696K, paused 1ms+1ms, total 15ms
D/dalvikvm( 2366): GC_CONCURRENT freed 422K, 66% free 2650K/7696K, paused 2ms+2ms, total 25ms
D/lights ( 2199): set_light_buttons on=1
D/AKMD2 ( 2199): akm_enable_sensor: Accel is enabled. (orien = 0)
I/AKMD2 ( 2199): enable_accelerometer, mEnabled = 0, enable = 1
I/PowerManagerService( 2199): Waking up from sleep...
D/dalvikvm( 2366): GC_CONCURRENT freed 421K, 66% free 2650K/7696K, paused 3ms+2ms, total 67ms
D/TinyALSA-Audio Hardware( 1858): audio_hw_set_parameters(0x41286a68, screen_state=on)++
D/TinyALSA-Audio Hardware( 1858): audio_hw_set_parameters(0x41286a68, screen_state=on)-- (PARAMETER ERROR)
I/WindowManager( 2199): Lock screen displayed!
D/PowerManagerService-JNI( 2199): Excessive delay in autosuspend_disable() while turning screen on: 193ms
D/SurfaceFlinger( 1855): Screen acquired, type=0 flinger=0x4176c318
D/PhoneStatusBar( 2306): disable: < expand icons alerts ticker system_info BACK HOME recent* CLOCK search > D/BluetoothAdapter( 3394): 1098627352: getState() : mService = null. Returning STATE_OFF
D/BluetoothAdapter( 3394): 1098627352: getState() : mService = null. Returning STATE_OFF
D/BluetoothAdapter( 3394): 1098627352: getState() : mService = null. Returning STATE_OFF
D/BluetoothAdapter( 3394): 1098627352: getState() : mService = null. Returning STATE_OFF
I/HK/LatinKeyboardBaseView( 2385): closing org.pocketworkstation.pckeyboard.LatinKeyboardView{419c0480 V.ED.... ......ID 0,0-480,280 #7f07000a app:id/LatinkeyboardBaseView}
W/InputMethodManagerService( 2199): Window already focused, ignoring focus gain of: com.android.internal.view.IInputMethodClient$Stub$Proxy@41a03ab0 attribute=android.view.inputmethod.EditorInfo@41784f28, token = android.os.BinderProxy@41755058
D/PhoneStatusBar( 2306): disable: < expand icons alerts ticker system_info back* home* recent clock* search > V/TAG ( 2199): bug 7643792: fitSystemWindows([0,38][0,0])
D/CommandListener( 1852): Setting iface cfg
D/CommandListener( 1852): Trying to bring up wlan0
D/Tethering( 2199): Untethering wlan0
D/Tethering( 2199): TetheredState.processMessage what=3
D/dalvikvm( 2366): GC_CONCURRENT freed 387K, 66% free 2651K/7696K, paused 2ms+4ms, total 51ms
D/Tethering( 2199): Untethered wlan0
D/Tethering( 2199): sendTetherStateChangedBroadcast 1, 0, 0
D/BluetoothAdapter( 3394): 1098627352: getState() : mService = null. Returning STATE_OFF
D/SoftapController( 1852): Stopping Softap service
I/hostapd ( 4225): wlan0: AP-STA-DISCONNECTED 00:22:43:14:e7:04
W/hostapd ( 4225): wlan0: Could not connect to kernel driver
D/Tethering( 2199): TetherModeAliveState.processMessage what=2
D/Tethering( 2199): TetherModeAlive removing notifyee wlan0 - InitialState - Available - lastError =0
I/MusicLeanback( 4388): EnablingReceiver action:com.google.android.music.START_DOWNLOAD_SCHEDULING
D/MusicLeanback( 4388): Acquired WakeLock
D/MusicLeanback( 4388): Service action:com.google.android.music.leanback.APP_IN_USE
W/MusicLeanback( 4388): No streaming account configured
D/MusicLeanback( 4388): Released WakeLock
D/SoftapController( 1852): Softap service stopped
D/TetherController( 1852): Stopping tethering services
I/dnsmasq ( 4226): exiting on receipt of SIGTERM
D/TetherController( 1852): Tethering services stopped
E/NetdConnector( 2199): NDC Command {92 softap stopap} took too long (1022ms)
E/NetdConnector( 2199): NDC Command {93 tether stop} took too long (1018ms)
D/SoftapController( 1852): Softap fwReload - Ok
D/TetherController( 1852): Setting IP forward enable = 0
D/ConnectivityService( 2199): stopUsingNetworkFeature: teardown net 0: enableDUNAlways
D/Tethering( 2199): notifying tethered with iface =null
D/Tethering( 2199): InitialState.processMessage what=4
D/BluetoothAdapter( 3394): 1098627352: getState() : mService = null. Returning STATE_OFF
D/Tethering( 2199): sendTetherStateChangedBroadcast 0, 0, 0
W/Netd ( 1852): No subsystem found in netlink event
D/NetlinkEvent( 1852): Unexpected netlink message. type=0x11
W/Netd ( 1852): No subsystem found in netlink event
D/NetlinkEvent( 1852): Unexpected netlink message. type=0x11
D/ConnectivityService( 2199): ConnectivityChange for mobile_dun: DISCONNECTED/DISCONNECTED
E/SecondaryTablController( 1852): ip route del failed: /system/bin/ip route del 10.220.30.1/32 via 0.0.0.0 dev rmnet1 table 60
W/FrameworkListener( 1852): Handler 'interface' error (No such device)
E/SecondaryTablController( 1852): ip route del failed: /system/bin/ip route del 0.0.0.0/0 via 10.220.30.1 dev rmnet1 table 60
W/FrameworkListener( 1852): Handler 'interface' error (No such device)
D/NetUtils( 2199): android_net_utils_resetConnections in env=0x52ae7c38 clazz=0x72f00001 iface=rmnet1 mask=0x3
D/ConnectivityService( 2199): resetConnections(rmnet1, 3)
D/dalvikvm( 2199): GC_CONCURRENT freed 1684K, 23% free 9368K/12108K, paused 3ms+5ms, total 129ms
D/dalvikvm( 2366): GC_CONCURRENT freed 385K, 66% free 2649K/7696K, paused 3ms+2ms, total 26ms
D/lights ( 2199): set_light_buttons off
D/Tethering( 2199): MasterInitialState.processMessage what=3
D/Tethering( 2199): MasterInitialState.processMessage what=3
I/UpdateCheckReceiver( 3378): Got connectivity change, has connection: true
I/UpdateCheckReceiver( 3378): Scheduling future, repeating update checks.
D/WeatherUpdateService( 2813): Service started, but shouldn't update ... stopping
I/UpdateCheckReceiver( 3378): Got connectivity change, has connection: true
I/UpdateCheckReceiver( 3378): Scheduling future, repeating update checks.
D/gp.PicasaSyncManager( 3255): active network: NetworkInfo: type: mobile[HSDPA], state: CONNECTED/CONNECTED, reason: dataAttached, extra: orange.fr, roaming: false, failover: false, isAvailable: true
D/gp.PicasaSyncManager( 3255): background data: true
D/WeatherUpdateService( 2813): Service started, but shouldn't update ... stopping
D/gp.PicasaSyncManager( 3255): active network: NetworkInfo: type: mobile[HSDPA], state: CONNECTED/CONNECTED, reason: dataAttached, extra: orange.fr, roaming: false, failover: false, isAvailable: true
D/gp.PicasaSyncManager( 3255): background data: true
D/dalvikvm( 2553): GC_CONCURRENT freed 403K, 62% free 2983K/7696K, paused 1ms+2ms, total 18ms
D/ConnectivityService( 2199): handleInetConditionHoldEnd: net=0, condition=100, published condition=100
D/dalvikvm( 2366): GC_CONCURRENT freed 401K, 66% free 2669K/7696K, paused 3ms+1ms, total 19ms
D/dalvikvm( 2366): GC_CONCURRENT freed 458K, 66% free 2656K/7696K, paused 2ms+1ms, total 15ms
D/dalvikvm( 2366): GC_CONCURRENT freed 408K, 66% free 2650K/7696K, paused 2ms+2ms, total 14ms
D/dalvikvm( 2366): GC_CONCURRENT freed 417K, 66% free 2650K/7696K, paused 2ms+2ms, total 15ms
D/dalvikvm( 2366): GC_CONCURRENT freed 395K, 66% free 2651K/7696K, paused 1ms+1ms, total 15ms
D/dalvikvm( 2366): GC_CONCURRENT freed 421K, 66% free 2651K/7696K, paused 2ms+2ms, total 17ms
D/dalvikvm( 2366): GC_CONCURRENT freed 394K, 66% free 2655K/7696K, paused 3ms+2ms, total 20ms
D/dalvikvm( 2199): GC_EXPLICIT freed 578K, 23% free 9341K/12100K, paused 2ms+6ms, total 64ms
D/dalvikvm( 2366): GC_CONCURRENT freed 249K, 64% free 2805K/7696K, paused 2ms+2ms, total 19ms
D/dalvikvm( 2199): GC_EXPLICIT freed 102K, 23% free 9323K/12100K, paused 2ms+4ms, total 60ms
D/dalvikvm( 2366): GC_CONCURRENT freed 394K, 64% free 2800K/7696K, paused 3ms+2ms, total 20ms
D/dalvikvm( 2199): GC_EXPLICIT freed 84K, 23% free 9323K/12100K, paused 3ms+5ms, total 71ms
D/dalvikvm( 2366): GC_CONCURRENT freed 394K, 64% free 2804K/7696K, paused 1ms+3ms, total 19ms
D/dalvikvm( 2199): GC_EXPLICIT freed 85K, 23% free 9323K/12100K, paused 2ms+4ms, total 54ms
D/dalvikvm( 2366): GC_CONCURRENT freed 400K, 64% free 2804K/7696K, paused 1ms+2ms, total 18ms
D/dalvikvm( 2199): GC_EXPLICIT freed 84K, 23% free 9322K/12100K, paused 2ms+4ms, total 52ms
D/dalvikvm( 2366): GC_CONCURRENT freed 403K, 64% free 2805K/7696K, paused 1ms+2ms, total 20ms
D/dalvikvm( 2199): GC_EXPLICIT freed 83K, 23% free 9323K/12100K, paused 2ms+4ms, total 52ms
D/dalvikvm( 2366): GC_CONCURRENT freed 402K, 64% free 2802K/7696K, paused 1ms+3ms, total 19ms
D/dalvikvm( 2199): GC_EXPLICIT freed 84K, 23% free 9322K/12100K, paused 3ms+5ms, total 60ms
D/dalvikvm( 2366): GC_CONCURRENT freed 394K, 64% free 2810K/7696K, paused 3ms+3ms, total 26ms
D/dalvikvm( 2199): GC_EXPLICIT freed 153K, 23% free 9324K/12100K, paused 3ms+7ms, total 71ms
D/dalvikvm( 2199): GC_EXPLICIT freed 86K, 23% free 9322K/12100K, paused 2ms+5ms, total 56ms
D/dalvikvm( 2366): GC_CONCURRENT freed 393K, 64% free 2811K/7696K, paused 2ms+2ms, total 18ms
D/dalvikvm( 2199): GC_EXPLICIT freed 84K, 23% free 9322K/12100K, paused 2ms+5ms, total 53ms
D/dalvikvm( 2366): GC_CONCURRENT freed 402K, 64% free 2801K/7696K, paused 3ms+2ms, total 19ms
D/dalvikvm( 2199): GC_EXPLICIT freed 83K, 23% free 9322K/12100K, paused 2ms+6ms, total 54ms
D/dalvikvm( 2366): GC_CONCURRENT freed 386K, 64% free 2802K/7696K, paused 2ms+2ms, total 15ms
D/dalvikvm( 2199): GC_EXPLICIT freed 84K, 23% free 9322K/12100K, paused 2ms+4ms, total 54ms
D/dalvikvm( 2366): GC_CONCURRENT freed 396K, 64% free 2810K/7696K, paused 3ms+5ms, total 50ms
D/dalvikvm( 2199): GC_EXPLICIT freed 84K, 23% free 9322K/12100K, paused 4ms+9ms, total 114ms
D/dalvikvm( 2366): GC_CONCURRENT freed 398K, 64% free 2809K/7696K, paused 2ms+4ms, total 23ms
D/dalvikvm( 2199): GC_EXPLICIT freed 84K, 23% free 9322K/12100K, paused 2ms+4ms, total 52ms
D/dalvikvm( 2366): GC_CONCURRENT freed 400K, 64% free 2811K/7696K, paused 2ms+4ms, total 21ms
D/dalvikvm( 2199): GC_EXPLICIT freed 83K, 23% free 9322K/12100K, paused 2ms+5ms, total 60ms
D/dalvikvm( 2405): GC_CONCURRENT freed 397K, 63% free 2877K/7696K, paused 5ms+3ms, total 73ms
D/dalvikvm( 2366): GC_CONCURRENT freed 388K, 64% free 2811K/7696K, paused 3ms+6ms, total 33ms
D/dalvikvm( 2199): GC_EXPLICIT freed 225K, 23% free 9327K/12100K, paused 5ms+11ms, total 107ms
D/Tethering( 2199): MasterInitialState.processMessage what=4
D/dalvikvm( 2199): GC_EXPLICIT freed 93K, 23% free 9319K/12100K, paused 6ms+10ms, total 120ms
D/dalvikvm( 2366): GC_CONCURRENT freed 384K, 64% free 2813K/7696K, paused 3ms+3ms, total 24ms
D/dalvikvm( 2199): GC_EXPLICIT freed 84K, 23% free 9319K/12100K, paused 3ms+8ms, total 78ms
D/dalvikvm( 2366): GC_CONCURRENT freed 392K, 64% free 2806K/7696K, paused 2ms+5ms, total 23ms
D/dalvikvm( 2199): GC_EXPLICIT freed 83K, 23% free 9319K/12100K, paused 3ms+7ms, total 86ms
D/dalvikvm( 2366): GC_CONCURRENT freed 385K, 64% free 2807K/7696K, paused 2ms+3ms, total 25ms
D/dalvikvm( 2199): GC_EXPLICIT freed 84K, 23% free 9318K/12100K, paused 3ms+4ms, total 57ms
D/dalvikvm( 2366): GC_CONCURRENT freed 387K, 64% free 2804K/7696K, paused 2ms+3ms, total 16ms
D/dalvikvm( 2199): GC_EXPLICIT freed 83K, 23% free 9319K/12100K, paused 2ms+4ms, total 56ms
D/dalvikvm( 2366): GC_CONCURRENT freed 396K, 64% free 2811K/7696K, paused 2ms+3ms, total 22ms
D/dalvikvm( 2199): GC_EXPLICIT freed 84K, 23% free 9318K/12100K, paused 4ms+7ms, total 106ms
D/dalvikvm( 2366): GC_CONCURRENT freed 391K, 64% free 2807K/7696K, paused 2ms+5ms, total 40ms
D/dalvikvm( 2199): GC_EXPLICIT freed 83K, 23% free 9318K/12100K, paused 5ms+10ms, total 104ms
D/dalvikvm( 2366): GC_CONCURRENT freed 385K, 64% free 2807K/7696K, paused 3ms+7ms, total 43ms
D/dalvikvm( 2199): GC_EXPLICIT freed 87K, 23% free 9318K/12100K, paused 5ms+10ms, total 112ms
D/dalvikvm( 2366): GC_CONCURRENT freed 383K, 64% free 2808K/7696K, paused 3ms+5ms, total 24ms
D/dalvikvm( 2199): GC_EXPLICIT freed 84K, 23% free 9318K/12100K, paused 3ms+9ms, total 76ms
D/dalvikvm( 2366): GC_CONCURRENT freed 387K, 64% free 2805K/7696K, paused 2ms+2ms, total 17ms
D/dalvikvm( 2199): GC_EXPLICIT freed 83K, 23% free 9318K/12100K, paused 2ms+4ms, total 56ms
D/dalvikvm( 2366): GC_CONCURRENT freed 385K, 64% free 2804K/7696K, paused 3ms+3ms, total 17ms
D/dalvikvm( 2199): GC_EXPLICIT freed 84K, 23% free 9318K/12100K, paused 2ms+4ms, total 55ms
D/dalvikvm( 2366): GC_CONCURRENT freed 393K, 64% free 2810K/7696K, paused 3ms+3ms, total 22ms
D/dalvikvm( 2199): GC_EXPLICIT freed 83K, 23% free 9318K/12100K, paused 2ms+6ms, total 61ms
D/dalvikvm( 2366): GC_CONCURRENT freed 398K, 64% free 2813K/7696K, paused 1ms+4ms, total 24ms
D/dalvikvm( 2199): GC_EXPLICIT freed 84K, 23% free 9318K/12100K, paused 3ms+7ms, total 74ms
D/dalvikvm( 2366): GC_CONCURRENT freed 386K, 64% free 2811K/7696K, paused 3ms+5ms, total 25ms
D/dalvikvm( 2199): GC_EXPLICIT freed 93K, 23% free 9321K/12100K, paused 3ms+7ms, total 73ms
D/dalvikvm( 2199): GC_EXPLICIT freed 84K, 23% free 9321K/12100K, paused 5ms+10ms, total 116ms
D/dalvikvm( 2366): GC_CONCURRENT freed 389K, 64% free 2817K/7696K, paused 2ms+6ms, total 44ms
I/PowerManagerService( 2199): Going to sleep due to screen timeout...
D/SurfaceFlinger( 1855): Screen released, type=0 flinger=0x4176c318
D/AKMD2 ( 2199): akm_disable_sensor: Accel is disabled. (orien = 0)
I/AKMD2 ( 2199): enable_accelerometer, mEnabled = 1, enable = 0
I/HK/LatinKeyboardBaseView( 2385): closing org.pocketworkstation.pckeyboard.LatinKeyboardView{419c0480 V.ED.... ......ID 0,0-480,280 #7f07000a app:id/LatinkeyboardBaseView}
D/TinyALSA-Audio Hardware( 1858): audio_hw_set_parameters(0x41286a68, screen_state=off)++
D/TinyALSA-Audio Hardware( 1858): audio_hw_set_parameters(0x41286a68, screen_state=off)-- (PARAMETER ERROR)
D/dalvikvm( 2199): GC_EXPLICIT freed 700K, 23% free 9326K/12100K, paused 2ms+5ms, total 54ms
D/dalvikvm( 2366): GC_CONCURRENT freed 394K, 64% free 2809K/7696K, paused 3ms+3ms, total 24ms
D/dalvikvm( 2199): GC_EXPLICIT freed 92K, 23% free 9318K/12100K, paused 3ms+6ms, total 72ms
D/dalvikvm( 2366): GC_CONCURRENT freed 387K, 64% free 2806K/7696K, paused 2ms+5ms, total 23ms
D/dalvikvm( 2199): GC_EXPLICIT freed 83K, 23% free 9318K/12100K, paused 3ms+7ms, total 78ms
D/dalvikvm( 2366): GC_CONCURRENT freed 383K, 64% free 2806K/7696K, paused 2ms+3ms, total 17ms
D/dalvikvm( 2199): GC_EXPLICIT freed 84K, 23% free 9318K/12100K, paused 3ms+5ms, total 73ms
D/dalvikvm( 2366): GC_CONCURRENT freed 382K, 64% free 2808K/7696K, paused 3ms+3ms, total 25ms
D/dalvikvm( 2199): GC_EXPLICIT freed 83K, 23% free 9318K/12100K, paused 3ms+7ms, total 70ms
D/dalvikvm( 2366): GC_CONCURRENT freed 383K, 64% free 2808K/7696K, paused 3ms+3ms, total 26ms
D/dalvikvm( 2199): GC_EXPLICIT freed 84K, 23% free 9317K/12100K, paused 3ms+7ms, total 79ms
D/PhoneStatusBar( 2306): disable: < expand icons alerts ticker system_info back home RECENT* clock search > V/TAG ( 2199): bug 7643792: fitSystemWindows([0,38][0,0])
D/PhoneStatusBar( 2306): disable: < expand icons alerts ticker system_info BACK* HOME* RECENT CLOCK* search > D/dalvikvm( 2366): GC_CONCURRENT freed 383K, 64% free 2809K/7696K, paused 3ms+3ms, total 16ms
D/dalvikvm( 2199): GC_EXPLICIT freed 983K, 19% free 9911K/12100K, paused 3ms+8ms, total 68ms
D/dalvikvm( 2366): GC_CONCURRENT freed 386K, 64% free 2809K/7696K, paused 3ms+5ms, total 23ms
D/dalvikvm( 2199): GC_EXPLICIT freed 692K, 24% free 9311K/12100K, paused 4ms+7ms, total 86ms
D/dalvikvm( 2366): GC_CONCURRENT freed 385K, 64% free 2809K/7696K, paused 2ms+3ms, total 27ms
D/dalvikvm( 2199): GC_EXPLICIT freed 84K, 24% free 9312K/12100K, paused 3ms+7ms, total 79ms
D/dalvikvm( 2366): GC_CONCURRENT freed 384K, 64% free 2811K/7696K, paused 2ms+3ms, total 25ms
D/dalvikvm( 2199): GC_EXPLICIT freed 84K, 24% free 9311K/12100K, paused 3ms+6ms, total 69ms
D/dalvikvm( 2366): GC_CONCURRENT freed 385K, 64% free 2811K/7696K, paused 2ms+3ms, total 22ms
D/dalvikvm( 2199): GC_EXPLICIT freed 83K, 24% free 9311K/12100K, paused 3ms+7ms, total 70ms
D/dalvikvm( 2366): GC_CONCURRENT freed 391K, 64% free 2815K/7696K, paused 3ms+6ms, total 37ms
D/dalvikvm( 2199): GC_EXPLICIT freed 83K, 24% free 9311K/12100K, paused 5ms+7ms, total 103ms
D/dalvikvm( 2199): GC_EXPLICIT freed 83K, 24% free 9311K/12100K, paused 4ms+11ms, total 110ms
D/dalvikvm( 2366): GC_CONCURRENT freed 387K, 64% free 2813K/7696K, paused 3ms+5ms, total 35ms
D/dalvikvm( 2199): GC_EXPLICIT freed 93K, 24% free 9314K/12100K, paused 4ms+7ms, total 98ms
D/dalvikvm( 2366): GC_CONCURRENT freed 392K, 64% free 2805K/7696K, paused 2ms+3ms, total 23ms
D/dalvikvm( 2199): GC_EXPLICIT freed 83K, 24% free 9314K/12100K, paused 3ms+7ms, total 75ms
D/dalvikvm( 2366): GC_CONCURRENT freed 382K, 64% free 2808K/7696K, paused 3ms+6ms, total 33ms
D/dalvikvm( 2199): GC_EXPLICIT freed 84K, 24% free 9313K/12100K, paused 5ms+9ms, total 107ms
D/dalvikvm( 2366): GC_CONCURRENT freed 384K, 64% free 2808K/7696K, paused 3ms+5ms, total 34ms
D/dalvikvm( 2199): GC_EXPLICIT freed 83K, 24% free 9314K/12100K, paused 4ms+6ms, total 105ms
D/dalvikvm( 2366): GC_CONCURRENT freed 384K, 64% free 2809K/7696K, paused 3ms+3ms, total 24ms
D/dalvikvm( 2199): GC_EXPLICIT freed 84K, 24% free 9313K/12100K, paused 3ms+6ms, total 69ms
D/dalvikvm( 2366): GC_CONCURRENT freed 384K, 64% free 2809K/7696K, paused 3ms+3ms, total 24ms
D/dalvikvm( 2199): GC_EXPLICIT freed 83K, 24% free 9314K/12100K, paused 3ms+7ms, total 73ms
D/dalvikvm( 2366): GC_CONCURRENT freed 383K, 64% free 2811K/7696K, paused 3ms+4ms, total 24ms
D/dalvikvm( 2199): GC_EXPLICIT freed 93K, 24% free 9314K/12100K, paused 3ms+5ms, total 77ms
D/dalvikvm( 2366): GC_CONCURRENT freed 384K, 64% free 2810K/7696K, paused 2ms+4ms, total 24ms
D/dalvikvm( 2199): GC_EXPLICIT freed 83K, 24% free 9313K/12100K, paused 2ms+7ms, total 68ms
D/dalvikvm( 2366): GC_CONCURRENT freed 384K, 64% free 2812K/7696K, paused 2ms+3ms, total 24ms
D/dalvikvm( 2199): GC_EXPLICIT freed 84K, 24% free 9313K/12100K, paused 3ms+7ms, total 72ms
D/dalvikvm( 2366): GC_CONCURRENT freed 384K, 64% free 2812K/7696K, paused 3ms+3ms, total 26ms
D/dalvikvm( 2199): GC_EXPLICIT freed 83K, 24% free 9313K/12100K, paused 3ms+7ms, total 79ms
D/dalvikvm( 2366): GC_CONCURRENT freed 384K, 64% free 2813K/7696K, paused 2ms+3ms, total 24ms
D/dalvikvm( 2199): GC_EXPLICIT freed 84K, 24% free 9313K/12100K, paused 2ms+7ms, total 70ms
D/dalvikvm( 2199): GC_EXPLICIT freed 83K, 24% free 9313K/12100K, paused 3ms+5ms, total 75ms
D/dalvikvm( 2366): GC_CONCURRENT freed 384K, 64% free 2813K/7696K, paused 2ms+2ms, total 15ms
D/dalvikvm( 2199): GC_EXPLICIT freed 83K, 24% free 9313K/12100K, paused 3ms+7ms, total 72ms
D/dalvikvm( 2366): GC_CONCURRENT freed 391K, 64% free 2807K/7696K, paused 2ms+4ms, total 23ms
D/dalvikvm( 2199): GC_EXPLICIT freed 83K, 24% free 9313K/12100K, paused 3ms+7ms, total 75ms
D/dalvikvm( 2366): GC_CONCURRENT freed 384K, 64% free 2807K/7696K, paused 2ms+4ms, total 25ms
D/dalvikvm( 2199): GC_EXPLICIT freed 84K, 24% free 9313K/12100K, paused 2ms+7ms, total 79ms
D/dalvikvm( 2366): GC_CONCURRENT freed 383K, 64% free 2809K/7696K, paused 3ms+3ms, total 24ms
D/dalvikvm( 2199): GC_EXPLICIT freed 83K, 24% free 9313K/12100K, paused 3ms+8ms, total 81ms
D/dalvikvm( 2366): GC_CONCURRENT freed 387K, 64% free 2809K/7696K, paused 4ms+5ms, total 30ms
D/dalvikvm( 2199): GC_EXPLICIT freed 83K, 24% free 9313K/12100K, paused 5ms+10ms, total 110ms
D/dalvikvm( 2366): GC_CONCURRENT freed 387K, 64% free 2812K/7696K, paused 4ms+5ms, total 34ms
D/dalvikvm( 2199): GC_EXPLICIT freed 83K, 24% free 9314K/12100K, paused 5ms+12ms, total 141ms
D/dalvikvm( 2366): GC_CONCURRENT freed 387K, 64% free 2811K/7696K, paused 3ms+4ms, total 24ms
D/dalvikvm( 2199): GC_EXPLICIT freed 90K, 24% free 9313K/12100K, paused 3ms+7ms, total 79ms
D/dalvikvm( 2366): GC_CONCURRENT freed 384K, 64% free 2811K/7696K, paused 3ms+3ms, total 25ms
D/dalvikvm( 2199): WAIT_FOR_CONCURRENT_GC blocked 1ms
D/dalvikvm( 2199): GC_EXPLICIT freed 84K, 24% free 9312K/12100K, paused 3ms+8ms, total 79ms
D/dalvikvm( 2366): GC_CONCURRENT freed 384K, 64% free 2812K/7696K, paused 3ms+3ms, total 25ms
D/dalvikvm( 2199): GC_EXPLICIT freed 152K, 24% free 9315K/12100K, paused 3ms+5ms, total 81ms
D/dalvikvm( 2366): GC_CONCURRENT freed 385K, 64% free 2812K/7696K, paused 3ms+4ms, total 25ms
D/dalvikvm( 2199): GC_EXPLICIT freed 86K, 24% free 9313K/12100K, paused 3ms+7ms, total 72ms
D/dalvikvm( 2199): GC_EXPLICIT freed 228K, 24% free 9316K/12100K, paused 3ms+5ms, total 61ms
D/dalvikvm( 2366): GC_CONCURRENT freed 383K, 64% free 2812K/7696K, paused 2ms+3ms, total 15ms
D/dalvikvm( 2199): GC_EXPLICIT freed 88K, 24% free 9311K/12100K, paused 3ms+7ms, total 74ms
D/dalvikvm( 2366): GC_CONCURRENT freed 392K, 64% free 2806K/7696K, paused 3ms+3ms, total 25ms
D/dalvikvm( 2199): GC_EXPLICIT freed 83K, 24% free 9311K/12100K, paused 3ms+6ms, total 76ms
D/dalvikvm( 2366): GC_CONCURRENT freed 384K, 64% free 2808K/7696K, paused 2ms+4ms, total 23ms
D/dalvikvm( 2199): GC_EXPLICIT freed 84K, 24% free 9311K/12100K, paused 3ms+8ms, total 79ms
D/dalvikvm( 2366): GC_CONCURRENT freed 385K, 64% free 2807K/7696K, paused 3ms+3ms, total 24ms
D/dalvikvm( 2199): GC_EXPLICIT freed 83K, 24% free 9311K/12100K, paused 3ms+7ms, total 85ms
D/dalvikvm( 2366): GC_CONCURRENT freed 383K, 64% free 2809K/7696K, paused 2ms+3ms, total 23ms
D/dalvikvm( 2199): GC_EXPLICIT freed 85K, 24% free 9311K/12100K, paused 3ms+6ms, total 72ms
D/dalvikvm( 2366): GC_CONCURRENT freed 384K, 64% free 2809K/7696K, paused 3ms+4ms, total 23ms
D/dalvikvm( 2199): GC_EXPLICIT freed 83K, 24% free 9311K/12100K, paused 3ms+7ms, total 73ms
D/dalvikvm( 2366): GC_CONCURRENT freed 384K, 64% free 2810K/7696K, paused 2ms+3ms, total 23ms
D/dalvikvm( 2199): GC_EXPLICIT freed 83K, 24% free 9311K/12100K, paused 5ms+6ms, total 115ms
D/dalvikvm( 2366): GC_CONCURRENT freed 384K, 64% free 2810K/7696K, paused 3ms+3ms, total 25ms
D/dalvikvm( 2199): GC_EXPLICIT freed 85K, 24% free 9311K/12100K, paused 3ms+5ms, total 75ms
D/dalvikvm( 2366): GC_CONCURRENT freed 383K, 64% free 2812K/7696K, paused 4ms+6ms, total 48ms
D/dalvikvm( 2199): GC_EXPLICIT freed 85K, 24% free 9311K/12100K, paused 3ms+6ms, total 75ms
D/dalvikvm( 2366): GC_CONCURRENT freed 385K, 64% free 2811K/7696K, paused 2ms+4ms, total 25ms
D/dalvikvm( 2199): GC_EXPLICIT freed 84K, 24% free 9311K/12100K, paused 3ms+7ms, total 78ms
D/dalvikvm( 2366): GC_CONCURRENT freed 383K, 64% free 2813K/7696K, paused 3ms+4ms, total 25ms
D/dalvikvm( 2199): GC_EXPLICIT freed 83K, 24% free 9311K/12100K, paused 2ms+7ms, total 74ms
D/dalvikvm( 2199): GC_EXPLICIT freed 83K, 24% free 9311K/12100K, paused 4ms+10ms, total 111ms
D/dalvikvm( 2366): GC_CONCURRENT freed 385K, 64% free 2813K/7696K, paused 3ms+3ms, total 24ms
D/dalvikvm( 2199): GC_EXPLICIT freed 83K, 24% free 9311K/12100K, paused 5ms+10ms, total 111ms
D/dalvikvm( 2366): GC_CONCURRENT freed 391K, 64% free 2808K/7696K, paused 4ms+5ms, total 44ms
D/dalvikvm( 2199): GC_EXPLICIT freed 83K, 24% free 9311K/12100K, paused 5ms+7ms, total 106ms
D/dalvikvm( 2366): GC_CONCURRENT freed 385K, 64% free 2808K/7696K, paused 3ms+3ms, total 24ms
D/dalvikvm( 2199): GC_EXPLICIT freed 83K, 24% free 9311K/12100K, paused 5ms+10ms, total 102ms
D/dalvikvm( 2366): GC_CONCURRENT freed 386K, 64% free 2808K/7696K, paused 3ms+6ms, total 35ms
D/dalvikvm( 2199): GC_EXPLICIT freed 83K, 24% free 9311K/12100K, paused 5ms+7ms, total 120ms
D/dalvikvm( 2366): GC_CONCURRENT freed 384K, 64% free 2808K/7696K, paused 2ms+3ms, total 25ms
D/dalvikvm( 2199): GC_EXPLICIT freed 93K, 24% free 9311K/12100K, paused 5ms+8ms, total 111ms
D/dalvikvm( 2366): GC_CONCURRENT freed 383K, 64% free 2810K/7696K, paused 4ms+6ms, total 34ms
D/dalvikvm( 2199): GC_EXPLICIT freed 84K, 24% free 9311K/12100K, paused 4ms+6ms, total 124ms
D/dalvikvm( 2366): GC_CONCURRENT freed 385K, 64% free 2809K/7696K, paused 3ms+3ms, total 26ms
D/dalvikvm( 2199): GC_EXPLICIT freed 138K, 24% free 9311K/12100K, paused 4ms+7ms, total 104ms
D/dalvikvm( 2366): GC_CONCURRENT freed 383K, 64% free 2811K/7696K, paused 4ms+8ms, total 42ms
D/dalvikvm( 2199): GC_EXPLICIT freed 85K, 24% free 9310K/12100K, paused 5ms+10ms, total 112ms
D/dalvikvm( 2366): GC_CONCURRENT freed 385K, 64% free 2811K/7696K, paused 4ms+4ms, total 40ms
D/dalvikvm( 2199): GC_EXPLICIT freed 83K, 24% free 9310K/12100K, paused 4ms+11ms, total 108ms
D/dalvikvm( 2366): GC_CONCURRENT freed 383K, 64% free 2813K/7696K, paused 4ms+6ms, total 34ms
D/dalvikvm( 2199): GC_EXPLICIT freed 87K, 24% free 9310K/12100K, paused 14ms+6ms, total 123ms
D/dalvikvm( 2366): GC_CONCURRENT freed 385K, 64% free 2812K/7696K, paused 3ms+3ms, total 25ms
D/dalvikvm( 2199): GC_EXPLICIT freed 84K, 24% free 9310K/12100K, paused 3ms+7ms, total 69ms
D/dalvikvm( 2199): GC_EXPLICIT freed 83K, 24% free 9310K/12100K, paused 3ms+8ms, total 79ms
D/dalvikvm( 2366): GC_CONCURRENT freed 383K, 64% free 2814K/7696K, paused 3ms+3ms, total 25ms
D/dalvikvm( 2199): GC_EXPLICIT freed 85K, 24% free 9310K/12100K, paused 3ms+6ms, total 73ms
D/dalvikvm( 2366): GC_CONCURRENT freed 392K, 64% free 2806K/7696K, paused 3ms+3ms, total 25ms
D/dalvikvm( 2199): GC_EXPLICIT freed 83K, 24% free 9310K/12100K, paused 3ms+7ms, total 86ms
D/dalvikvm( 2366): GC_CONCURRENT freed 383K, 64% free 2808K/7696K, paused 2ms+4ms, total 23ms
D/dalvikvm( 2199): GC_EXPLICIT freed 84K, 24% free 9310K/12100K, paused 3ms+7ms, total 78ms
D/dalvikvm( 2366): GC_CONCURRENT freed 384K, 64% free 2808K/7696K, paused 3ms+4ms, total 25ms
D/dalvikvm( 2199): GC_EXPLICIT freed 83K, 24% free 9310K/12100K, paused 3ms+7ms, total 74ms
D/dalvikvm( 2366): GC_CONCURRENT freed 384K, 64% free 2809K/7696K, paused 2ms+3ms, total 23ms
D/dalvikvm( 2199): GC_EXPLICIT freed 84K, 24% free 9309K/12100K, paused 3ms+6ms, total 77ms
D/dalvikvm( 2366): GC_CONCURRENT freed 385K, 64% free 2809K/7696K, paused 2ms+3ms, total 24ms
D/dalvikvm( 2199): GC_EXPLICIT freed 83K, 24% free 9310K/12100K, paused 4ms+7ms, total 75ms
D/dalvikvm( 2366): GC_CONCURRENT freed 383K, 64% free 2809K/7696K, paused 2ms+3ms, total 21ms
D/dalvikvm( 2199): GC_EXPLICIT freed 84K, 24% free 9310K/12100K, paused 3ms+6ms, total 72ms
D/dalvikvm( 2366): GC_CONCURRENT freed 384K, 64% free 2809K/7696K, paused 3ms+4ms, total 23ms
D/dalvikvm( 2199): GC_EXPLICIT freed 87K, 24% free 9310K/12100K, paused 3ms+6ms, total 77ms
D/dalvikvm( 2306): GC_CONCURRENT freed 1265K, 17% free 12661K/15184K, paused 4ms+4ms, total 51ms
D/dalvikvm( 2366): GC_CONCURRENT freed 384K, 64% free 2811K/7696K, paused 4ms+6ms, total 48ms
D/dalvikvm( 2199): WAIT_FOR_CONCURRENT_GC blocked 1ms
D/dalvikvm( 2199): GC_EXPLICIT freed 152K, 24% free 9313K/12100K, paused 6ms+7ms, total 125ms
D/dalvikvm( 2366): GC_CONCURRENT freed 384K, 64% free 2812K/7696K, paused 4ms+6ms, total 35ms
D/dalvikvm( 2199): WAIT_FOR_CONCURRENT_GC blocked 1ms
D/dalvikvm( 2199): GC_EXPLICIT freed 87K, 24% free 9309K/12100K, paused 4ms+10ms, total 109ms
D/dalvikvm( 2405): GC_CONCURRENT freed 389K, 63% free 2872K/7696K, paused 3ms+1ms, total 33ms
D/dalvikvm( 2366): GC_CONCURRENT freed 384K, 64% free 2812K/7696K, paused 3ms+4ms, total 26ms
D/dalvikvm( 2199): GC_EXPLICIT freed 152K, 24% free 9312K/12100K, paused 2ms+6ms, total 74ms
D/dalvikvm( 2199): GC_EXPLICIT freed 162K, 24% free 9313K/12100K, paused 5ms+10ms, total 109ms
