D/SizeAdaptiveLayout( 2306): com.android.internal.widget.SizeAdaptiveLayout{416f4130 V.E..... ......ID 0,0-480,96 #7f090072 app:id/adaptive}child view android.widget.FrameLayout{41a47438 V.E..... ......ID 0,0-480,96 #1020324 android:id/status_bar_latest_event_content} measured out of bounds at 95px clamped to 96px
D/SizeAdaptiveLayout( 2306): com.android.internal.widget.SizeAdaptiveLayout{41a9bc38 V.E..... ......ID 0,0-480,96 #7f090072 app:id/adaptive}child view android.widget.FrameLayout{41aa2610 V.E..... ......ID 0,0-480,96 #1020324 android:id/status_bar_latest_event_content} measured out of bounds at 95px clamped to 96px
D/dalvikvm( 2199): GC_FOR_ALLOC freed 481K, 21% free 8557K/10764K, paused 57ms, total 60ms
D/dalvikvm( 2199): GC_FOR_ALLOC freed 250K, 23% free 8342K/10764K, paused 53ms, total 53ms
I/dalvikvm-heap( 2199): Grow heap (frag case) to 10.870MB for 2073616-byte allocation
D/dalvikvm( 2436): GC_CONCURRENT freed 678K, 41% free 4565K/7696K, paused 19ms+8ms, total 81ms
D/dalvikvm( 2199): GC_CONCURRENT freed 20K, 19% free 10367K/12792K, paused 9ms+11ms, total 93ms
D/dalvikvm( 2306): GC_FOR_ALLOC freed 2255K, 22% free 10195K/12924K, paused 22ms, total 22ms
D/dalvikvm( 2306): GC_CONCURRENT freed 27K, 6% free 12193K/12924K, paused 3ms+4ms, total 23ms
D/Trebuchet.LauncherModel( 2436): Reload apps on config change. curr_mcc:208 prevmcc:0
D/dalvikvm( 2436): GC_CONCURRENT freed 497K, 38% free 4786K/7696K, paused 6ms+4ms, total 52ms
D/dalvikvm( 2436): WAIT_FOR_CONCURRENT_GC blocked 19ms
D/dalvikvm( 2436): GC_CONCURRENT freed 619K, 37% free 4915K/7696K, paused 3ms+4ms, total 35ms
D/dalvikvm( 2436): GC_CONCURRENT freed 459K, 32% free 5301K/7696K, paused 3ms+2ms, total 33ms
D/dalvikvm( 2436): GC_CONCURRENT freed 542K, 27% free 5691K/7696K, paused 2ms+2ms, total 56ms
D/dalvikvm( 2199): GC_FOR_ALLOC freed 2347K, 35% free 8397K/12792K, paused 47ms, total 48ms
D/dalvikvm( 2199): GC_EXPLICIT freed 247K, 35% free 8416K/12792K, paused 2ms+6ms, total 73ms
I/ActivityManager( 2199): Start proc com.android.deskclock for broadcast com.android.deskclock/.AlarmInitReceiver: pid=3325 uid=10015 gids={50015, 1028}
W/Settings( 2405): Setting auto_time_zone has moved from android.provider.Settings.System to android.provider.Settings.Global, returning read-only value.
D/AlarmManagerService( 2199): Kernel timezone updated to -60 minutes west of GMT
W/Settings( 2405): Setting auto_time has moved from android.provider.Settings.System to android.provider.Settings.Global, returning read-only value.
E/Trace ( 3325): error opening trace file: No such file or directory (2)
D/SystemClock( 2405): Setting time of day to sec=1363187703
V/AlarmClock( 3325): Alarm set for id=1 10:20:00.000/Thu V/AlarmClock( 3325): AlarmInitReceiver finished
I/ActivityManager( 2199): No longer want com.android.email (pid 2773): empty #17
D/dalvikvm( 2553): GC_CONCURRENT freed 351K, 64% free 2801K/7696K, paused 3ms+9ms, total 51ms
D/lights ( 2199): set_light_buttons off
D/dalvikvm( 2366): GC_CONCURRENT freed 396K, 67% free 2613K/7696K, paused 3ms+3ms, total 48ms
I//system/bin/fsck_msdos( 1851): ** Phase 4 - Checking for Lost Files
I//system/bin/fsck_msdos( 1851): 17442 files, 2894816 free (90463 clusters)
I/Vold ( 1851): Filesystem check completed OK
I/Vold ( 1851): Device /dev/block/vold/259:3, target /storage/sdcard0 mounted @ /mnt/secure/staging
D/Vold ( 1851): Volume sdcard0 state changing 3 (Checking) -> 4 (Mounted)
I/PackageManager( 2199): Updating external media status from unmounted to mounted
D/MountService( 2199): volume state changed for /storage/sdcard0 (checking -> mounted)
E/VoldConnector( 2199): NDC Command {4 volume mount /storage/sdcard0} took too long (13143ms)
D/MountService( 2199): sendStorageIntent Intent { act=android.intent.action.MEDIA_MOUNTED dat=file:///storage/sdcard0 (has extras) } to UserHandle{-1}
D/MediaScannerReceiver( 2366): action: android.intent.action.MEDIA_MOUNTED path: /storage/sdcard0
I/PackageManager( 2199): Deleting container with no matching settings org.madprod.freeboxmobile.remotecontrol.earlypropale-1
I/PackageManager( 2199): Deleting container with no matching settings com.nbaimd.gametime.nba2011-1
I/PackageManager( 2199): Deleting container with no matching settings com.roguerocketgames.sushichop-1
I/PackageManager( 2199): Deleting container with no matching settings com.lumiplan.montagne.LesArcs-2
W/PackageManager( 2199): Unknown permission android.permission.ADD_SYSTEM_SERVICE in package com.android.phone
W/PackageManager( 2199): Unknown permission com.android.vending.billing.IBillingAccountService.BIND2 in package com.google.android.gsf.login
W/PackageManager( 2199): Unknown permission com.google.android.gallery3d.permission.GALLERY_PROVIDER in package com.android.bluetooth
W/PackageManager( 2199): Unknown permission android.permission.MMS_PUSH in package com.android.bluetooth
W/PackageManager( 2199): Not granting permission android.permission.SEND_DOWNLOAD_COMPLETED_INTENTS to package com.android.browser (protectionLevel=2 flags=0x89be45)
W/PackageManager( 2199): Unknown permission com.google.android.gallery3d.permission.PICASA_STORE in package com.android.dreams.phototable
W/PackageManager( 2199): Unknown permission android.permission.READ_OWNER_DATA in package com.google.android.setupwizard
W/PackageManager( 2199): Unknown permission android.permission.WRITE_OWNER_DATA in package com.google.android.setupwizard
W/PackageManager( 2199): Unknown permission com.google.android.voicesearch.SHORTCUTS_ACCESS in package com.google.android.googlequicksearchbox
W/PackageManager( 2199): Unknown permission com.google.googlenav.friend.permission.OPT_IN in package com.google.android.googlequicksearchbox
W/PackageManager( 2199): Unknown permission com.google.android.apps.maps.permission.PREFETCH in package com.google.android.googlequicksearchbox
W/PackageManager( 2199): Unknown permission com.google.android.apps.googlevoice.permission.AUTO_SEND in package com.google.android.googlequicksearchbox
W/PackageManager( 2199): Unknown permission android.permission.RECORD_VIDEO in package com.alpinereplay.android
W/PackageManager( 2199): Not granting permission android.permission.ACCOUNT_MANAGER to package com.google.android.music (protectionLevel=2 flags=0x88be64)
W/PackageManager( 2199): Unknown permission com.google.android.gallery3d.permission.GALLERY_PROVIDER in package com.android.exchange
W/PackageManager( 2199): Unknown permission com.google.android.gallery3d.permission.GALLERY_PROVIDER in package com.android.email
W/PackageManager( 2199): Unknown permission com.cyanogenmod.filemanager.permissions.READ_THEME in package com.cyanogenmod.filemanager
W/PackageManager( 2199): Unknown permission com.google.android.gallery3d.permission.PICASA_STORE in package com.google.android.apps.plus
W/PackageManager( 2199): Not granting permission android.permission.SEND_DOWNLOAD_COMPLETED_INTENTS to package com.android.vending (protectionLevel=2 flags=0x8abec5)
W/PackageManager( 2199): Unknown permission android.permission.ACCESS_4G_RADIO_DISABLE in package com.android.systemui
W/PackageManager( 2199): Unknown permission android.permission.ACCESS_4G_STATE in package com.android.systemui
W/PackageManager( 2199): Unknown permission android.permission.CHANGE_4G_STATE in package com.android.systemui
W/PackageManager( 2199): Not granting permission android.permission.DEVICE_POWER to package com.android.deskclock (protectionLevel=2 flags=0x88be45)
W/PackageManager( 2199): Not granting permission android.permission.READ_DREAM_STATE to package com.google.android.gsf (protectionLevel=2 flags=0x883e45)
W/PackageManager( 2199): Container com.roguerocketgames.sushichop-1 is stale
W/PackageManager( 2199): Container com.nbaimd.gametime.nba2011-1 is stale
W/PackageManager( 2199): Container com.lumiplan.montagne.LesArcs-2 is stale
W/PackageManager( 2199): Container org.madprod.freeboxmobile.remotecontrol.earlypropale-1 is stale
W/Finsky ( 3032): [1] LibraryUpdateListener.onErrorResponse: Library replication failed: com.android.volley.NoConnectionError: java.net.UnknownHostException: Unable to resolve host "android.clients.google.com": No address associated with hostname
W/Finsky ( 3032): [1] LibraryUpdateListener.onErrorResponse: Library replication failed: com.android.volley.NoConnectionError: java.net.UnknownHostException: Unable to resolve host "android.clients.google.com": No address associated with hostname
W/Finsky ( 3032): [1] 2.onErrorResponse: Update check failed: com.android.volley.NoConnectionError: java.net.UnknownHostException: Unable to resolve host "android.clients.google.com": No address associated with hostname
D/Finsky ( 3032): [1] DailyHygiene.reschedule: Scheduling new run in 10 minutes (failures=1)
W/Settings( 2405): Setting auto_time_zone has moved from android.provider.Settings.System to android.provider.Settings.Global, returning read-only value.
D/AlarmManagerService( 2199): Kernel timezone updated to -60 minutes west of GMT
I/InputReader( 2199): Reconfiguring input devices. changes=0x00000010
I/InputReader( 2199): Reconfiguring input devices. changes=0x00000010
D/ConnectivityService( 2199): ConnectivityChange for mobile: CONNECTED/CONNECTED
D/dalvikvm( 2199): GC_CONCURRENT freed 1353K, 22% free 8486K/10848K, paused 4ms+5ms, total 63ms
D/dalvikvm( 2366): GC_CONCURRENT freed 378K, 66% free 2621K/7696K, paused 3ms+3ms, total 39ms
D/Tethering( 2199): MasterInitialState.processMessage what=3
I/ActivityManager( 2199): Start proc com.cyanogenmod.updater for broadcast com.cyanogenmod.updater/.receiver.UpdateCheckReceiver: pid=3378 uid=10007 gids={50007, 3003, 1015, 2001, 1028}
D/GpsLocationProvider( 2199): NTP server returned: 1363187710034 (Wed Mar 13 16:15:10 CET 2013) reference: 57756 certainty: 47 system time offset: -1551
E/Trace ( 3378): error opening trace file: No such file or directory (2)
I/UpdateCheckReceiver( 3378): Got connectivity change, has connection: true
I/UpdateCheckReceiver( 3378): Scheduling future, repeating update checks.
I/ActivityManager( 2199): No longer want com.android.settings (pid 2605): empty #17
I/ActivityManager( 2199): Start proc com.android.settings for broadcast com.android.settings/.cmstats.ReportingServiceManager: pid=3394 uid=1000 gids={41000, 1015, 1028, 3002, 3001, 3003, 3007}
E/Trace ( 3394): error opening trace file: No such file or directory (2)
I/ActivityManager( 2199): No longer want com.google.android.talk (pid 2862): empty #17
I/CheckinService( 2553): Preparing to send checkin request
I/EventLogService( 2553): Accumulating logs since 1363186821074
D/dalvikvm( 1856): GC_EXPLICIT freed 38K, 70% free 2335K/7696K, paused 2ms+3ms, total 19ms
I/ActivityManager( 2199): Start proc com.google.android.apps.uploader for broadcast com.google.android.apps.uploader/com.google.android.picasasync.ConnectivityReceiver: pid=3410 uid=10058 gids={50058, 3003, 1015, 1028}
E/Trace ( 3410): error opening trace file: No such file or directory (2)
D/dalvikvm( 1856): GC_EXPLICIT freed <1K, 70% free 2335K/7696K, paused 1ms+2ms, total 17ms
D/dalvikvm( 1856): GC_EXPLICIT freed <1K, 70% free 2335K/7696K, paused 1ms+1ms, total 17ms
I/ActivityManager( 2199): Start proc com.google.android.gcm for broadcast com.google.android.gms/.gcm.ServiceAutoStarter: pid=3424 uid=10049 gids={50049, 3003, 1007, 1028, 1015, 2001, 3006}
E/Trace ( 3424): error opening trace file: No such file or directory (2)
I/ActivityManager( 2199): No longer want com.google.android.gms (pid 2984): empty #17
I/ActivityManager( 2199): Start proc com.android.chrome for broadcast com.android.chrome/com.google.android.apps.chrome.preferences.ConnectionChangeReceiver: pid=3443 uid=10069 gids={50069, 3003, 1015, 1028}
I/ActivityManager( 2199): No longer want com.google.android.gm (pid 3064): empty #17
E/Trace ( 3443): error opening trace file: No such file or directory (2)
D/PicasaUploader( 3410): wifiOnlyPhoto changed to true
D/PicasaUploader( 3410): wifiOnlyVideo changed to true
D/PicasaUploader( 3410): syncOnBattery changed to true
D/PicasaUploaderSync( 3410): sync account database
D/PicasaUploaderSync( 3410): accounts in DB=1
D/PicasaUploaderSyncManager( 3410): active network: NetworkInfo: type: mobile[HSDPA], state: CONNECTED/CONNECTED, reason: dataAttached, extra: orange.fr, roaming: false, failover: false, isAvailable: true
D/PicasaUploaderSyncManager( 3410): background data: true
D/gp.PicasaSyncManager( 3255): active network: NetworkInfo: type: mobile[HSDPA], state: CONNECTED/CONNECTED, reason: dataAttached, extra: orange.fr, roaming: false, failover: false, isAvailable: true
D/gp.PicasaSyncManager( 3255): background data: true
D/PicasaUploaderSyncManager( 3410): battery info: true
D/dalvikvm( 2553): GC_CONCURRENT freed 268K, 62% free 2948K/7696K, paused 10ms+13ms, total 47ms
D/dalvikvm( 3255): GC_CONCURRENT freed 931K, 21% free 6122K/7696K, paused 2ms+2ms, total 62ms
D/dalvikvm( 3255): WAIT_FOR_CONCURRENT_GC blocked 45ms
I/CheckinTask( 2553): Sending checkin request (1958 bytes)
I/dalvikvm-heap( 3255): Grow heap (frag case) to 38.722MB for 33554448-byte allocation
I/ActivityManager( 2199): Start proc com.google.android.gms for broadcast com.google.android.gms/.recovery.AccountRecoveryService$Receiver: pid=3463 uid=10049 gids={50049, 3003, 1007, 1028, 1015, 2001, 3006}
I/ActivityManager( 2199): No longer want com.google.android.music:main (pid 3124): empty #17
E/Trace ( 3463): error opening trace file: No such file or directory (2)
D/dalvikvm( 3255): GC_CONCURRENT freed 59K, 5% free 38839K/40468K, paused 2ms+5ms, total 68ms
I/Recovery( 3463): Received: Intent { act=com.google.android.gms.INITIALIZE flg=0x10 pkg=com.google.android.gms cmp=com.google.android.gms/.recovery.AccountRecoveryService$Receiver }
I/Recovery( 3463): Received: Intent { act=com.google.android.gms.INITIALIZE flg=0x10 pkg=com.google.android.gms cmp=com.google.android.gms/.recovery.AccountRecoveryService$Receiver }
I/ActivityManager( 2199): No longer want com.google.android.partnersetup (pid 2928): empty #17
D/lights ( 2199): set_light_buttons on=1
D/dalvikvm( 2436): GC_CONCURRENT freed 1098K, 27% free 5643K/7696K, paused 3ms+4ms, total 57ms
I/ActivityManager( 2199): START u0 {act=android.intent.action.MAIN cat=[android.intent.category.LAUNCHER] flg=0x10200000 pkg=com.android.chrome cmp=com.android.chrome/com.google.android.apps.chrome.Main bnds=[240,555][360,705]} from pid 2436
D/dalvikvm( 2199): GC_FOR_ALLOC freed 556K, 23% free 8456K/10848K, paused 56ms, total 59ms
I/dalvikvm-heap( 2199): Grow heap (frag case) to 9.208MB for 214528-byte allocation
W/ResourceType( 3443): Failure getting entry for 0x7f04003a (t=3 e=58) in package 0 (error -75)
W/ResourceType( 3443): Failure getting entry for 0x7f04000e (t=3 e=14) in package 0 (error -75)
D/libEGL ( 3443): loaded /system/lib/egl/libEGL_mali.so
D/libEGL ( 3443): loaded /system/lib/egl/libGLESv1_CM_mali.so
D/libEGL ( 3443): loaded /system/lib/egl/libGLESv2_mali.so
E/ ( 3443): Device driver API match
E/ ( 3443): Device driver API version: 17
E/ ( 3443): User space API version: 17
E/ ( 3443): mali: REVISION=Linux-r3p1-01rel1 BUILD_DATE=Thu Jan 24 17:16:14 KST 2013
W/GLPreLoader( 3443): eglCreateWindowSurface EGL_SUCCESS
I/ActivityManager( 2199): Start proc com.android.chrome:sandboxed_process0 for service com.android.chrome/org.chromium.content.app.SandboxedProcessService0: pid=3486 uid=99000 gids={}
I/LibraryLoader( 3443): loading: chromeview
D/dalvikvm( 3443): Trying to load lib /data/app-lib/com.android.chrome-1/libchromeview.so 0x4169acb8
E/Trace ( 3486): error opening trace file: No such file or directory (2)
D/OpenGLRenderer( 3443): Enabling debug mode 0
I/SandboxedProcessService( 3486): Creating new SandboxedProcessService pid=3486
I/LibraryLoader( 3486): loading: chromeview
D/dalvikvm( 3486): Trying to load lib /data/app-lib/com.android.chrome-1/libchromeview.so 0x4169a740
I/ActivityManager( 2199): Displayed com.android.chrome/com.google.android.apps.chrome.Main: +315ms
D/dalvikvm( 3486): Added shared lib /data/app-lib/com.android.chrome-1/libchromeview.so 0x4169a740
D/dalvikvm( 3443): Added shared lib /data/app-lib/com.android.chrome-1/libchromeview.so 0x4169acb8
I/LibraryLoader( 3486): loaded: chromeview
I/LibraryLoader( 3443): loaded: chromeview
I/chromium( 3443): [INFO:library_loader_hooks.cc(61)] Chromium logging enabled: level = 0, default verbosity = 0
I/MemoryUsageMonitor( 3443): Max active tabs = 6
W/BrowserProcessMain( 3443): Excessive maxRendererProcesses value: 5
I/BrowserProcessMain( 3443): Initializing chromium process, renderers=3 hostIsChrome=true
D/SyncSetupManager( 3443): Handling request for auth token from sync engine
D/SyncSetupManager( 3443): setState: sync = false, wantedSyncState = true
D/SyncSetupManager( 3443): Disabling sync
D/SandboxedProcessLauncher( 3443): Setting up connection to process: slot=0
I/chromium( 3486): [INFO:library_loader_hooks.cc(61)] Chromium logging enabled: level = 0, default verbosity = 0
D/SandboxedProcessLauncher( 3443): on connect callback, pid=3486 context=1313719448
I/Choreographer( 3443): Skipped 30 frames! The application may be doing too much work on its main thread.
D/SyncSetupManager( 3443): Successfully retrieved sync auth token.
W/chromium( 3443): [WARNING:CONSOLE(4188)] "i18n-values: Missing value for "syncLoading"", source: chrome://newtab/#most_visited (4188)
V/NFC ( 3443): this device does not have NFC support I/com.google.android.apps.chrome.crash.MinidumpUploadService( 3443): Attempting to upload accumulated crash dumps.
I/ActivityManager( 2199): Start proc com.google.android.partnersetup for content provider com.google.android.partnersetup/.RlzAppProvider: pid=3545 uid=10055 gids={50055, 3003, 1028}
E/Trace ( 3545): error opening trace file: No such file or directory (2)
E/SpannableStringBuilder( 3443): SPAN_EXCLUSIVE_EXCLUSIVE spans cannot have a zero length
E/SpannableStringBuilder( 3443): SPAN_EXCLUSIVE_EXCLUSIVE spans cannot have a zero length
D/SandboxedProcessLauncher( 3443): Setting up connection to process: slot=1
I/ActivityManager( 2199): Start proc com.android.chrome:sandboxed_process1 for service com.android.chrome/org.chromium.content.app.SandboxedProcessService1: pid=3564 uid=99001 gids={}
E/Trace ( 3564): error opening trace file: No such file or directory (2)
I/SandboxedProcessService( 3564): Creating new SandboxedProcessService pid=3564
I/LibraryLoader( 3564): loading: chromeview
D/dalvikvm( 3564): Trying to load lib /data/app-lib/com.android.chrome-1/libchromeview.so 0x4169c148
D/SandboxedProcessLauncher( 3443): on connect callback, pid=3564 context=1370957520
I/chromium( 3443): [INFO:child_process_launcher.cc(335)] ChromeProcess: Stopping process with handle 3564
D/SandboxedProcessLauncher( 3443): stopping sandboxed connection: pid=3564
I/SandboxedProcessService( 3564): Destroying SandboxedProcessService pid=3564
D/dalvikvm( 3564): Added shared lib /data/app-lib/com.android.chrome-1/libchromeview.so 0x4169c148
I/LibraryLoader( 3564): loaded: chromeview
I/chromium( 3564): [INFO:library_loader_hooks.cc(61)] Chromium logging enabled: level = 0, default verbosity = 0
I/ActivityManager( 2199): Isolated process com.android.chrome:sandboxed_process1 (pid 3564) no longer needed
I/ActivityManager( 2199): No longer want com.android.calendar (pid 3145): empty #17
D/dalvikvm( 2366): GC_CONCURRENT freed 389K, 67% free 2616K/7696K, paused 2ms+2ms, total 13ms
I/CheckinTask( 2553): Checkin success: https://android.clients.google.com/checkin (1 requests sent)
D/dalvikvm( 2553): GC_CONCURRENT freed 472K, 62% free 2933K/7696K, paused 3ms+5ms, total 59ms
D/dalvikvm( 3443): GC_CONCURRENT freed 2157K, 33% free 5216K/7696K, paused 3ms+5ms, total 67ms
D/dalvikvm( 3443): GC_FOR_ALLOC freed 311K, 37% free 4908K/7696K, paused 29ms, total 30ms
D/dalvikvm( 2366): GC_CONCURRENT freed 396K, 67% free 2604K/7696K, paused 2ms+1ms, total 15ms
I/GTalkService/c( 2553): [AndroidEndpoint@1099879704] connect: acct=1000000, state=CONNECTING
I/GTalkService/c( 2553): [GTalkConnection@1098704400] connect: acct=1, state=CONNECTING
D/ChromeBrowserSyncAdapter( 3443): no delayed sync
D/dalvikvm( 2366): GC_CONCURRENT freed 383K, 67% free 2605K/7696K, paused 4ms+3ms, total 41ms
W/chromium( 3443): [WARNING:spdy_session.cc(1671)] Could not find "SpdyCwnd" in FieldTrialList
D/dalvikvm( 3443): GC_CONCURRENT freed 1663K, 49% free 3982K/7696K, paused 2ms+2ms, total 25ms
D/ConnectivityService( 2199): handleInetConditionHoldEnd: net=0, condition=100, published condition=0
I/ActivityManager( 2199): Start proc com.google.android.talk for broadcast com.google.android.talk/.ConnectionStateOnlineReceiver: pid=3588 uid=10036 gids={50036, 3003, 1015, 1006, 1028, 3002}
E/Trace ( 3588): error opening trace file: No such file or directory (2)
D/vclib:CallStateClient( 3588): startListening
D/dalvikvm( 2553): GC_CONCURRENT freed 342K, 62% free 2979K/7696K, paused 2ms+3ms, total 24ms
D/dalvikvm( 2199): GC_FOR_ALLOC freed 708K, 23% free 8466K/10968K, paused 82ms, total 84ms
D/dalvikvm( 3443): GC_FOR_ALLOC freed 207K, 49% free 3999K/7696K, paused 23ms, total 24ms
I/dalvikvm-heap( 3443): Grow heap (frag case) to 5.913MB for 1324816-byte allocation
D/dalvikvm( 3443): GC_CONCURRENT freed 9K, 32% free 5284K/7696K, paused 3ms+2ms, total 16ms
D/dalvikvm( 3443): GC_FOR_ALLOC freed 113K, 32% free 5287K/7696K, paused 22ms, total 23ms
I/dalvikvm-heap( 3443): Grow heap (frag case) to 6.157MB for 262160-byte allocation
W/chromium( 3443): [WARNING:CONSOLE(4188)] "i18n-values: Missing value for "syncLoading"", source: chrome://newtab/#most_visited (4188)
D/Finsky ( 3032): [1] 5.onFinished: Installation state replication succeeded.
D/dalvikvm( 2366): GC_CONCURRENT freed 384K, 67% free 2606K/7696K, paused 3ms+2ms, total 21ms
D/dalvikvm( 3443): GC_FOR_ALLOC freed 1771K, 49% free 4101K/7956K, paused 14ms, total 14ms
I/dalvikvm-heap( 3443): Grow heap (frag case) to 6.013MB for 1324816-byte allocation
D/dalvikvm( 3443): GC_CONCURRENT freed 25K, 33% free 5370K/7956K, paused 3ms+2ms, total 20ms
D/dalvikvm( 2366): GC_CONCURRENT freed 400K, 67% free 2606K/7696K, paused 2ms+1ms, total 16ms
D/SyncSetupManager( 3443): setState: sync = true
D/SyncSetupManager( 3443): Unable to enable sync, since master sync is disabled. Displaying error notification.
E/SpannableStringBuilder( 3443): SPAN_EXCLUSIVE_EXCLUSIVE spans cannot have a zero length
E/SpannableStringBuilder( 3443): SPAN_EXCLUSIVE_EXCLUSIVE spans cannot have a zero length
E/chromium( 3443): [ERROR:CONSOLE(3477)] "Uncaught TypeError: Cannot read property 'classList' of undefined", source: chrome://newtab/#most_visited (3477)
D/SyncSetupManager( 3443): setState: sync = true
D/SyncSetupManager( 3443): Unable to enable sync, since master sync is disabled. Displaying error notification.
I/HK/LatinKeyboardBaseView( 2385): setRenderMode is supported
I/HK/LatinKeyboardBaseView( 2385): Creating new LatinKeyboardBaseView org.pocketworkstation.pckeyboard.LatinKeyboardView{419afac0 V.ED.... ......ID 0,0-0,0 #7f07000a app:id/LatinkeyboardBaseView}
I/HK/LatinKeyboardBaseView( 2385): render mode set to 1
I/HK/LatinKeyboardView( 2385): new mPreviewPopup android.widget.PopupWindow@419c1060 from org.pocketworkstation.pckeyboard.LatinKeyboardView{419afac0 V.ED.... ......ID 0,0-0,0 #7f07000a app:id/LatinkeyboardBaseView}
I/HK/LatinKeyboardView( 2385): new mMiniKeyboardPopup android.widget.PopupWindow@419ca8d8 from org.pocketworkstation.pckeyboard.LatinKeyboardView{419afac0 V.ED.... ......ID 0,0-0,0 #7f07000a app:id/LatinkeyboardBaseView}
I/HK/LatinKeyboardBaseView( 2385): closing org.pocketworkstation.pckeyboard.LatinKeyboardView{419afac0 V.ED.... ......ID 0,0-0,0 #7f07000a app:id/LatinkeyboardBaseView}
D/SizeAdaptiveLayout( 2306): com.android.internal.widget.SizeAdaptiveLayout{4168ecf8 V.E..... ......I. 0,0-0,0 #7f090072 app:id/adaptive}child view android.widget.FrameLayout{41b5ec48 G.E..... ......ID 0,0-0,0 #1020324 android:id/status_bar_latest_event_content} measured out of bounds at 95px clamped to 96px
I/InputReader( 2199): Reconfiguring input devices. changes=0x00000004
I/InputReader( 2199): Device reconfigured: id=6, name='sec_touchscreen', size 480x800, orientation 3, mode 1, display id 0
I/ActivityManager( 2199): Config changes=1480 {1.0 208mcc1mnc en_GB ldltr sw320dp w533dp h294dp 240dpi nrml long land finger -keyb/v/h -nav/h s.7 themeResource=null}
I/PCKeyboard( 2385): onConfigurationChanged()
I/HK/LatinKeyboardBaseView( 2385): closing org.pocketworkstation.pckeyboard.LatinKeyboardView{419afac0 V.ED.... ......ID 0,0-480,280 #7f07000a app:id/LatinkeyboardBaseView}
I/HK/LatinKeyboardBaseView( 2385): closing org.pocketworkstation.pckeyboard.LatinKeyboardView{419afac0 V.ED.... ......ID 0,0-480,280 #7f07000a app:id/LatinkeyboardBaseView}
I/HK/LatinKeyboardBaseView( 2385): Creating new LatinKeyboardBaseView org.pocketworkstation.pckeyboard.LatinKeyboardView{41b72678 V.ED.... ......ID 0,0-0,0 #7f07000a app:id/LatinkeyboardBaseView}
D/dalvikvm( 2385): GC_CONCURRENT freed 1879K, 29% free 5520K/7696K, paused 3ms+3ms, total 38ms
I/HK/LatinKeyboardView( 2385): new mPreviewPopup android.widget.PopupWindow@41b616f8 from org.pocketworkstation.pckeyboard.LatinKeyboardView{41b72678 V.ED.... ......ID 0,0-0,0 #7f07000a app:id/LatinkeyboardBaseView}
D/dalvikvm( 3443): GC_FOR_ALLOC freed 1690K, 48% free 4186K/7956K, paused 24ms, total 24ms
I/dalvikvm-heap( 3443): Grow heap (frag case) to 5.438MB for 635812-byte allocation
I/HK/LatinKeyboardView( 2385): new mMiniKeyboardPopup android.widget.PopupWindow@419c3560 from org.pocketworkstation.pckeyboard.LatinKeyboardView{41b72678 V.ED.... ......ID 0,0-0,0 #7f07000a app:id/LatinkeyboardBaseView}
D/dalvikvm( 3443): GC_CONCURRENT freed 39K, 39% free 4884K/7956K, paused 3ms+4ms, total 53ms
D/BluetoothAdapter( 2306): 1098625360: getState() : mService = null. Returning STATE_OFF
D/dalvikvm( 2306): GC_CONCURRENT freed 2434K, 19% free 11702K/14388K, paused 9ms+23ms, total 108ms
D/SizeAdaptiveLayout( 2306): com.android.internal.widget.SizeAdaptiveLayout{4168ecf8 V.E..... ......ID 0,0-480,96 #7f090072 app:id/adaptive}child view android.widget.FrameLayout{41b5ec48 V.E..... ......ID 0,0-480,96 #1020324 android:id/status_bar_latest_event_content} measured out of bounds at 95px clamped to 96px
D/SizeAdaptiveLayout( 2306): com.android.internal.widget.SizeAdaptiveLayout{41a9bc38 V.E..... ......ID 0,0-480,96 #7f090072 app:id/adaptive}child view android.widget.FrameLayout{41aa2610 V.E..... ......ID 0,0-480,96 #1020324 android:id/status_bar_latest_event_content} measured out of bounds at 95px clamped to 96px
D/dalvikvm( 2199): GC_FOR_ALLOC freed 668K, 23% free 8490K/10968K, paused 110ms, total 110ms
I/dalvikvm-heap( 2199): Grow heap (frag case) to 11.014MB for 2073616-byte allocation
I/ActivityManager( 2199): Config changes=1480 {1.0 208mcc1mnc en_GB ldltr sw320dp w320dp h508dp 240dpi nrml long port finger -keyb/v/h -nav/h s.8 themeResource=null}
I/InputReader( 2199): Reconfiguring input devices. changes=0x00000004
I/InputReader( 2199): Device reconfigured: id=6, name='sec_touchscreen', size 480x800, orientation 0, mode 1, display id 0
I/InputReader( 2199): Reconfiguring input devices. changes=0x00000004
I/InputReader( 2199): Device reconfigured: id=6, name='sec_touchscreen', size 480x800, orientation 0, mode 1, display id 0
I/HK/LatinKeyboardBaseView( 2385): closing org.pocketworkstation.pckeyboard.LatinKeyboardView{41b72678 V.ED.... ......ID 0,0-0,0 #7f07000a app:id/LatinkeyboardBaseView}
D/dalvikvm( 2199): GC_CONCURRENT freed 53K, 20% free 10488K/12996K, paused 13ms+7ms, total 149ms
D/dalvikvm( 2306): GC_FOR_ALLOC freed 754K, 24% free 11000K/14388K, paused 16ms, total 18ms
I/Choreographer( 2385): Skipped 37 frames! The application may be doing too much work on its main thread.
D/dalvikvm( 3443): GC_FOR_ALLOC freed 702K, 39% free 4897K/7956K, paused 14ms, total 17ms
D/dalvikvm( 2306): GC_CONCURRENT freed 4K, 10% free 13023K/14388K, paused 2ms+67ms, total 101ms
D/BluetoothAdapter( 2306): 1098625360: getState() : mService = null. Returning STATE_OFF
D/SizeAdaptiveLayout( 2306): com.android.internal.widget.SizeAdaptiveLayout{4168ecf8 V.E..... ......ID 0,0-800,96 #7f090072 app:id/adaptive}child view android.widget.FrameLayout{41b5ec48 V.E..... ......ID 0,0-800,96 #1020324 android:id/status_bar_latest_event_content} measured out of bounds at 95px clamped to 96px
D/SizeAdaptiveLayout( 2306): com.android.internal.widget.SizeAdaptiveLayout{41a9bc38 V.E..... ......ID 0,0-800,96 #7f090072 app:id/adaptive}child view android.widget.FrameLayout{41aa2610 V.E..... ......ID 0,0-800,96 #1020324 android:id/status_bar_latest_event_content} measured out of bounds at 95px clamped to 96px
I/HK/LatinKeyboardBaseView( 2385): closing org.pocketworkstation.pckeyboard.LatinKeyboardView{41b72678 V.ED.... ......ID 0,0-480,260 #7f07000a app:id/LatinkeyboardBaseView}
I/PCKeyboard( 2385): onConfigurationChanged()
I/HK/LatinKeyboardBaseView( 2385): closing org.pocketworkstation.pckeyboard.LatinKeyboardView{41b72678 V.ED.... ......ID 0,0-480,260 #7f07000a app:id/LatinkeyboardBaseView}
I/HK/LatinKeyboardBaseView( 2385): closing org.pocketworkstation.pckeyboard.LatinKeyboardView{41b72678 V.ED.... ......ID 0,0-480,260 #7f07000a app:id/LatinkeyboardBaseView}
I/HK/LatinKeyboardBaseView( 2385): Creating new LatinKeyboardBaseView org.pocketworkstation.pckeyboard.LatinKeyboardView{419c0480 V.ED.... ......ID 0,0-0,0 #7f07000a app:id/LatinkeyboardBaseView}
I/HK/LatinKeyboardView( 2385): new mPreviewPopup android.widget.PopupWindow@419c9c78 from org.pocketworkstation.pckeyboard.LatinKeyboardView{419c0480 V.ED.... ......ID 0,0-0,0 #7f07000a app:id/LatinkeyboardBaseView}
I/HK/LatinKeyboardView( 2385): new mMiniKeyboardPopup android.widget.PopupWindow@419f6d28 from org.pocketworkstation.pckeyboard.LatinKeyboardView{419c0480 V.ED.... ......ID 0,0-0,0 #7f07000a app:id/LatinkeyboardBaseView}
D/SizeAdaptiveLayout( 2306): com.android.internal.widget.SizeAdaptiveLayout{4168ecf8 V.E..... ......ID 0,0-480,96 #7f090072 app:id/adaptive}child view android.widget.FrameLayout{41b5ec48 V.E..... ......ID 0,0-480,96 #1020324 android:id/status_bar_latest_event_content} measured out of bounds at 95px clamped to 96px
D/dalvikvm( 2385): GC_CONCURRENT freed 1462K, 35% free 5077K/7696K, paused 1ms+5ms, total 26ms
D/dalvikvm( 2199): GC_FOR_ALLOC freed 2088K, 35% free 8459K/12996K, paused 43ms, total 43ms
I/dalvikvm-heap( 2199): Grow heap (frag case) to 10.984MB for 2073616-byte allocation
D/dalvikvm( 2199): GC_CONCURRENT freed 2K, 20% free 10482K/12996K, paused 5ms+4ms, total 58ms
I/HK/LatinKeyboardBaseView( 2385): closing org.pocketworkstation.pckeyboard.LatinKeyboardView{419c0480 V.ED.... ......ID 0,0-0,0 #7f07000a app:id/LatinkeyboardBaseView}
D/dalvikvm( 2306): GC_FOR_ALLOC freed 2208K, 24% free 11005K/14388K, paused 34ms, total 34ms
D/SizeAdaptiveLayout( 2306): com.android.internal.widget.SizeAdaptiveLayout{4168ecf8 V.E..... ......ID 0,0-480,96 #7f090072 app:id/adaptive}child view android.widget.FrameLayout{41b5ec48 V.E..... ......ID 0,0-480,96 #1020324 android:id/status_bar_latest_event_content} measured out of bounds at 95px clamped to 96px
D/dalvikvm( 2306): GC_CONCURRENT freed 11K, 10% free 13023K/14388K, paused 3ms+2ms, total 40ms
I/HK/LatinKeyboardBaseView( 2385): closing org.pocketworkstation.pckeyboard.LatinKeyboardView{419c0480 V.ED.... ......ID 0,0-480,280 #7f07000a app:id/LatinkeyboardBaseView}
D/dalvikvm( 3443): GC_CONCURRENT freed 702K, 38% free 4950K/7956K, paused 3ms+2ms, total 48ms
D/SandboxedProcessLauncher( 3443): Setting up connection to process: slot=2
I/ActivityManager( 2199): Start proc com.android.chrome:sandboxed_process2 for service com.android.chrome/org.chromium.content.app.SandboxedProcessService2: pid=3629 uid=99002 gids={}
E/Trace ( 3629): error opening trace file: No such file or directory (2)
I/HK/LatinKeyboardBaseView( 2385): closing org.pocketworkstation.pckeyboard.LatinKeyboardView{419c0480 V.ED.... ......I. 0,0-480,280 #7f07000a app:id/LatinkeyboardBaseView}
I/HK/LatinKeyboardBaseView( 2385): closing org.pocketworkstation.pckeyboard.LatinKeyboardView{419c0480 V.ED.... ......ID 0,0-480,280 #7f07000a app:id/LatinkeyboardBaseView}
I/SandboxedProcessService( 3629): Creating new SandboxedProcessService pid=3629
I/LibraryLoader( 3629): loading: chromeview
D/dalvikvm( 3629): Trying to load lib /data/app-lib/com.android.chrome-1/libchromeview.so 0x4169dc50
D/SandboxedProcessLauncher( 3443): on connect callback, pid=3629 context=1374127992
D/SizeAdaptiveLayout( 2306): com.android.internal.widget.SizeAdaptiveLayout{4168ecf8 V.E..... ......ID 0,0-480,96 #7f090072 app:id/adaptive}child view android.widget.FrameLayout{41b5ec48 V.E..... ......ID 0,0-480,96 #1020324 android:id/status_bar_latest_event_content} measured out of bounds at 95px clamped to 96px
D/dalvikvm( 3629): Added shared lib /data/app-lib/com.android.chrome-1/libchromeview.so 0x4169dc50
I/LibraryLoader( 3629): loaded: chromeview
I/chromium( 3629): [INFO:library_loader_hooks.cc(61)] Chromium logging enabled: level = 0, default verbosity = 0
D/dalvikvm( 2366): GC_CONCURRENT freed 426K, 67% free 2606K/7696K, paused 12ms+2ms, total 56ms
D/dalvikvm( 2199): GC_EXPLICIT freed 2239K, 35% free 8477K/12996K, paused 2ms+5ms, total 61ms
I/chromium( 3443): [INFO:child_process_launcher.cc(335)] ChromeProcess: Stopping process with handle 3486
D/SandboxedProcessLauncher( 3443): stopping sandboxed connection: pid=3486
I/SandboxedProcessService( 3486): Destroying SandboxedProcessService pid=3486
I/ActivityManager( 2199): Process com.android.chrome:sandboxed_process0 (pid 3486) has died.
I/ActivityManager( 2199): START u0 {act=android.intent.action.MAIN cat=[android.intent.category.HOME] flg=0x10200000 cmp=com.cyanogenmod.trebuchet/.Launcher} from pid 2199
D/dalvikvm( 2436): GC_FOR_ALLOC freed 265K, 28% free 5572K/7696K, paused 23ms, total 23ms
I/dalvikvm-heap( 2436): Grow heap (frag case) to 6.789MB for 635812-byte allocation
I/ActivityManager( 2199): START u0 {act=android.settings.SETTINGS flg=0x10200000 cmp=com.android.settings/.Settings} from pid 2436
D/BluetoothManagerService( 2199): Message: 20
D/BluetoothManagerService( 2199): Added callback: android.bluetooth.IBluetoothManagerCallback$Stub$Proxy@4177b7b0:true
D/BluetoothAdapter( 3394): 1098627352: getState() : mService = null. Returning STATE_OFF
D/BluetoothManagerService( 2199): Message: 30
D/BluetoothManagerService( 2199): Message: 30
D/BluetoothPan( 3394): BluetoothPan() call bindService
W/ContextImpl( 3394): Calling a method in the system process without a qualified user: android.app.ContextImpl.bindService:1458 android.content.ContextWrapper.bindService:473 android.bluetooth.BluetoothInputDevice.:240 android.bluetooth.BluetoothAdapter.getProfileProxy:1161 com.android.settings.bluetooth.LocalBluetoothAdapter.getProfileProxy:94
D/BluetoothPan( 3394): BluetoothPan(), bindService called
D/BluetoothManagerService( 2199): Message: 30
W/ContextImpl( 3394): Calling a method in the system process without a qualified user: android.app.ContextImpl.bindService:1458 android.content.ContextWrapper.bindService:473 android.bluetooth.BluetoothPan.:141 android.bluetooth.BluetoothAdapter.getProfileProxy:1164 com.android.settings.bluetooth.PanProfile.:73
W/ContextImpl( 3394): Calling a method in the system process without a qualified user: android.app.ContextImpl.bindService:1458 android.content.ContextWrapper.bindService:473 android.bluetooth.BluetoothPbap.:161 com.android.settings.bluetooth.PbapServerProfile.:68 com.android.settings.bluetooth.LocalBluetoothProfileManager.:124
D/LocalBluetoothProfileManager( 3394): LocalBluetoothProfileManager construction complete
D/BluetoothAdapter( 3394): 1098627352: getState() : mService = null. Returning STATE_OFF
D/BluetoothAdapter( 3394): 1098627352: getState() : mService = null. Returning STATE_OFF
D/libEGL ( 3394): loaded /system/lib/egl/libEGL_mali.so
D/libEGL ( 3394): loaded /system/lib/egl/libGLESv1_CM_mali.so
D/libEGL ( 3394): loaded /system/lib/egl/libGLESv2_mali.so
E/ ( 3394): Device driver API match
E/ ( 3394): Device driver API version: 17
E/ ( 3394): User space API version: 17
E/ ( 3394): mali: REVISION=Linux-r3p1-01rel1 BUILD_DATE=Thu Jan 24 17:16:14 KST 2013
D/OpenGLRenderer( 3394): Enabling debug mode 0
D/BluetoothAdapter( 3394): 1098627352: getState() : mService = null. Returning STATE_OFF
I/ActivityManager( 2199): Displayed com.android.settings/.Settings: +444ms
I/ActivityManager( 2199): START u0 {act=android.intent.action.MAIN cmp=com.android.settings/.SubSettings (has extras)} from pid 3394
W/ResourceType( 3394): getEntry failing because entryIndex 129 is beyond type entryCount 4
D/DataUsage( 3394): generating cs=1363042800000 to ce=1365717600000 waiting for hs=1363104000000
D/dalvikvm( 2199): GC_CONCURRENT freed 916K, 24% free 9050K/11816K, paused 2ms+6ms, total 89ms
I/ActivityManager( 2199): Displayed com.android.settings/.SubSettings: +487ms
I/HK/LatinKeyboardBaseView( 2385): closing org.pocketworkstation.pckeyboard.LatinKeyboardView{419c0480 V.ED.... ......ID 0,0-480,280 #7f07000a app:id/LatinkeyboardBaseView}
I/dalvikvm( 2199): Jit: resizing JitTable from 8192 to 16384
D/android.widget.GridLayout( 3394): vertical constraints: y3-y0>=72, y3-y2<=0, y2-y1<=24, y1-y0<=40 are inconsistent; permanently removing: y3-y2<=0.
D/dalvikvm( 2366): GC_CONCURRENT freed 419K, 67% free 2606K/7696K, paused 3ms+3ms, total 23ms
D/BluetoothAdapter( 3394): 1098627352: getState() : mService = null. Returning STATE_OFF
I/HK/LatinKeyboardBaseView( 2385): closing org.pocketworkstation.pckeyboard.LatinKeyboardView{419c0480 V.ED.... ......ID 0,0-480,280 #7f07000a app:id/LatinkeyboardBaseView}
D/BluetoothAdapter( 3394): 1098627352: getState() : mService = null. Returning STATE_OFF
I/ActivityManager( 2199): START u0 {act=android.intent.action.MAIN cmp=com.android.settings/.SubSettings (has extras)} from pid 3394
V/NFC ( 3394): this device does not have NFC support
I/ActivityManager( 2199): Displayed com.android.settings/.SubSettings: +260ms
I/HK/LatinKeyboardBaseView( 2385): closing org.pocketworkstation.pckeyboard.LatinKeyboardView{419c0480 V.ED.... ......ID 0,0-480,280 #7f07000a app:id/LatinkeyboardBaseView}
I/ActivityManager( 2199): START u0 {act=android.intent.action.MAIN cmp=com.android.settings/.SubSettings (has extras)} from pid 3394
D/BluetoothManagerService( 2199): Message: 30
D/BluetoothPan( 3394): BluetoothPan() call bindService
D/BluetoothPan( 3394): BluetoothPan(), bindService called
W/ContextImpl( 3394): Calling a method in the system process without a qualified user: android.app.ContextImpl.bindService:1458 android.content.ContextWrapper.bindService:473 android.bluetooth.BluetoothPan.:141 android.bluetooth.BluetoothAdapter.getProfileProxy:1164 com.android.settings.TetherSettings.onCreate:119
D/BluetoothAdapter( 3394): 1098627352: getState() : mService = null. Returning STATE_OFF
D/BluetoothAdapter( 3394): 1098627352: getState() : mService = null. Returning STATE_OFF
I/ActivityManager( 2199): Displayed com.android.settings/.SubSettings: +399ms
I/HK/LatinKeyboardBaseView( 2385): closing org.pocketworkstation.pckeyboard.LatinKeyboardView{419c0480 V.ED.... ......ID 0,0-480,280 #7f07000a app:id/LatinkeyboardBaseView}
D/Tethering( 2199): sendTetherStateChangedBroadcast 1, 0, 0
D/BluetoothAdapter( 3394): 1098627352: getState() : mService = null. Returning STATE_OFF
D/Tethering( 2199): InitialState.processMessage what=4
D/BluetoothAdapter( 3394): 1098627352: getState() : mService = null. Returning STATE_OFF
D/Tethering( 2199): sendTetherStateChangedBroadcast 0, 0, 0
D/SoftapController( 1852): Softap fwReload - Ok
D/SoftapController( 1852): Softap startap - Ok
E/hostapd ( 3708): Configuration file: /data/misc/wifi/hostapd.conf
I/hostapd ( 3708): rfkill: Cannot open RFKILL control device
D/Tethering( 2199): sendTetherStateChangedBroadcast 1, 0, 0
D/BluetoothAdapter( 3394): 1098627352: getState() : mService = null. Returning STATE_OFF
W/hostapd ( 3708): wlan0: Could not connect to kernel driver
E/hostapd ( 3708): Using interface wlan0 with hwaddr 98:0c:82:19:af:12 and ssid 'qwerty'
D/CommandListener( 1852): Setting iface cfg
D/CommandListener( 1852): Trying to bring up wlan0
D/Tethering( 2199): Tethering wlan0
D/Tethering( 2199): InitialState.processMessage what=2
D/Tethering( 2199): sendTetherStateChangedBroadcast 0, 0, 0
D/BluetoothAdapter( 3394): 1098627352: getState() : mService = null. Returning STATE_OFF
D/Tethering( 2199): Tethered wlan0
D/BluetoothAdapter( 3394): 1098627352: getState() : mService = null. Returning STATE_OFF
D/Tethering( 2199): sendTetherStateChangedBroadcast 0, 1, 0
D/Tethering( 2199): MasterInitialState.processMessage what=1
D/TetherController( 1852): Setting IP forward enable = 1
D/TetherController( 1852): Starting tethering services
D/TetherController( 1852): Tethering services running
D/TetherController( 1852): setDnsForwarders(0 = '8.8.8.8')
D/TetherController( 1852): setDnsForwarders(1 = '8.8.4.4')
D/TetherController( 1852): Sending update msg to dnsmasq [update_dns:8.8.8.8:8.8.4.4]
D/Tethering( 2199): chooseUpstreamType(true), preferredApn =4, got type=-1
I/dnsmasq ( 3709): started, version 2.51 cachesize 150
I/dnsmasq ( 3709): compile time options: no-IPv6 GNU-getopt no-DBus no-I18N DHCP no-scripts no-TFTP
W/dnsmasq ( 3709): warning: no upstream servers configured
I/dnsmasq ( 3709): DHCP, IP range 192.168.48.2 -- 192.168.48.254, lease time 1h
I/dnsmasq ( 3709): DHCP, IP range 192.168.47.2 -- 192.168.47.254, lease time 1h
I/dnsmasq ( 3709): DHCP, IP range 192.168.46.2 -- 192.168.46.254, lease time 1h
I/dnsmasq ( 3709): DHCP, IP range 192.168.45.2 -- 192.168.45.254, lease time 1h
I/dnsmasq ( 3709): DHCP, IP range 192.168.44.2 -- 192.168.44.254, lease time 1h
I/dnsmasq ( 3709): DHCP, IP range 192.168.43.2 -- 192.168.43.254, lease time 1h
I/dnsmasq ( 3709): DHCP, IP range 192.168.42.2 -- 192.168.42.254, lease time 1h
I/dnsmasq ( 3709): read /etc/hosts - 1 addresses
I/dnsmasq ( 3709): using nameserver 8.8.4.4#53
I/dnsmasq ( 3709): using nameserver 8.8.8.8#53
D/ConnectivityService( 2199): startUsingNetworkFeature reconnecting to 0: enableDUNAlways
D/Tethering( 2199): notifying tethered with iface =null
D/Tethering( 2199): TetheredState.processMessage what=12
D/ConnectivityService( 2199): ConnectivityChange for mobile_dun: CONNECTED/CONNECTED
E/SecondaryTablController( 1852): ip route add failed: /system/bin/ip route add 0.0.0.0/0 via 10.222.31.1 dev rmnet1 table 60
W/FrameworkListener( 1852): Handler 'interface' error (No such device)
E/ConnectivityService( 2199): Exception trying to add a route: java.lang.IllegalStateException: command '25 interface route add rmnet1 secondary 0.0.0.0 0 10.222.31.1' failed with '400 25 ip route modification failed (No such device)'
E/ConnectivityService( 2199): Exception trying to remove a route: java.lang.IllegalStateException: command '26 interface route remove rmnet1 default 0.0.0.0 0 10.222.31.1' failed with '400 26 Failed to remove route from default table (No such process)'
D/dalvikvm( 2199): GC_CONCURRENT freed 1718K, 24% free 9014K/11808K, paused 5ms+4ms, total 70ms
D/dalvikvm( 2199): WAIT_FOR_CONCURRENT_GC blocked 21ms
D/dalvikvm( 2199): WAIT_FOR_CONCURRENT_GC blocked 21ms
W/NetworkPolicy( 2199): shared quota unsupported; generating rule for each iface
D/dalvikvm( 2366): GC_CONCURRENT freed 385K, 67% free 2604K/7696K, paused 2ms+1ms, total 16ms
D/lights ( 2199): set_light_buttons off
D/Tethering( 2199): TetherModeAliveState.processMessage what=3
D/Tethering( 2199): chooseUpstreamType(true), preferredApn =4, got type=4
I/UpdateCheckReceiver( 3378): Got connectivity change, has connection: true
I/UpdateCheckReceiver( 3378): Scheduling future, repeating update checks.
D/TetherController( 1852): setDnsForwarders(0 = '192.168.10.110')
D/TetherController( 1852): Sending update msg to dnsmasq [update_dns:192.168.10.110]
I/dnsmasq ( 3709): using nameserver 192.168.10.110#53
D/Tethering( 2199): notifying tethered with iface =rmnet1
D/Tethering( 2199): TetheredState.processMessage what=12
W/libc ( 3765): protoent* getprotobyname(char const*)(3) is not implemented on Android
D/gp.PicasaSyncManager( 3255): active network: NetworkInfo: type: mobile[HSPA+], state: CONNECTED/CONNECTED, reason: dataAttached, extra: orange.fr, roaming: false, failover: false, isAvailable: true
D/gp.PicasaSyncManager( 3255): background data: true
D/ConnectivityService( 2199): handleInetConditionHoldEnd: net=0, condition=100, published condition=100
W/ThrottleService( 2199): unable to find stats for iface pdp0
D/dalvikvm( 2366): GC_CONCURRENT freed 374K, 67% free 2614K/7696K, paused 2ms+1ms, total 13ms
D/WeatherXmlParser( 2813): Weather updated: WeatherInfo for Ivry-sur-Seine@ Wed Mar 13 16:16:00 CET 2013: Mostly Cloudy(28), temperature 1°C, low -2°, high 3°, humidity 75%, wind 10km/h at NW
D/dalvikvm( 2366): GC_CONCURRENT freed 395K, 67% free 2605K/7696K, paused 2ms+2ms, total 35ms
D/dalvikvm( 2366): GC_CONCURRENT freed 385K, 67% free 2605K/7696K, paused 3ms+2ms, total 24ms
I/hostapd ( 3708): wlan0: AP-STA-CONNECTED 00:22:43:14:e7:04
I/dnsmasq ( 3709): DHCPREQUEST(wlan0) 192.168.43.76 00:22:43:14:e7:04
I/dnsmasq ( 3709): DHCPACK(wlan0) 192.168.43.76 00:22:43:14:e7:04 eek
D/dalvikvm( 2366): GC_CONCURRENT freed 396K, 67% free 2604K/7696K, paused 2ms+2ms, total 17ms
D/dalvikvm( 2366): GC_CONCURRENT freed 283K, 65% free 2714K/7696K, paused 3ms+4ms, total 26ms
D/dalvikvm( 2199): GC_EXPLICIT freed 871K, 23% free 8994K/11600K, paused 3ms+4ms, total 67ms
D/dalvikvm( 2366): null clazz in OP_INSTANCE_OF, single-stepping
D/dalvikvm( 2199): GC_EXPLICIT freed 102K, 23% free 8975K/11600K, paused 3ms+4ms, total 52ms
D/dalvikvm( 2366): GC_CONCURRENT freed 348K, 65% free 2762K/7696K, paused 3ms+2ms, total 19ms
D/dalvikvm( 2199): GC_EXPLICIT freed 83K, 23% free 8976K/11600K, paused 3ms+5ms, total 57ms
D/dalvikvm( 2366): GC_CONCURRENT freed 387K, 65% free 2759K/7696K, paused 2ms+3ms, total 15ms
D/dalvikvm( 2199): GC_EXPLICIT freed 84K, 23% free 8975K/11600K, paused 2ms+5ms, total 51ms
D/dalvikvm( 2366): GC_CONCURRENT freed 393K, 65% free 2750K/7696K, paused 2ms+5ms, total 18ms
D/dalvikvm( 2199): GC_EXPLICIT freed 84K, 23% free 8976K/11600K, paused 2ms+5ms, total 51ms
D/dalvikvm( 2366): GC_CONCURRENT freed 392K, 65% free 2753K/7696K, paused 2ms+2ms, total 18ms
D/dalvikvm( 2199): GC_EXPLICIT freed 84K, 23% free 8975K/11600K, paused 3ms+7ms, total 69ms
D/dalvikvm( 2366): GC_CONCURRENT freed 392K, 65% free 2753K/7696K, paused 2ms+2ms, total 17ms
D/dalvikvm( 2199): GC_EXPLICIT freed 83K, 23% free 8976K/11600K, paused 3ms+6ms, total 59ms
D/dalvikvm( 2366): GC_CONCURRENT freed 391K, 65% free 2753K/7696K, paused 2ms+2ms, total 17ms
D/dalvikvm( 2199): GC_EXPLICIT freed 84K, 23% free 8975K/11600K, paused 2ms+4ms, total 52ms
D/dalvikvm( 2366): GC_CONCURRENT freed 385K, 65% free 2764K/7696K, paused 2ms+2ms, total 18ms
D/dalvikvm( 2199): GC_EXPLICIT freed 83K, 23% free 8976K/11600K, paused 2ms+6ms, total 61ms
D/dalvikvm( 2366): GC_CONCURRENT freed 392K, 65% free 2758K/7696K, paused 2ms+4ms, total 18ms
D/dalvikvm( 2199): GC_EXPLICIT freed 88K, 23% free 8975K/11600K, paused 2ms+4ms, total 50ms
D/dalvikvm( 2366): GC_CONCURRENT freed 394K, 65% free 2765K/7696K, paused 1ms+4ms, total 19ms
D/dalvikvm( 2199): WAIT_FOR_CONCURRENT_GC blocked 1ms
D/dalvikvm( 2199): GC_EXPLICIT freed 83K, 23% free 8976K/11600K, paused 2ms+5ms, total 51ms
D/dalvikvm( 2366): GC_CONCURRENT freed 389K, 65% free 2760K/7696K, paused 2ms+3ms, total 16ms
D/dalvikvm( 2199): GC_EXPLICIT freed 84K, 23% free 8975K/11600K, paused 2ms+5ms, total 60ms
D/dalvikvm( 2366): GC_CONCURRENT freed 389K, 65% free 2766K/7696K, paused 4ms+5ms, total 34ms
D/dalvikvm( 2199): GC_EXPLICIT freed 84K, 23% free 8976K/11600K, paused 5ms+10ms, total 103ms
D/dalvikvm( 2199): GC_EXPLICIT freed 84K, 23% free 8975K/11600K, paused 2ms+4ms, total 54ms
D/dalvikvm( 2366): GC_CONCURRENT freed 395K, 65% free 2768K/7696K, paused 1ms+3ms, total 19ms
D/dalvikvm( 2199): GC_EXPLICIT freed 83K, 23% free 8976K/11600K, paused 2ms+5ms, total 53ms
D/lights ( 2199): set_light_buttons on=1
D/dalvikvm( 2306): GC_FOR_ALLOC freed 2955K, 22% free 11979K/15184K, paused 18ms, total 23ms
I/ActivityManager( 2199): START u0 {act=android.intent.action.MAIN cat=[android.intent.category.HOME] flg=0x10200000 cmp=com.cyanogenmod.trebuchet/.Launcher} from pid 2199
D/dalvikvm( 2199): GC_FOR_ALLOC freed 456K, 23% free 8970K/11600K, paused 52ms, total 52ms
D/dalvikvm( 2366): GC_CONCURRENT freed 394K, 65% free 2757K/7696K, paused 4ms+15ms, total 46ms
D/dalvikvm( 2436): GC_CONCURRENT freed 150K, 22% free 6532K/8320K, paused 1ms+3ms, total 25ms
D/dalvikvm( 2436): WAIT_FOR_CONCURRENT_GC blocked 17ms
I/ActivityManager( 2199): START u0 {act=android.intent.action.MAIN cat=[android.intent.category.LAUNCHER] flg=0x10200000 pkg=com.android.chrome cmp=com.android.chrome/com.google.android.apps.chrome.Main bnds=[240,555][360,705]} from pid 2436
D/dalvikvm( 2199): GC_EXPLICIT freed 588K, 23% free 8990K/11600K, paused 2ms+5ms, total 68ms
D/dalvikvm( 2366): GC_CONCURRENT freed 382K, 65% free 2762K/7696K, paused 2ms+3ms, total 18ms
D/dalvikvm( 2199): GC_EXPLICIT freed 102K, 23% free 8981K/11600K, paused 5ms+11ms, total 119ms
D/dalvikvm( 2366): GC_CONCURRENT freed 390K, 65% free 2763K/7696K, paused 2ms+6ms, total 36ms
D/dalvikvm( 2199): GC_EXPLICIT freed 101K, 23% free 8979K/11600K, paused 5ms+9ms, total 100ms
D/dalvikvm( 2366): GC_CONCURRENT freed 385K, 65% free 2762K/7696K, paused 3ms+6ms, total 34ms
I/HK/LatinKeyboardBaseView( 2385): closing org.pocketworkstation.pckeyboard.LatinKeyboardView{419c0480 V.ED.... ......ID 0,0-480,280 #7f07000a app:id/LatinkeyboardBaseView}
I/HK/LatinKeyboardBaseView( 2385): closing org.pocketworkstation.pckeyboard.LatinKeyboardView{419c0480 V.ED.... ......ID 0,0-480,280 #7f07000a app:id/LatinkeyboardBaseView}
D/dalvikvm( 2385): GC_CONCURRENT freed 973K, 36% free 4935K/7696K, paused 3ms+6ms, total 68ms
D/dalvikvm( 2199): GC_EXPLICIT freed 114K, 23% free 8983K/11600K, paused 4ms+11ms, total 89ms
