--------- beginning of /dev/log/main
I/installd( 1859): installd firing up --------- beginning of /dev/log/system
I/Vold ( 1851): Vold 2.1 (the revenge) firing up
I/DEBUG ( 1853): debuggerd: Mar 12 2013 02:08:08
D/Vold ( 1851): Volume sdcard0 state changing -1 (Initializing) -> 0 (No-Media)
D/Vold ( 1851): Volume sdcard1 state changing -1 (Initializing) -> 0 (No-Media)
D/Vold ( 1851): Volume usbdisk0 state changing -1 (Initializing) -> 0 (No-Media)
D/Vold ( 1851): Volume sdcard0 state changing 0 (No-Media) -> 2 (Pending)
D/DirectVolume( 1851): DirectVolume::handlePartitionAdded -> MAJOR 179, MINOR 1, PARTN 1
D/DirectVolume( 1851): DirectVolume::handlePartitionAdded -> MAJOR 179, MINOR 2, PARTN 2
D/DirectVolume( 1851): DirectVolume::handlePartitionAdded -> MAJOR 179, MINOR 3, PARTN 3
D/DirectVolume( 1851): DirectVolume::handlePartitionAdded -> MAJOR 179, MINOR 4, PARTN 4
D/DirectVolume( 1851): DirectVolume::handlePartitionAdded -> MAJOR 179, MINOR 5, PARTN 5
D/DirectVolume( 1851): DirectVolume::handlePartitionAdded -> MAJOR 179, MINOR 6, PARTN 6
D/DirectVolume( 1851): DirectVolume::handlePartitionAdded -> MAJOR 179, MINOR 7, PARTN 7
D/Vold ( 1851): Volume sdcard0 state changing 2 (Pending) -> 1 (Idle-Unmounted)
D/DirectVolume( 1851): DirectVolume::handlePartitionAdded -> MAJOR 259, MINOR 0, PARTN 8
E/DirectVolume( 1851): Partition '/devices/platform/dw_mmc/mmc_host/mmc0/mmc0:0001/block/mmcblk0/mmcblk0p8' has a different major than its disk!
W/Vold ( 1851): Duplicate state (1)
D/DirectVolume( 1851): DirectVolume::handlePartitionAdded -> MAJOR 259, MINOR 1, PARTN 9
E/DirectVolume( 1851): Partition '/devices/platform/dw_mmc/mmc_host/mmc0/mmc0:0001/block/mmcblk0/mmcblk0p9' has a different major than its disk!
W/Vold ( 1851): Duplicate state (1)
D/DirectVolume( 1851): DirectVolume::handlePartitionAdded -> MAJOR 259, MINOR 2, PARTN 10
E/DirectVolume( 1851): Partition '/devices/platform/dw_mmc/mmc_host/mmc0/mmc0:0001/block/mmcblk0/mmcblk0p10' has a different major than its disk!
W/Vold ( 1851): Duplicate state (1)
D/DirectVolume( 1851): DirectVolume::handlePartitionAdded -> MAJOR 259, MINOR 3, PARTN 11
E/DirectVolume( 1851): Partition '/devices/platform/dw_mmc/mmc_host/mmc0/mmc0:0001/block/mmcblk0/mmcblk0p11' has a different major than its disk!
W/Vold ( 1851): Duplicate state (1)
D/DirectVolume( 1851): DirectVolume::handlePartitionAdded -> MAJOR 259, MINOR 4, PARTN 12
E/DirectVolume( 1851): Partition '/devices/platform/dw_mmc/mmc_host/mmc0/mmc0:0001/block/mmcblk0/mmcblk0p12' has a different major than its disk!
W/Vold ( 1851): Duplicate state (1)
W/Vold ( 1851): Duplicate state (1)
W/Vold ( 1851): Duplicate state (1)
W/Vold ( 1851): Duplicate state (1)
W/Vold ( 1851): Duplicate state (1)
D/Vold ( 1851): Volume sdcard1 state changing 0 (No-Media) -> 2 (Pending)
D/DirectVolume( 1851): DirectVolume::handlePartitionAdded -> MAJOR 179, MINOR 25, PARTN 1
D/Vold ( 1851): Volume sdcard1 state changing 2 (Pending) -> 1 (Idle-Unmounted)
I/Netd ( 1852): Netd 1.0 starting
W/InterfaceController( 1852): Error (Symbol not found: ) while searching for the interface command fini function
I/cm ( 1923): ____ _ _ ____ _ _ ____ ____ ____ _ _ _ _ ____ ___
I/cm ( 1925): | \_/ |__| |\ | | | | __ |___ |\ | |\/| | | | \
I/cm ( 1928): |___ | | | | \| |__| |__] |___ | \| | | |__| |__/
I/cm ( 1939): Welcome to Android 4.2.2 / CyanogenMod-10.1-20130312-NIGHTLY-i9100
I/SurfaceFlinger( 1855): SurfaceFlinger is starting
I/SurfaceFlinger( 1855): SurfaceFlinger's main thread ready to run. Initializing graphics H/W...
D/libEGL ( 1855): loaded /system/lib/egl/libEGL_mali.so
D/libEGL ( 1855): loaded /system/lib/egl/libGLESv1_CM_mali.so
D/libEGL ( 1855): loaded /system/lib/egl/libGLESv2_mali.so
E/ ( 1855): Device driver API match
E/ ( 1855): Device driver API version: 17
E/ ( 1855): User space API version: 17
E/ ( 1855): mali: REVISION=Linux-r3p1-01rel1 BUILD_DATE=Thu Jan 24 17:16:14 KST 2013
I/gralloc ( 1855): using (fd=21)
I/gralloc ( 1855): id = s3cfb
I/gralloc ( 1855): xres = 480 px
I/gralloc ( 1855): yres = 800 px
I/gralloc ( 1855): xres_virtual = 480 px
I/gralloc ( 1855): yres_virtual = 1600 px
I/gralloc ( 1855): bpp = 32
I/gralloc ( 1855): r = 16:8
I/gralloc ( 1855): g = 8:8
I/gralloc ( 1855): b = 0:8
I/gralloc ( 1855): width = 56 mm (217.714279 dpi)
I/gralloc ( 1855): height = 93 mm (218.494629 dpi)
I/gralloc ( 1855): refresh rate = 60.38 Hz
I/SurfaceFlinger( 1855): Using composer version 1.0
W/SurfaceFlinger( 1855): getting VSYNC period from fb HAL: 16561226
W/SurfaceFlinger( 1855): no suitable EGLConfig found, trying without EGL_FRAMEBUFFER_TARGET_ANDROID
E/Trace ( 1855): error opening trace file: No such file or directory (2)
W/SurfaceFlinger( 1855): WARNING: EventThread not started, ignoring vsync
I/SurfaceFlinger( 1855): EGL informations:
I/SurfaceFlinger( 1855): vendor : Android
I/SurfaceFlinger( 1855): version : 1.4 Android META-EGL
I/SurfaceFlinger( 1855): extensions: EGL_KHR_image EGL_KHR_image_base EGL_KHR_image_pixmap EGL_KHR_gl_texture_2D_image EGL_KHR_gl_texture_cubemap_image EGL_KHR_gl_renderbuffer_image EGL_KHR_fence_sync EGL_ANDROID_image_native_buffer
I/SurfaceFlinger( 1855): Client API: OpenGL_ES
I/SurfaceFlinger( 1855): EGLSurface: 8-8-8-8, config=0x60000014
I/SurfaceFlinger( 1855): OpenGL ES informations:
I/SurfaceFlinger( 1855): vendor : ARM
I/SurfaceFlinger( 1855): renderer : Mali-400 MP
I/SurfaceFlinger( 1855): version : OpenGL ES-CM 1.1
I/SurfaceFlinger( 1855): extensions: GL_EXT_debug_marker GL_OES_byte_coordinates GL_OES_fixed_point GL_OES_single_precision GL_OES_matrix_get GL_OES_read_format GL_OES_compressed_paletted_texture GL_OES_point_size_array GL_OES_point_sprite GL_OES_texture_npot GL_OES_query_matrix GL_OES_matrix_palette GL_OES_extended_matrix_palette GL_OES_compressed_ETC1_RGB8_texture GL_OES_EGL_image GL_OES_draw_texture GL_OES_depth_texture GL_OES_packed_depth_stencil GL_EXT_texture_format_BGRA8888 GL_OES_framebuffer_object GL_OES_stencil8 GL_OES_depth24 GL_ARM_rgba8 GL_OES_EGL_image_external GL_OES_EGL_sync GL_OES_rgb8_rgba8 GL_EXT_multisampled_render_to_texture GL_OES_texture_cube_map GL_EXT_discard_framebuffer GL_EXT_robustness
I/SurfaceFlinger( 1855): GL_MAX_TEXTURE_SIZE = 4096
I/SurfaceFlinger( 1855): GL_MAX_VIEWPORT_DIMS = 4096 x 4096
D/SurfaceFlinger( 1855): Screen acquired, type=0 flinger=0x4176c318
D/AndroidRuntime( 1856):
D/AndroidRuntime( 1856): >>>>>> AndroidRuntime START com.android.internal.os.ZygoteInit <<<<<<
D/AndroidRuntime( 1856): CheckJNI is OFF
D/libEGL ( 2064): loaded /system/lib/egl/libEGL_mali.so
D/libEGL ( 2064): loaded /system/lib/egl/libGLESv1_CM_mali.so
D/libEGL ( 2064): loaded /system/lib/egl/libGLESv2_mali.so
E/ ( 2064): Device driver API match
E/ ( 2064): Device driver API version: 17
E/ ( 2064): User space API version: 17
E/ ( 2064): mali: REVISION=Linux-r3p1-01rel1 BUILD_DATE=Thu Jan 24 17:16:14 KST 2013
E/Trace ( 2064): error opening trace file: No such file or directory (2)
I/mediaserver( 1858): ServiceManager: 0x41285e30
I/AudioFlinger( 1858): Using default 3000 mSec as standby time.
E/MediaPlayerFactory( 1858): Failed to open FACTORY_LIB Error : Cannot load library: load_library(linker.cpp:747): library "libdashplayer.so" not found
I/CameraService( 1858): CameraService started (pid=1858)
D/exynos_camera( 1858): exynos_camera_get_number_of_cameras()
I/AudioPolicyManagerBase( 1858): loadAudioPolicyConfig() loaded /system/etc/audio_policy.conf
D/TinyALSA-Audio Hardware( 1858): audio_hw_open(0x40b9f004, audio_hw_if, 0xbefcca48)++
D/Yamaha-MC1N2-Audio( 1858): yamaha_mc1n2_audio_start(galaxys2)
D/Yamaha-MC1N2-Audio( 1858): Found 1 registered platforms
D/TinyALSA-Audio Mixer( 1858): tinyalsa_mixer_open(0xbefcca1c, /system/etc/tinyalsa-audio.xml)
D/TinyALSA-Audio Mixer( 1858): Parsing config for device: Galaxy S2
D/TinyALSA-Audio Hardware( 1858): audio_hw_open(0x40b9f004, audio_hw_if, 0xbefcca48)--
D/TinyALSA-Audio Hardware( 1858): audio_hw_init_check(0x41286a68)
D/TinyALSA-Audio Hardware( 1858): audio_hw_set_master_volume(0x41286a68, 1.000000)++
D/TinyALSA-Audio Mixer( 1858): tinyalsa_mixer_set_master_volume(0x41286b18, 1.000000)
D/TinyALSA-Audio Mixer( 1858): tinyalsa_mixer_set_device_volume_with_attr(direction=0, device=1073741824, attr=master-volume, volume=1.000000)++
E/TinyALSA-Audio Mixer( 1858): Unable to set device for the asked direction: state is 0
D/TinyALSA-Audio Hardware( 1858): audio_hw_set_master_volume(0x41286a68, 1.000000)--
I/AudioFlinger( 1858): loadHwModule() Loaded primary audio interface from TinyALSA-Audio (audio) handle 1
D/TinyALSA-Audio Output( 1858): audio_hw_open_output_stream(0x41286a68, 2, 0xbefcca24, 0xbefcca0c)
D/TinyALSA-Audio Mixer( 1858): tinyalsa_mixer_get_output_props(0x41286b18)
D/TinyALSA-Audio Mixer( 1858): tinyalsa_mixer_set_output_state(1)
D/TinyALSA-Audio Mixer( 1858): tinyalsa_mixer_set_state(direction=0, state=1)++
D/TinyALSA-Audio Mixer( 1858): Setting AD Digital Volume to 75
D/TinyALSA-Audio Mixer( 1858): Setting AD Digital Switch to on
D/TinyALSA-Audio Mixer( 1858): Setting AENG6 Volume to 75
D/TinyALSA-Audio Mixer( 1858): Setting AENG6 Switch to on
D/TinyALSA-Audio Mixer( 1858): Setting DIR#0 Volume to 75
D/TinyALSA-Audio Mixer( 1858): Setting DIR#0 Switch to on
D/TinyALSA-Audio Mixer( 1858): Setting DIR#1 Volume to 75
D/TinyALSA-Audio Mixer( 1858): Setting DIR#1 Switch to on
D/TinyALSA-Audio Mixer( 1858): Setting DIR#2 Volume to 75
D/TinyALSA-Audio Mixer( 1858): Setting DIR#2 Switch to on
D/TinyALSA-Audio Mixer( 1858): Setting DIR#0 ATT Volume to 75
D/TinyALSA-Audio Mixer( 1858): Setting DIR#0 ATT Switch to on
D/TinyALSA-Audio Mixer( 1858): Setting DIR#1 ATT Volume to 75
D/TinyALSA-Audio Mixer( 1858): Setting DIR#1 ATT Switch to on
D/TinyALSA-Audio Mixer( 1858): Setting DIR#2 ATT Volume to 75
D/TinyALSA-Audio Mixer( 1858): Setting DIR#2 ATT Switch to on
D/TinyALSA-Audio Mixer( 1858): Setting Master Playback Volume to 75
D/TinyALSA-Audio Mixer( 1858): Setting Master Playback Switch to on
D/TinyALSA-Audio Mixer( 1858): Setting DAC Playback Volume to 75
D/TinyALSA-Audio Mixer( 1858): Setting DAC Playback Switch to on
D/TinyALSA-Audio Mixer( 1858): Setting DIT#0 Capture Volume to 75
D/TinyALSA-Audio Mixer( 1858): Setting DIT#0 Capture Switch to on
D/TinyALSA-Audio Mixer( 1858): Setting DIT#1 Capture Volume to 75
D/TinyALSA-Audio Mixer( 1858): Setting DIT#1 Capture Switch to on
D/TinyALSA-Audio Mixer( 1858): Setting DIT#2 Capture Volume to 75
D/TinyALSA-Audio Mixer( 1858): Setting DIT#2 Capture Switch to on
D/TinyALSA-Audio Mixer( 1858): Setting AD Analog Volume to 19
D/TinyALSA-Audio Mixer( 1858): Setting AD Analog Switch to on
D/TinyALSA-Audio Mixer( 1858): tinyalsa_mixer_set_state(direction=0, state=1)--
D/TinyALSA-Audio Mixer( 1858): tinyalsa_mixer_set_device(2)
D/TinyALSA-Audio Mixer( 1858): tinyalsa_mixer_set_route(card=0,device=2)++
D/TinyALSA-Audio Mixer( 1858): Setting Speaker Playback Volume to 26
D/TinyALSA-Audio Mixer( 1858): Setting Speaker Playback Switch to on
D/TinyALSA-Audio Mixer( 1858): tinyalsa_mixer_set_route(card=0,device=2)--
D/Yamaha-MC1N2-Audio( 1858): yamaha_mc1n2_audio_set_route(2)
I/AudioFlinger( 1858): HAL output buffer size 1024 frames, normal mix buffer size 1024 frames
D/MDnsDS ( 1852): MDnsSdListener::Hander starting up
D/MDnsDS ( 1852): MDnsSdListener starting to monitor
D/MDnsDS ( 1852): Going to poll with pollCount 1
I/AudioMixer( 1858): found effect "Multichannel Downmix To Stereo" from The Android Open Source Project
D/TinyALSA-Audio Output( 1858): audio_out_get_latency(0x41289d58)
D/TinyALSA-Audio Output( 1858): audio_out_get_latency(0x41289d58)
I/AudioFlinger( 1858): AudioFlinger's thread 0x4128bbb0 ready to run
I/AudioFlinger( 1858): Using module 1 has the primary audio interface
D/TinyALSA-Audio Hardware( 1858): audio_hw_set_mode(0x41286a68, 0)++
D/TinyALSA-Audio Hardware( 1858): audio_hw_set_mode(0x41286a68, 0)--
W/AudioFlinger( 1858): Thread AudioOut_2 cannot connect to the power manager service
D/TinyALSA-Audio Output( 1858): audio_out_standby(0x41289d58)
W/AudioFlinger( 1858): Thread AudioOut_2 cannot connect to the power manager service
D/TinyALSA-Audio Output( 1858): audio_out_set_parameters(0x41289d58, routing=2)
D/TinyALSA-Audio Hardware( 1858): audio_hw_set_voice_volume(0x41286a68, 0.000000)++
D/TinyALSA-Audio Hardware( 1858): audio_hw_set_voice_volume(0x41286a68, 0.000000)--
I/audio_a2dp_hw( 1858): adev_open: adev_open in A2dp_hw module
I/AudioFlinger( 1858): loadHwModule() Loaded a2dp audio interface from A2DP Audio HW HAL (audio) handle 3
D/dalvikvm( 1856): Trying to load lib libjavacore.so 0x0
I/AudioFlinger( 1858): loadHwModule() Loaded usb audio interface from USB audio HW HAL (audio) handle 4
I/AudioPolicyService( 1858): Loaded audio policy from LEGACY Audio Policy HAL (audio_policy)
D/dalvikvm( 1856): Added shared lib libjavacore.so 0x0
D/dalvikvm( 1856): Trying to load lib libnativehelper.so 0x0
D/dalvikvm( 1856): Added shared lib libnativehelper.so 0x0
I/SamplingProfilerIntegration( 1856): Profiling disabled.
I/Zygote ( 1856): Preloading classes...
D/dalvikvm( 1856): GC_EXPLICIT freed 36K, 9% free 427K/468K, paused 0ms+0ms, total 3ms
D/dalvikvm( 1856): GC_EXPLICIT freed 3K, 5% free 495K/520K, paused 0ms+0ms, total 2ms
D/dalvikvm( 1856): Note: class Landroid/app/ActivityManagerNative; has 157 unimplemented (abstract) methods
D/dalvikvm( 1856): GC_EXPLICIT freed 21K, 5% free 534K/560K, paused 1ms+0ms, total 2ms
D/dalvikvm( 1856): GC_EXPLICIT freed 27K, 5% free 562K/592K, paused 1ms+0ms, total 3ms
W/Zygote ( 1856): Class not found for preloading: android.bluetooth.BluetoothAudioGateway
W/Zygote ( 1856): Class not found for preloading: android.bluetooth.HeadsetBase
W/Zygote ( 1856): Class not found for preloading: undroid.content.AbstractThreadedSyncAdapter$SyncThread
D/dalvikvm( 1856): GC_EXPLICIT freed 24K, 5% free 612K/640K, paused 0ms+1ms, total 3ms
D/dalvikvm( 1856): GC_EXPLICIT freed 25K, 5% free 641K/668K, paused 0ms+0ms, total 2ms
D/dalvikvm( 1856): GC_EXPLICIT freed 60K, 8% free 742K/804K, paused 0ms+0ms, total 3ms
D/dalvikvm( 1856): GC_EXPLICIT freed 31K, 5% free 767K/804K, paused 1ms+4ms, total 10ms
D/TextLayoutCache( 1856): Using debug level = 0 - Debug Enabled = 0
I/dalvikvm( 1856): threadid=1: recursive native library load attempt (/system/lib/libmedia_jni.so)
D/MtpDeviceJNI( 1856): register_android_mtp_MtpDevice
I/dalvikvm( 1856): threadid=1: recursive native library load attempt (/system/lib/libmedia_jni.so)
I/dalvikvm( 1856): threadid=1: recursive native library load attempt (/system/lib/libmedia_jni.so)
D/dalvikvm( 1856): GC_EXPLICIT freed 23K, 4% free 809K/836K, paused 0ms+1ms, total 5ms
D/dalvikvm( 1856): GC_EXPLICIT freed 15K, 3% free 852K/872K, paused 1ms+0ms, total 6ms
D/dalvikvm( 1856): GC_FOR_ALLOC freed 223K, 17% free 1143K/1368K, paused 6ms, total 6ms
D/dalvikvm( 1856): GC_EXPLICIT freed 268K, 18% free 1289K/1564K, paused 1ms+1ms, total 9ms
D/dalvikvm( 1856): GC_EXPLICIT freed 29K, 16% free 1314K/1564K, paused 0ms+1ms, total 7ms
D/dalvikvm( 1856): GC_EXPLICIT freed 12K, 12% free 1386K/1564K, paused 1ms+0ms, total 7ms
W/Zygote ( 1856): Class not found for preloading: android.server.BluetoothA2dpService
W/Zygote ( 1856): Class not found for preloading: android.server.BluetoothEventLoop
W/Zygote ( 1856): Class not found for preloading: android.server.BluetoothService
D/TelephonyManager( 1856): No /proc/cmdline exception=java.io.FileNotFoundException: /proc/cmdline: open failed: EACCES (Permission denied)
D/TelephonyManager( 1856): /proc/cmdline=
D/dalvikvm( 1856): GC_EXPLICIT freed 29K, 10% free 1449K/1596K, paused 0ms+1ms, total 12ms
D/dalvikvm( 1856): GC_EXPLICIT freed 48K, 3% free 1730K/1780K, paused 1ms+1ms, total 14ms
W/Zygote ( 1856): Class not found for preloading: android.util.LocaleUtil
D/dalvikvm( 1856): GC_EXPLICIT freed 35K, 3% free 1765K/1808K, paused 1ms+1ms, total 15ms
D/dalvikvm( 1856): GC_EXPLICIT freed 31K, 2% free 1787K/1824K, paused 1ms+1ms, total 14ms
W/Zygote ( 1856): Class not found for preloading: android.view.ViewRootImpl$ResizedInfo
W/Zygote ( 1856): Class not found for preloading: android.view.Window$LocalWindowManager
W/Zygote ( 1856): Class not found for preloading: android.view.WindowManagerImpl$CompatModeWrapper
D/dalvikvm( 1856): GC_EXPLICIT freed 30K, 2% free 1811K/1844K, paused 1ms+1ms, total 13ms
I/dalvikvm( 1856): threadid=1: recursive native library load attempt (/system/lib/libwebcore.so)
D/dalvikvm( 1856): No JNI_OnLoad found in /system/lib/libchromium_net.so 0x0, skipping init
D/dalvikvm( 1856): GC_EXPLICIT freed 22K, 2% free 1844K/1868K, paused 2ms+1ms, total 16ms
D/dalvikvm( 1856): GC_EXPLICIT freed 26K, 2% free 1872K/1900K, paused 2ms+1ms, total 14ms
D/dalvikvm( 1856): GC_EXPLICIT freed 29K, 2% free 1902K/1936K, paused 1ms+2ms, total 13ms
D/dalvikvm( 1856): GC_EXPLICIT freed 26K, 2% free 1930K/1960K, paused 1ms+1ms, total 12ms
D/dalvikvm( 1856): GC_EXPLICIT freed 31K, 2% free 1953K/1988K, paused 0ms+1ms, total 12ms
D/dalvikvm( 1856): GC_EXPLICIT freed 28K, 2% free 1979K/2012K, paused 1ms+1ms, total 11ms
D/dalvikvm( 1856): GC_EXPLICIT freed 29K, 2% free 2006K/2036K, paused 1ms+1ms, total 12ms
D/dalvikvm( 1856): GC_EXPLICIT freed 39K, 2% free 2023K/2064K, paused 1ms+1ms, total 11ms
W/Zygote ( 1856): Class not found for preloading: java.text.DecimalFormat$1
D/dalvikvm( 1856): GC_EXPLICIT freed 41K, 3% free 2036K/2080K, paused 1ms+1ms, total 12ms
W/Zygote ( 1856): Class not found for preloading: java.util.concurrent.FutureTask$Sync
W/Zygote ( 1856): Class not found for preloading: java.util.concurrent.atomic.UnsafeAccess
W/Zygote ( 1856): Class not found for preloading: java.util.concurrent.locks.UnsafeAccess
D/dalvikvm( 1856): GC_EXPLICIT freed 40K, 3% free 2050K/2096K, paused 1ms+1ms, total 12ms
W/Zygote ( 1856): Class not found for preloading: libcore.icu.ErrorCode
I/System ( 1856): Loaded time zone names for in 156ms (153ms in ICU)
I/System ( 1856): Loaded time zone names for en_US in 98ms (95ms in ICU)
D/dalvikvm( 1856): GC_FOR_ALLOC freed 329K, 13% free 2233K/2564K, paused 14ms, total 14ms
I/System ( 1856): Loaded time zone names for en_GB in 111ms (108ms in ICU)
D/dalvikvm( 1856): GC_EXPLICIT freed 180K, 16% free 2159K/2564K, paused 1ms+1ms, total 14ms
D/dalvikvm( 1856): GC_EXPLICIT freed 15K, 14% free 2221K/2568K, paused 1ms+2ms, total 16ms
D/dalvikvm( 1856): GC_EXPLICIT freed 52K, 13% free 2253K/2572K, paused 1ms+1ms, total 15ms
D/dalvikvm( 1856): GC_EXPLICIT freed 29K, 12% free 2279K/2572K, paused 1ms+1ms, total 14ms
D/dalvikvm( 1856): GC_EXPLICIT freed 38K, 11% free 2296K/2572K, paused 1ms+2ms, total 16ms
D/dalvikvm( 1856): GC_EXPLICIT freed 32K, 10% free 2319K/2572K, paused 1ms+1ms, total 14ms
I/Zygote ( 1856): ...preloaded 2541 classes in 2021ms.
D/dalvikvm( 1856): GC_EXPLICIT freed 23K, 10% free 2323K/2576K, paused 2ms+2ms, total 17ms
I/Zygote ( 1856): Preload resources disabled, skipped.
D/dalvikvm( 1856): GC_EXPLICIT freed <1K, 10% free 2323K/2576K, paused 1ms+1ms, total 15ms
D/dalvikvm( 1856): GC_EXPLICIT freed <1K, 10% free 2323K/2576K, paused 1ms+2ms, total 14ms
D/dalvikvm( 1856): GC_EXPLICIT freed <1K, 10% free 2323K/2576K, paused 1ms+1ms, total 18ms
I/dalvikvm( 1856): System server process 2199 has been created
I/Zygote ( 1856): Accepting command socket connections
E/BatteryService( 2199): wirelessOnlinePath not found
I/sysproc ( 2199): Entered system_init()
I/sysproc ( 2199): ServiceManager: 0x52ad1458
D/SensorService( 2199): nuSensorService starting...
I/AKMD2 ( 2199): open_accelerometer
I/SensorService( 2199): KR3DM 3-axis Accelerometer
I/SensorService( 2199): AK8975 3-axis Magnetic field sensor
I/SensorService( 2199): AK8973 Orientation sensor
I/SensorService( 2199): CM3663 Light sensor
I/SensorService( 2199): CM3663 Proximity sensor
I/SensorService( 2199): K3G Gyroscope sensor
I/sysproc ( 2199): System server: starting Android runtime.
I/sysproc ( 2199): System server: starting Android services.
I/sysproc ( 2199): System server: entering thread pool.
D/SensorService( 2199): nuSensorService thread starting...
I/SystemServer( 2199): Entered the Android system server!
I/installd( 1859): new connection
I/SystemServer( 2199): Enabled StrictMode logging for UI Looper
I/SystemServer( 2199): Waiting for installd to be ready.
I/Installer( 2199): connecting...
I/SystemServer( 2199): Entropy Mixer
I/SystemServer( 2199): Enabled StrictMode logging for WM Looper
I/SystemServer( 2199): Power Manager
I/SystemServer( 2199): Activity Manager
I/ActivityManager( 2199): Memory class: 48
I/SystemServer( 2199): Display Manager
I/ActivityManager( 2199): Enabled StrictMode logging for AThread's Looper
I/SystemServer( 2199): Telephony Registry
I/SystemServer( 2199): Scheduling Policy
I/DisplayManagerService( 2199): Display device added: DisplayDeviceInfo{"Built-in Screen": 480 x 800, 60.382004 fps, density 240, 217.71428 x 218.49463 dpi, touch INTERNAL, FLAG_DEFAULT_DISPLAY, FLAG_ROTATES_WITH_CONTENT, FLAG_SECURE, FLAG_SUPPORTS_PROTECTED_BUFFERS, rotation 0, type BUILT_IN, address null}
I/SystemServer( 2199): Package Manager
W/PackageParser( 2199): No actions in intent filter at /system/app/Bluetooth.apk Binary XML file line #207
W/PackageParser( 2199): No actions in intent filter at /system/app/Bluetooth.apk Binary XML file line #234
W/PackageParser( 2199): No actions in intent filter at /system/app/CMFileManager.apk Binary XML file line #136
W/PackageParser( 2199): No actions in intent filter at /system/app/Contacts.apk Binary XML file line #546
W/ResourceType( 2199): Failure getting entry for 0x7f040018 (t=3 e=24) in package 0 (error -75)
W/ResourceType( 2199): Failure getting entry for 0x7f040018 (t=3 e=24) in package 0 (error -75)
W/PackageParser( 2199): Unknown element under : permission at /system/app/Gallery2.apk Binary XML file line #220
W/PackageParser( 2199): Unknown element under : permission at /system/app/Gallery2.apk Binary XML file line #223
I/PackageManager( 2199): Package com.google.android.googlequicksearchbox at /system/app/QuickSearchBox.apk ignored: updated version 210020311 better than this 210020111
I/PackageManager( 2199): Package com.google.android.gm at /system/app/Gmail2.apk ignored: updated version 615 better than this 600
I/PackageManager( 2199): Package com.google.android.gms at /system/app/GmsCore.apk ignored: updated version 3025110 better than this 1015
I/PackageManager( 2199): Package com.android.vending at /system/app/Phonesky.apk ignored: updated version 8016014 better than this 8016010
D/PackageManager( 2199): No files in app dir /vendor/app
D/dalvikvm( 2199): GC_CONCURRENT freed 2550K, 38% free 4805K/7696K, paused 7ms+47ms, total 155ms
I/PackageManager( 2199): Time to scan packages: 5.087 seconds
W/PackageManager( 2199): Unknown permission android.permission.ADD_SYSTEM_SERVICE in package com.android.phone
W/PackageManager( 2199): Unknown permission com.android.vending.billing.IBillingAccountService.BIND2 in package com.google.android.gsf.login
W/PackageManager( 2199): Unknown permission com.google.android.gallery3d.permission.GALLERY_PROVIDER in package com.android.bluetooth
W/PackageManager( 2199): Unknown permission android.permission.MMS_PUSH in package com.android.bluetooth
W/PackageManager( 2199): Not granting permission android.permission.SEND_DOWNLOAD_COMPLETED_INTENTS to package com.android.browser (protectionLevel=2 flags=0x9be45)
W/PackageManager( 2199): Unknown permission com.google.android.gallery3d.permission.PICASA_STORE in package com.android.dreams.phototable
W/PackageManager( 2199): Unknown permission android.permission.READ_OWNER_DATA in package com.google.android.setupwizard
W/PackageManager( 2199): Unknown permission android.permission.WRITE_OWNER_DATA in package com.google.android.setupwizard
W/PackageManager( 2199): Unknown permission com.google.android.voicesearch.SHORTCUTS_ACCESS in package com.google.android.googlequicksearchbox
W/PackageManager( 2199): Unknown permission com.google.googlenav.friend.permission.OPT_IN in package com.google.android.googlequicksearchbox
W/PackageManager( 2199): Unknown permission com.google.android.apps.maps.permission.PREFETCH in package com.google.android.googlequicksearchbox
W/PackageManager( 2199): Unknown permission com.google.android.apps.googlevoice.permission.AUTO_SEND in package com.google.android.googlequicksearchbox
W/PackageManager( 2199): Unknown permission android.permission.RECORD_VIDEO in package com.alpinereplay.android
W/PackageManager( 2199): Not granting permission android.permission.ACCOUNT_MANAGER to package com.google.android.music (protectionLevel=2 flags=0x8be64)
W/PackageManager( 2199): Unknown permission com.google.android.gallery3d.permission.GALLERY_PROVIDER in package com.android.exchange
W/PackageManager( 2199): Unknown permission com.google.android.gallery3d.permission.GALLERY_PROVIDER in package com.android.email
W/PackageManager( 2199): Unknown permission com.cyanogenmod.filemanager.permissions.READ_THEME in package com.cyanogenmod.filemanager
W/PackageManager( 2199): Unknown permission com.google.android.gallery3d.permission.PICASA_STORE in package com.google.android.apps.plus
W/PackageManager( 2199): Not granting permission android.permission.SEND_DOWNLOAD_COMPLETED_INTENTS to package com.android.vending (protectionLevel=2 flags=0xabec5)
W/PackageManager( 2199): Unknown permission android.permission.ACCESS_4G_RADIO_DISABLE in package com.android.systemui
W/PackageManager( 2199): Unknown permission android.permission.ACCESS_4G_STATE in package com.android.systemui
W/PackageManager( 2199): Unknown permission android.permission.CHANGE_4G_STATE in package com.android.systemui
D/dalvikvm( 2199): GC_CONCURRENT freed 979K, 43% free 4445K/7696K, paused 4ms+4ms, total 57ms
D/dalvikvm( 2199): WAIT_FOR_CONCURRENT_GC blocked 35ms
W/PackageManager( 2199): Not granting permission android.permission.DEVICE_POWER to package com.android.deskclock (protectionLevel=2 flags=0x8be45)
W/PackageManager( 2199): Not granting permission android.permission.READ_DREAM_STATE to package com.google.android.gsf (protectionLevel=2 flags=0x83e45)
D/dalvikvm( 2199): GC_EXPLICIT freed 360K, 44% free 4360K/7696K, paused 6ms+4ms, total 74ms
I/SystemServer( 2199): User Service
I/SystemServer( 2199): Account Manager
I/SystemServer( 2199): Content Manager
I/SystemServer( 2199): System Content Providers
I/DeviceHandlerService( 2199): No device specific handler lib was defined.
I/SystemServer( 2199): Device Handler Service
I/SystemServer( 2199): Lights Service
I/SystemServer( 2199): Battery Service
I/SystemServer( 2199): Vibrator Service
I/libsuspend( 2199): Selected early suspend
I/libsuspend( 2199): Starting early suspend unblocker thread
D/PermissionCache( 1855): checking android.permission.ACCESS_SURFACE_FLINGER for uid=1000 => granted (385 us)
D/SurfaceFlinger( 1855): Screen acquired, type=0 flinger=0x4176c318
D/SurfaceFlinger( 1855): screen was previously acquired
D/AlarmManagerService( 2199): Kernel timezone updated to -60 minutes west of GMT
I/SystemServer( 2199): Alarm Manager
I/SystemServer( 2199): Init Watchdog
I/SystemServer( 2199): Input Manager
I/InputManager( 2199): Initializing input manager, mUseDevInputEventForAudioJack=false
I/SystemServer( 2199): Window Manager
E/SEC_COMP_REGS( 1858): .
E/SEC_COMP_REGS( 1858): ..
E/SEC_COMP_REGS( 1858): libOMX.SEC.AVC.Decoder.so
E/SEC_COMP_REGS( 1858): Path & libName : /system/lib/omx/libOMX.SEC.AVC.Decoder.so
E/SEC_COMP_REGS( 1858): libOMX.SEC.AVC.Encoder.so
E/SEC_COMP_REGS( 1858): Path & libName : /system/lib/omx/libOMX.SEC.AVC.Encoder.so
E/SEC_COMP_REGS( 1858): libOMX.SEC.M4V.Decoder.so
E/SEC_COMP_REGS( 1858): Path & libName : /system/lib/omx/libOMX.SEC.M4V.Decoder.so
D/dalvikvm( 2199): GC_CONCURRENT freed 302K, 41% free 4569K/7696K, paused 3ms+5ms, total 43ms
D/dalvikvm( 2199): WAIT_FOR_CONCURRENT_GC blocked 9ms
E/SEC_COMP_REGS( 1858): libOMX.SEC.M4V.Encoder.so
E/SEC_COMP_REGS( 1858): Path & libName : /system/lib/omx/libOMX.SEC.M4V.Encoder.so
E/SEC_COMP_REGS( 1858): libOMX.SEC.WMV.Decoder.so
E/SEC_COMP_REGS( 1858): Path & libName : /system/lib/omx/libOMX.SEC.WMV.Decoder.so
D/AKMD2 ( 2199): akm_enable_sensor: Accel is enabled. (orien = 0)
I/AKMD2 ( 2199): enable_accelerometer, mEnabled = 0, enable = 1
D/EventHub( 2199): No input device configuration file found for device 'compass_sensor'.
I/InputManager( 2199): Starting input manager
I/SystemServer( 2199): Bluetooth Manager Service
D/BluetoothManagerService( 2199): Loading stored name and address
D/BluetoothManagerService( 2199): Stored bluetooth Name=chou,Address=8C:77:12:63:2B:F7
I/SystemServer( 2199): Input Method Service
W/InputMethodManagerService( 2199): Couldn't create dir.: /data/system/inputmethod
E/Trace ( 1858): error opening trace file: No such file or directory (2)
D/EventHub( 2199): No input device configuration file found for device 'light_sensor'.
E/Trace ( 2199): error opening trace file: No such file or directory (2)
I/SystemServer( 2199): Accessibility Manager
I/ActivityManager( 2199): Config changes=15f8 {1.0 ?mcc?mnc en_GB ldltr sw320dp w320dp h508dp 240dpi nrml long port ?uimode ?night -touch -keyb/v/h -nav/h s.2 themeResource=null}
I/SystemServer( 2199): Mount Service
D/MountService( 2199): got storage path: /storage/sdcard0 description: Internal storage primary: true removable: false emulated: false mtpReserve: 0 allowMassStorage: true maxFileSize: 0
D/MountService( 2199): addVolumeLocked() StorageVolume [mStorageId=0 mPath=/storage/sdcard0 mDescriptionId=17040650 mPrimary=true mRemovable=false mEmulated=false mMtpReserveSpace=0 mAllowMassStorage=true mMaxFileSize=0 mOwner=null]
D/MountService( 2199): got storage path: /storage/sdcard1 description: SD card primary: false removable: false emulated: false mtpReserve: 0 allowMassStorage: true maxFileSize: 0
D/MountService( 2199): addVolumeLocked() StorageVolume [mStorageId=0 mPath=/storage/sdcard1 mDescriptionId=17040651 mPrimary=false mRemovable=false mEmulated=false mMtpReserveSpace=0 mAllowMassStorage=true mMaxFileSize=0 mOwner=null]
D/MountService( 2199): got storage path: /storage/usbdisk0 description: USB storage primary: false removable: true emulated: false mtpReserve: 0 allowMassStorage: false maxFileSize: 0
D/MountService( 2199): addVolumeLocked() StorageVolume [mStorageId=0 mPath=/storage/usbdisk0 mDescriptionId=17040653 mPrimary=false mRemovable=true mEmulated=false mMtpReserveSpace=0 mAllowMassStorage=false mMaxFileSize=0 mOwner=null]
I/SystemServer( 2199): LockSettingsService
I/SystemServer( 2199): Device Policy
I/SystemServer( 2199): Status Bar
I/SystemServer( 2199): Clipboard Service
I/SystemServer( 2199): NetworkManagement Service
D/EventHub( 2199): No input device configuration file found for device 'proximity_sensor'.
I/SystemServer( 2199): Text Service Manager Service
I/SystemServer( 2199): NetworkStats Service
I/SystemServer( 2199): NetworkPolicy Service
I/SystemServer( 2199): Wi-Fi P2pService
D/EventHub( 2199): No input device configuration file found for device 'gyro_sensor'.
I/SystemServer( 2199): Wi-Fi Service
I/PackageManager( 2199): Updating external media status from unmounted to unmounted
D/MountService( 2199): volume state changed for /storage/sdcard0 (null -> unmounted)
D/MountService( 2199): volume state changed for /storage/sdcard1 (null -> unmounted)
D/MountService( 2199): volume state changed for /storage/usbdisk0 (null -> removed)
W/MountService( 2199): getSecureContainerList() called when storage not mounted
I/PackageManager( 2199): No secure containers on sdcard
W/PackageManager( 2199): Unknown permission android.permission.ADD_SYSTEM_SERVICE in package com.android.phone
W/PackageManager( 2199): Unknown permission com.android.vending.billing.IBillingAccountService.BIND2 in package com.google.android.gsf.login
W/PackageManager( 2199): Unknown permission com.google.android.gallery3d.permission.GALLERY_PROVIDER in package com.android.bluetooth
W/PackageManager( 2199): Unknown permission android.permission.MMS_PUSH in package com.android.bluetooth
W/PackageManager( 2199): Not granting permission android.permission.SEND_DOWNLOAD_COMPLETED_INTENTS to package com.android.browser (protectionLevel=2 flags=0x89be45)
W/PackageManager( 2199): Unknown permission com.google.android.gallery3d.permission.PICASA_STORE in package com.android.dreams.phototable
W/PackageManager( 2199): Unknown permission android.permission.READ_OWNER_DATA in package com.google.android.setupwizard
W/PackageManager( 2199): Unknown permission android.permission.WRITE_OWNER_DATA in package com.google.android.setupwizard
I/SystemServer( 2199): Connectivity Service
D/ConnectivityService( 2199): ConnectivityService starting up
D/EventHub( 2199): No input device configuration file found for device 'sii9234_rcp'.
I/EventHub( 2199): New device: id=5, fd=130, path='/dev/input/event3', name='sii9234_rcp', classes=0x1, configuration='', keyLayout='/system/usr/keylayout/sii9234_rcp.kl', keyCharacterMap='/system/usr/keychars/Generic.kcm', builtinKeyboard=false, usingSuspendBlockIoctl=true, usingClockIoctl=false
I/EventHub( 2199): New device: id=6, fd=131, path='/dev/input/event2', name='sec_touchscreen', classes=0x14, configuration='/system/usr/idc/sec_touchscreen.idc', keyLayout='', keyCharacterMap='', builtinKeyboard=false, usingSuspendBlockIoctl=true, usingClockIoctl=false
D/EventHub( 2199): No input device configuration file found for device 'gpio-keys'.
I/EventHub( 2199): New device: id=7, fd=132, path='/dev/input/event1', name='gpio-keys', classes=0x1, configuration='', keyLayout='/system/usr/keylayout/gpio-keys.kl', keyCharacterMap='/system/usr/keychars/Generic.kcm', builtinKeyboard=false, usingSuspendBlockIoctl=true, usingClockIoctl=false
D/EventHub( 2199): No input device configuration file found for device 'sec_touchkey'.
I/EventHub( 2199): New device: id=8, fd=133, path='/dev/input/event7', name='sec_touchkey', classes=0x1, configuration='', keyLayout='/system/usr/keylayout/sec_touchkey.kl', keyCharacterMap='/system/usr/keychars/Generic.kcm', builtinKeyboard=false, usingSuspendBlockIoctl=true, usingClockIoctl=false
D/EventHub( 2199): No input device configuration file found for device 'max8997-muic'.
I/EventHub( 2199): New device: id=9, fd=135, path='/dev/input/event0', name='max8997-muic', classes=0x1, configuration='', keyLayout='/system/usr/keylayout/max8997-muic.kl', keyCharacterMap='/system/usr/keychars/Generic.kcm', builtinKeyboard=false, usingSuspendBlockIoctl=true, usingClockIoctl=false
I/InputReader( 2199): Device added: id=-1, name='Virtual', sources=0x00000301
D/dalvikvm( 2199): GC_CONCURRENT freed 374K, 39% free 4759K/7696K, paused 2ms+3ms, total 53ms
D/dalvikvm( 2199): WAIT_FOR_CONCURRENT_GC blocked 33ms
I/InputReader( 2199): Device added: id=9, name='max8997-muic', sources=0x00000101
I/InputReader( 2199): Device added: id=8, name='sec_touchkey', sources=0x00000101
I/InputReader( 2199): Device added: id=7, name='gpio-keys', sources=0x00000101
W/InputReader( 2199): Invalid value for touch.size.calibration: 'normalized'
I/InputReader( 2199): Touch device 'sec_touchscreen' could not query the properties of its associated display. The device will be inoperable until the display size becomes available.
I/InputReader( 2199): Device added: id=6, name='sec_touchscreen', sources=0x00001002
I/InputReader( 2199): Device added: id=5, name='sii9234_rcp', sources=0x00000101
D/dalvikvm( 2199): WAIT_FOR_CONCURRENT_GC blocked 33ms
E/CommandListener( 1852): Failed to open /proc/sys/net/ipv6/conf/wlan0/disable_ipv6: No such file or directory
D/dalvikvm( 2199): WAIT_FOR_CONCURRENT_GC blocked 34ms
D/dalvikvm( 2199): WAIT_FOR_CONCURRENT_GC blocked 33ms
D/dalvikvm( 2199): WAIT_FOR_CONCURRENT_GC blocked 30ms
I/InputReader( 2199): Reconfiguring input devices. changes=0x00000004
I/InputReader( 2199): Device reconfigured: id=6, name='sec_touchscreen', size 480x800, orientation 0, mode 1, display id 0
W/PackageManager( 2199): Unknown permission com.google.android.voicesearch.SHORTCUTS_ACCESS in package com.google.android.googlequicksearchbox
W/PackageManager( 2199): Unknown permission com.google.googlenav.friend.permission.OPT_IN in package com.google.android.googlequicksearchbox
W/PackageManager( 2199): Unknown permission com.google.android.apps.maps.permission.PREFETCH in package com.google.android.googlequicksearchbox
W/PackageManager( 2199): Unknown permission com.google.android.apps.googlevoice.permission.AUTO_SEND in package com.google.android.googlequicksearchbox
I/ActivityManager( 2199): Config changes=1408 {1.0 ?mcc?mnc en_GB ldltr sw320dp w320dp h508dp 240dpi nrml long port ?uimode ?night finger -keyb/v/h -nav/h s.3 themeResource=null}
E/WifiStateMachine( 2199): Failed to disable IPv6: java.lang.IllegalStateException: command '1 interface ipv6 wlan0 disable' failed with '400 1 Failed to change IPv6 state (No such file or directory)'
E/ConnectivityService( 2199): Ignoring protectedNetwork 10
E/ConnectivityService( 2199): Ignoring protectedNetwork 11
E/ConnectivityService( 2199): Ignoring protectedNetwork 12
W/PackageManager( 2199): Unknown permission android.permission.RECORD_VIDEO in package com.alpinereplay.android
W/PackageManager( 2199): Not granting permission android.permission.ACCOUNT_MANAGER to package com.google.android.music (protectionLevel=2 flags=0x88be64)
W/PackageManager( 2199): Unknown permission com.google.android.gallery3d.permission.GALLERY_PROVIDER in package com.android.exchange
W/PackageManager( 2199): Unknown permission com.google.android.gallery3d.permission.GALLERY_PROVIDER in package com.android.email
D/BluetoothTethering( 2199): startMonitoring: target: Handler (com.android.server.ConnectivityService$NetworkStateTrackerHandler) {419b4748}
D/BluetoothManagerService( 2199): Message: 20
D/BluetoothManagerService( 2199): Added callback: android.bluetooth.BluetoothAdapter$1@4191cdf0:true
D/BluetoothManagerService( 2199): Message: 30
D/BluetoothPan( 2199): BluetoothPan() call bindService
W/PackageManager( 2199): Unknown permission com.cyanogenmod.filemanager.permissions.READ_THEME in package com.cyanogenmod.filemanager
W/ContextImpl( 2199): Calling a method in the system process without a qualified user: android.app.ContextImpl.bindService:1458 android.bluetooth.BluetoothPan.:141 android.bluetooth.BluetoothAdapter.getProfileProxy:1164 android.bluetooth.BluetoothTetheringDataTracker.startMonitoring:110 com.android.server.ConnectivityService.:528
W/PackageManager( 2199): Unknown permission com.google.android.gallery3d.permission.PICASA_STORE in package com.google.android.apps.plus
W/PackageManager( 2199): Not granting permission android.permission.SEND_DOWNLOAD_COMPLETED_INTENTS to package com.android.vending (protectionLevel=2 flags=0x8abec5)
W/PackageManager( 2199): Unknown permission android.permission.ACCESS_4G_RADIO_DISABLE in package com.android.systemui
W/PackageManager( 2199): Unknown permission android.permission.ACCESS_4G_STATE in package com.android.systemui
W/PackageManager( 2199): Unknown permission android.permission.CHANGE_4G_STATE in package com.android.systemui
W/PackageManager( 2199): Not granting permission android.permission.DEVICE_POWER to package com.android.deskclock (protectionLevel=2 flags=0x88be45)
W/PackageManager( 2199): Not granting permission android.permission.READ_DREAM_STATE to package com.google.android.gsf (protectionLevel=2 flags=0x883e45)
D/BluetoothPan( 2199): BluetoothPan(), bindService called
E/MobileDataStateTracker( 2199): default: Ignoring feature request because could not acquire PhoneService
E/MobileDataStateTracker( 2199): default: Could not enable APN type "default"
I/WifiService( 2199): WifiService starting up with Wi-Fi disabled
I/SystemServer( 2199): Network Service Discovery Service
D/NsdService( 2199): Network service discovery enabled true
I/SystemServer( 2199): Throttle Service
I/ ( 2199): registerAndroidFmRadioReceiver
I/ ( 2199): registerAndroidFmRadioTransmitter
I/SystemServer( 2199): FM receiver Service
I/FmReceiverService( 2199): FmReceiverService created
I/FmTransmitterService( 2199): FmTransmitterService created
I/SystemServer( 2199): FM transmitter Service
I/SystemServer( 2199): UpdateLock Service
D/dalvikvm( 2199): GC_CONCURRENT freed 385K, 36% free 4932K/7696K, paused 3ms+3ms, total 53ms
D/ProfileService( 2199): Found active: 5e57f41d-2130-439b-87a5-be53fbae6912
I/SystemServer( 2199): Profile Manager
D/ProfileService( 2199): Set active profile to: 5e57f41d-2130-439b-87a5-be53fbae6912 - Default
D/ProfileService( 2199): Saving profile data...
D/ProfileService( 2199): Save completed.
I/SystemServer( 2199): Notification Manager
I/SystemServer( 2199): Device Storage Monitor
I/SystemServer( 2199): Location Manager
I/SystemServer( 2199): Country Detector
I/SystemServer( 2199): Search Service
I/SystemServer( 2199): DropBox Service
I/SystemServer( 2199): Wallpaper Service
I/SystemServer( 2199): Audio Service
D/TinyALSA-Audio Output( 1858): audio_out_get_latency(0x41289d58)
I/AudioService( 2199): Remote Control registerMediaButtonIntent() for PendingIntent{41a728c8: PendingIntentRecord{41acfa08 android broadcastIntent}}
D/TinyALSA-Audio Hardware( 1858): audio_hw_get_mic_mute(0x41286a68, 0x40f60c1f)
I/SystemServer( 2199): Dock Observer
I/SystemServer( 2199): Wired Accessory Observer
W/WiredAccessoryManager( 2199): This kernel does not have usb audio support
I/SystemServer( 2199): USB Service
I/SystemServer( 2199): Serial Service
I/SystemServer( 2199): Twilight Service
D/dalvikvm( 2199): GC_CONCURRENT freed 581K, 35% free 5002K/7696K, paused 2ms+3ms, total 50ms
D/dalvikvm( 2199): WAIT_FOR_CONCURRENT_GC blocked 12ms
D/dalvikvm( 2199): WAIT_FOR_CONCURRENT_GC blocked 10ms
I/SystemServer( 2199): UI Mode Manager Service
I/SystemServer( 2199): Backup Service
I/BackupManagerService( 2199): Found stale backup journal, scheduling
I/BackupManagerService( 2199): android
I/BackupManagerService( 2199): com.android.browser
I/BackupManagerService( 2199): com.android.calendar
I/BackupManagerService( 2199): com.android.inputmethod.latin
I/BackupManagerService( 2199): com.android.providers.settings
I/BackupManagerService( 2199): com.android.providers.userdictionary
I/BackupManagerService( 2199): com.android.sharedstoragebackup
I/BackupManagerService( 2199): com.android.vending
I/BackupManagerService( 2199): com.google.android.gm
I/BackupManagerService( 2199): com.google.android.marvin.talkback
I/BackupManagerService( 2199): org.pocketworkstation.pckeyboard
I/BackupManagerService( 2199): Backup enabled => true
I/SystemServer( 2199): AppWidget Service
I/SystemServer( 2199): Recognition Service
I/SystemServer( 2199): DiskStats Service
I/SystemServer( 2199): SamplingProfiler Service
I/SystemServer( 2199): NetworkTimeUpdateService
I/SystemServer( 2199): CommonTimeManagementService
I/SystemServer( 2199): CertBlacklister
I/WindowManager( 2199): SAFE MODE not enabled
I/SystemServer( 2199): Dreams Service
I/SystemServer( 2199): AssetRedirectionManager Service
D/dalvikvm( 2199): JIT started for system_server
D/lights ( 2199): set_light_buttons off
W/PackageManager( 2199): Removing dangling preferred activity: ComponentInfo{com.google.android.apps.maps/com.google.android.maps.MapsActivity}
W/PackageManager( 2199): Removing dangling preferred activity: ComponentInfo{com.google.android.apps.maps/com.google.android.maps.MapsActivity}
W/PackageManager( 2199): Removing dangling preferred activity: ComponentInfo{com.google.android.apps.maps/com.google.android.maps.MapsActivity}
W/PackageManager( 2199): Removing dangling preferred activity: ComponentInfo{com.google.android.apps.maps/com.google.android.maps.MapsActivity}
I/ActivityManager( 2199): System now ready
D/dalvikvm( 2199): GC_CONCURRENT freed 406K, 33% free 5221K/7696K, paused 4ms+5ms, total 74ms
I/SystemServer( 2199): Making services ready
I/Zygote ( 2199): Process: zygote socket opened
I/ActivityManager( 2199): Start proc com.android.systemui for service com.android.systemui/.SystemUIService: pid=2306 uid=10040 gids={50040, 1028, 1015, 3002, 3001}
D/NetworkManagementService( 2199): enabling bandwidth control
D/DirectVolume( 1851): Checking for bad partition major number
I/Vold ( 1851): /dev/block/vold/179:25 being considered for volume sdcard1
D/Vold ( 1851): Volume sdcard1 state changing 1 (Idle-Unmounted) -> 3 (Checking)
D/Vold ( 1851): Trying to get filesystem type for /dev/block/vold/179:25
D/MountService( 2199): volume state changed for /storage/sdcard1 (unmounted -> checking)
D/MountService( 2199): sendStorageIntent Intent { act=android.intent.action.MEDIA_CHECKING dat=file:///storage/sdcard1 (has extras) } to UserHandle{-1}
D/Vold ( 1851): Found vfat filesystem on /dev/block/vold/179:25
I//system/bin/fsck_msdos( 1851): ** /dev/block/vold/179:25
I//system/bin/fsck_msdos( 1851): ** Phase 1 - Read and Compare FATs
I//system/bin/fsck_msdos( 1851): Attempting to allocate 118 KB for FAT
I//system/bin/fsck_msdos( 1851): Attempting to allocate 118 KB for FAT
I//system/bin/fsck_msdos( 1851): ** Phase 2 - Check Cluster Chains
I//system/bin/fsck_msdos( 1851): ** Phase 3 - Checking Directories
D/dalvikvm( 2199): GC_FOR_ALLOC freed 72K, 31% free 5364K/7696K, paused 60ms, total 63ms
I/dalvikvm-heap( 2199): Grow heap (frag case) to 6.050MB for 70856-byte allocation
D/dalvikvm( 2199): GC_FOR_ALLOC freed 2K, 31% free 5431K/7768K, paused 42ms, total 42ms
I/dalvikvm-heap( 2199): Grow heap (frag case) to 6.117MB for 70856-byte allocation
I/keystore( 1860): uid: 1000 action: e -> 7 state: 3 -> 3 retry: 4
E/Trace ( 2306): error opening trace file: No such file or directory (2)
D/SystemUIService( 2306): loading: class com.android.systemui.statusbar.phone.PhoneStatusBar
D/SystemUIService( 2306): running: com.android.systemui.statusbar.phone.PhoneStatusBar@4169da18
D/dalvikvm( 2199): GC_FOR_ALLOC freed 215K, 28% free 5647K/7840K, paused 38ms, total 38ms
I/dalvikvm-heap( 2199): Grow heap (frag case) to 6.382MB for 129616-byte allocation
D/dalvikvm( 2199): GC_FOR_ALLOC freed 6K, 28% free 5780K/7968K, paused 33ms, total 33ms
I/dalvikvm-heap( 2199): Grow heap (frag case) to 6.513MB for 129616-byte allocation
I/StatusBarManagerService( 2199): registerStatusBar bar=com.android.internal.statusbar.IStatusBar$Stub$Proxy@41b2d008
I/keystore( 1860): uid: 1000 action: e -> 7 state: 3 -> 3 retry: 4
W/Settings( 2199): Setting usb_mass_storage_enabled has moved from android.provider.Settings.Secure to android.provider.Settings.Global.
W/ContextImpl( 2199): Calling a method in the system process without a qualified user: android.app.ContextImpl.sendBroadcast:1084 com.android.server.usb.UsbSettingsManager.deviceAttached:619 com.android.server.usb.UsbHostManager.usbDeviceAdded:156 com.android.server.usb.UsbHostManager.monitorUsbHostBus:-2 com.android.server.usb.UsbHostManager.access$000:38
I/ActivityManager( 2199): Start proc android.process.media for broadcast com.android.providers.media/.MtpReceiver: pid=2366 uid=10017 gids={50017, 1015, 1023, 1024, 1028, 2001, 3003, 3007}
I/ActivityManager( 2199): Config changes=200 {1.0 ?mcc?mnc en_GB ldltr sw320dp w320dp h508dp 240dpi nrml long port finger -keyb/v/h -nav/h s.4 themeResource=null}
E/Trace ( 2366): error opening trace file: No such file or directory (2)
I/PowerWidget( 2306): Clearing any old widget stuffs
I/PowerWidget( 2306): Setting up widget
D/dalvikvm( 2199): GC_FOR_ALLOC freed 300K, 26% free 6058K/8096K, paused 39ms, total 39ms
I/dalvikvm-heap( 2199): Grow heap (frag case) to 6.761MB for 104992-byte allocation
I/PowerWidget( 2306): Default buttons being loaded
I/PowerWidget( 2306): Button list: toggleWifi|toggleBluetooth|toggleGPS|toggleSound
D/dalvikvm( 2199): GC_FOR_ALLOC freed 16K, 25% free 6157K/8200K, paused 37ms, total 37ms
I/dalvikvm-heap( 2199): Grow heap (frag case) to 6.858MB for 104992-byte allocation
D/dalvikvm( 2199): GC_FOR_ALLOC freed 11K, 25% free 6270K/8304K, paused 40ms, total 40ms
I/dalvikvm-heap( 2199): Grow heap (frag case) to 6.968MB for 104992-byte allocation
I/DownloadManager( 2366): in removeSpuriousFiles
D/dalvikvm( 2199): GC_FOR_ALLOC freed 25K, 25% free 6372K/8408K, paused 37ms, total 37ms
I/dalvikvm-heap( 2199): Grow heap (frag case) to 7.068MB for 104992-byte allocation
W/InputMethodManagerService( 2199): Ignoring setImeWindowStatus of uid 1000 token: null
D/BluetoothManagerService( 2199): Message: 20
D/BluetoothManagerService( 2199): Added callback: android.bluetooth.IBluetoothManagerCallback$Stub$Proxy@4170bb90:true
D/BluetoothAdapter( 2306): 1098625360: getState() : mService = null. Returning STATE_OFF
D/BluetoothAdapter( 2306): 1098625360: getState() : mService = null. Returning STATE_OFF
D/BluetoothAdapter( 2306): 1098625360: getState() : mService = null. Returning STATE_OFF
I/QuickSettingsController( 2306): Default tiles being loaded
I/QuickSettingsController( 2306): Tiles list: toggleUser|toggleBrightness|toggleSettings|toggleWifi|toggleMobileData|toggleBattery|toggleAirplane|toggleBluetooth
I/ActivityManager( 2199): Start proc org.pocketworkstation.pckeyboard for service org.pocketworkstation.pckeyboard/.LatinIME: pid=2385 uid=10072 gids={50072, 1028}
I/dalvikvm( 2385): Turning on JNI app bug workarounds for target SDK version 11...
D/dalvikvm( 2199): GC_FOR_ALLOC freed 354K, 23% free 6632K/8512K, paused 39ms, total 39ms
I/CommonTimeManagementService( 2199): No common time service detected on this platform. Common time services will be unavailable.
I/LocationBlacklist( 2199): whitelist: []
I/LocationBlacklist( 2199): blacklist: [com.google., com.semaphoremobile.zagat.android]
I/ActivityManager( 2199): Start proc com.android.phone for added application com.android.phone: pid=2405 uid=1001 gids={41001, 3002, 3001, 3003, 1015, 1028}
I/InputReader( 2199): Reconfiguring input devices. changes=0x00000020
I/InputReader( 2199): Reconfiguring input devices. changes=0x00000010
W/ThrottleService( 2199): unable to find stats for iface pdp0
I/ActivityManager( 2199): START u0 {act=android.intent.action.MAIN cat=[android.intent.category.HOME] flg=0x10000000 cmp=com.cyanogenmod.trebuchet/.Launcher} from pid 0
