D/MediaProvider( 2366): object removed 2288
D/MediaProvider( 2366): object removed 2289
D/MediaProvider( 2366): object removed 2290
D/MediaProvider( 2366): object removed 2291
D/MediaProvider( 2366): object removed 2292
D/MediaProvider( 2366): object removed 2293
D/MediaProvider( 2366): object removed 2294
D/MediaProvider( 2366): object removed 2295
D/MediaProvider( 2366): object removed 2296
D/MediaProvider( 2366): object removed 2297
D/MediaProvider( 2366): object removed 2298
D/MediaProvider( 2366): object removed 2299
D/MediaProvider( 2366): object removed 2300
D/MediaProvider( 2366): object removed 2301
D/MediaProvider( 2366): object removed 2302
D/MediaProvider( 2366): object removed 2303
D/MediaProvider( 2366): object removed 2304
D/MediaProvider( 2366): object removed 2305
D/MediaProvider( 2366): object removed 2306
D/MediaProvider( 2366): object removed 2307
D/MediaProvider( 2366): object removed 2308
D/MediaProvider( 2366): object removed 2309
D/MediaProvider( 2366): object removed 2310
D/MediaProvider( 2366): object removed 2311
D/MediaProvider( 2366): object removed 2312
D/MediaProvider( 2366): object removed 2313
D/MediaProvider( 2366): object removed 2314
D/MediaProvider( 2366): object removed 2315
D/MediaProvider( 2366): object removed 2316
D/MediaProvider( 2366): object removed 2317
D/MediaProvider( 2366): object removed 2318
D/MediaProvider( 2366): object removed 2319
D/MediaProvider( 2366): object removed 2320
D/MediaProvider( 2366): object removed 2321
D/MediaProvider( 2366): object removed 2322
D/MediaProvider( 2366): object removed 2323
D/MediaProvider( 2366): object removed 2324
D/MediaProvider( 2366): object removed 2325
D/MediaProvider( 2366): object removed 2326
D/MediaProvider( 2366): object removed 2327
D/MediaProvider( 2366): object removed 2328
D/MediaProvider( 2366): object removed 2329
D/MediaProvider( 2366): object removed 2330
D/MediaProvider( 2366): object removed 2331
D/MediaProvider( 2366): object removed 2332
I/PowerManagerService( 2199): Going to sleep due to screen timeout...
D/PermissionCache( 1855): checking android.permission.READ_FRAME_BUFFER for uid=1000 => granted (284 us)
I/MusicLeanback( 3124): EnablingReceiver action:com.google.android.music.START_DOWNLOAD_SCHEDULING
D/MusicLeanback( 3124): Acquired WakeLock
D/MusicLeanback( 3124): Service action:com.google.android.music.leanback.APP_IN_USE
W/MusicLeanback( 3124): No streaming account configured
D/MusicLeanback( 3124): Released WakeLock
D/SurfaceFlinger( 1855): Screen released, type=0 flinger=0x4176c318
D/dalvikvm( 2199): GC_CONCURRENT freed 997K, 34% free 6968K/10556K, paused 7ms+4ms, total 59ms
D/dalvikvm( 2199): WAIT_FOR_CONCURRENT_GC blocked 38ms
D/dalvikvm( 2199): WAIT_FOR_CONCURRENT_GC blocked 39ms
D/dalvikvm( 2199): WAIT_FOR_CONCURRENT_GC blocked 48ms
D/TinyALSA-Audio Hardware( 1858): audio_hw_set_parameters(0x41286a68, screen_state=on)++
D/TinyALSA-Audio Hardware( 1858): audio_hw_set_parameters(0x41286a68, screen_state=on)-- (PARAMETER ERROR)
D/AKMD2 ( 2199): akm_disable_sensor: Accel is disabled. (orien = 0)
I/AKMD2 ( 2199): enable_accelerometer, mEnabled = 1, enable = 0
I/WindowManager( 2199): Lock screen displayed!
D/TinyALSA-Audio Hardware( 1858): audio_hw_set_parameters(0x41286a68, screen_state=off)++
D/TinyALSA-Audio Hardware( 1858): audio_hw_set_parameters(0x41286a68, screen_state=off)-- (PARAMETER ERROR)
D/dalvikvm( 2199): GC_CONCURRENT freed 599K, 29% free 7530K/10556K, paused 3ms+4ms, total 75ms
D/dalvikvm( 2199): WAIT_FOR_CONCURRENT_GC blocked 30ms
D/dalvikvm( 2199): WAIT_FOR_CONCURRENT_GC blocked 27ms
D/dalvikvm( 2199): WAIT_FOR_CONCURRENT_GC blocked 35ms
D/MediaProvider( 2366): object removed 2333
D/MediaProvider( 2366): object removed 2334
D/MediaProvider( 2366): object removed 2335
D/MediaProvider( 2366): object removed 2336
D/MediaProvider( 2366): object removed 2337
D/MediaProvider( 2366): object removed 2338
D/MediaProvider( 2366): object removed 2339
D/MediaProvider( 2366): object removed 2340
D/MediaProvider( 2366): object removed 2341
D/MediaProvider( 2366): object removed 2342
D/MediaProvider( 2366): object removed 2343
D/MediaProvider( 2366): object removed 2344
D/MediaProvider( 2366): object removed 2345
D/MediaProvider( 2366): object removed 2346
D/MediaProvider( 2366): object removed 2347
D/MediaProvider( 2366): object removed 2348
D/MediaProvider( 2366): object removed 2349
D/MediaProvider( 2366): object removed 2350
D/MediaProvider( 2366): object removed 2351
D/MediaProvider( 2366): object removed 2352
D/MediaProvider( 2366): object removed 2353
D/MediaProvider( 2366): object removed 2354
D/MediaProvider( 2366): object removed 2355
D/MediaProvider( 2366): object removed 2356
D/MediaProvider( 2366): object removed 2357
D/MediaProvider( 2366): object removed 2358
D/MediaProvider( 2366): object removed 2359
D/MediaProvider( 2366): object removed 2360
D/MediaProvider( 2366): object removed 2361
D/MediaProvider( 2366): object removed 2362
D/MediaProvider( 2366): object removed 2363
D/MediaProvider( 2366): object removed 2364
D/MediaProvider( 2366): object removed 2365
D/MediaProvider( 2366): object removed 2366
D/MediaProvider( 2366): object removed 2367
D/MediaProvider( 2366): object removed 2368
D/MediaProvider( 2366): object removed 2369
D/MediaProvider( 2366): object removed 2370
D/MediaProvider( 2366): object removed 2371
D/MediaProvider( 2366): object removed 2372
D/MediaProvider( 2366): object removed 2373
D/MediaProvider( 2366): object removed 2374
D/MediaProvider( 2366): object removed 2375
D/MediaProvider( 2366): object removed 2376
D/MediaProvider( 2366): object removed 2377
D/MediaProvider( 2366): object removed 2378
D/MediaProvider( 2366): object removed 2379
D/MediaProvider( 2366): object removed 2380
D/MediaProvider( 2366): object removed 2381
D/MediaProvider( 2366): object removed 2382
D/MediaProvider( 2366): object removed 2383
D/MediaProvider( 2366): object removed 2384
D/MediaProvider( 2366): object removed 2385
D/MediaProvider( 2366): object removed 2386
D/MediaProvider( 2366): object removed 2387
D/MediaProvider( 2366): object removed 2388
D/MediaProvider( 2366): object removed 2389
D/MediaProvider( 2366): object removed 2390
D/MediaProvider( 2366): object removed 2391
D/MediaProvider( 2366): object removed 2392
D/MediaProvider( 2366): object removed 2393
D/MediaProvider( 2366): object removed 2394
D/MediaProvider( 2366): object removed 2395
D/MediaProvider( 2366): object removed 2396
D/MediaProvider( 2366): object removed 2397
D/MediaProvider( 2366): object removed 2398
D/MediaProvider( 2366): object removed 2399
D/MediaProvider( 2366): object removed 2400
D/MediaProvider( 2366): object removed 2401
D/MediaProvider( 2366): object removed 2402
D/MediaProvider( 2366): object removed 2403
D/MediaProvider( 2366): object removed 2404
D/MediaProvider( 2366): object removed 2405
D/MediaProvider( 2366): object removed 2406
D/MediaProvider( 2366): object removed 2407
D/MediaProvider( 2366): object removed 2408
D/MediaProvider( 2366): object removed 2409
D/MediaProvider( 2366): object removed 2410
D/MediaProvider( 2366): object removed 2411
D/MediaProvider( 2366): object removed 2412
D/MediaProvider( 2366): object removed 2413
D/MediaProvider( 2366): object removed 2414
D/MediaProvider( 2366): object removed 2415
D/MediaProvider( 2366): object removed 2416
D/MediaProvider( 2366): object removed 2417
D/MediaProvider( 2366): object removed 2418
D/MediaProvider( 2366): object removed 2419
D/MediaProvider( 2366): object removed 2420
D/MediaProvider( 2366): object removed 2421
D/MediaProvider( 2366): object removed 2422
D/MediaProvider( 2366): object removed 2423
D/MediaProvider( 2366): object removed 2424
D/MediaProvider( 2366): object removed 2425
D/MediaProvider( 2366): object removed 2426
D/MediaProvider( 2366): object removed 2427
D/MediaProvider( 2366): object removed 2428
D/MediaProvider( 2366): object removed 2429
D/MediaProvider( 2366): object removed 2430
D/MediaProvider( 2366): object removed 2431
D/MediaProvider( 2366): object removed 2432
D/MediaProvider( 2366): object removed 2433
I/InputReader( 2199): Reconfiguring input devices. changes=0x00000010
I/InputReader( 2199): Reconfiguring input devices. changes=0x00000010
I/ActivityManager( 2199): Start proc com.android.gallery3d for broadcast com.android.gallery3d/.app.PackagesMonitor: pid=3227 uid=10022 gids={50022, 1006, 3003, 1015, 1028}
E/Trace ( 3227): error opening trace file: No such file or directory (2)
I/ActivityManager( 2199): Start proc com.android.voicedialer for broadcast com.android.voicedialer/.VoiceDialerReceiver: pid=3240 uid=10046 gids={50046, 3002, 1028}
E/Trace ( 3240): error opening trace file: No such file or directory (2)
I/ActivityManager( 2199): No longer want com.google.android.onetimeinitializer (pid 2968): empty #17
I/ActivityManager( 2199): Start proc com.google.android.apps.plus for broadcast com.google.android.apps.plus/.service.PackagesMediaMonitor: pid=3255 uid=10076 gids={50076, 3003, 3002, 1015, 1006, 1028}
E/Trace ( 3255): error opening trace file: No such file or directory (2)
I/ActivityManager( 2199): No longer want com.google.android.gcm (pid 3013): empty #17
D/MediaProvider( 2366): object removed 2434
D/MediaProvider( 2366): object removed 2435
D/MediaProvider( 2366): object removed 2436
D/MediaProvider( 2366): object removed 2437
D/MediaProvider( 2366): object removed 2438
D/MediaProvider( 2366): object removed 2439
D/MediaProvider( 2366): object removed 2440
D/MediaProvider( 2366): object removed 2441
D/MediaProvider( 2366): object removed 2442
D/MediaProvider( 2366): object removed 2443
D/MediaProvider( 2366): object removed 2444
D/MediaProvider( 2366): object removed 2445
D/MediaProvider( 2366): object removed 2446
D/MediaProvider( 2366): object removed 2447
D/MediaProvider( 2366): object removed 2448
D/MediaProvider( 2366): object removed 2449
D/MediaProvider( 2366): object removed 2450
D/MediaProvider( 2366): object removed 2451
D/MediaProvider( 2366): object removed 2452
D/MediaProvider( 2366): object removed 2453
D/MediaProvider( 2366): object removed 2454
D/MediaProvider( 2366): object removed 2455
D/MediaProvider( 2366): object removed 2456
D/MediaProvider( 2366): object removed 2457
D/MediaProvider( 2366): object removed 2458
D/MediaProvider( 2366): object removed 2459
D/MediaProvider( 2366): object removed 2460
D/MediaProvider( 2366): object removed 2461
D/MediaProvider( 2366): object removed 2462
D/MediaProvider( 2366): object removed 2463
D/MediaProvider( 2366): object removed 2464
D/MediaProvider( 2366): object removed 2465
D/MediaProvider( 2366): object removed 2466
D/MediaProvider( 2366): object removed 2467
D/MediaProvider( 2366): object removed 2468
D/MediaProvider( 2366): object removed 2469
D/MediaProvider( 2366): object removed 2470
D/MediaProvider( 2366): object removed 2471
D/MediaProvider( 2366): object removed 2472
D/MediaProvider( 2366): object removed 2473
D/MediaProvider( 2366): object removed 2474
D/MediaProvider( 2366): object removed 2475
D/MediaProvider( 2366): object removed 2476
D/MediaProvider( 2366): object removed 2477
D/MediaProvider( 2366): object removed 2478
D/MediaProvider( 2366): object removed 2479
D/MediaProvider( 2366): object removed 2480
D/MediaProvider( 2366): object removed 2481
D/MediaProvider( 2366): object removed 2482
D/MediaProvider( 2366): object removed 2483
D/MediaProvider( 2366): object removed 2484
D/MediaProvider( 2366): object removed 2485
D/MediaProvider( 2366): object removed 2486
D/MediaProvider( 2366): object removed 2487
D/MediaProvider( 2366): object removed 2488
D/MediaProvider( 2366): object removed 2489
D/MediaProvider( 2366): object removed 2490
D/MediaProvider( 2366): object removed 2491
D/MediaProvider( 2366): object removed 2492
D/MediaProvider( 2366): object removed 2493
D/MediaProvider( 2366): object removed 2494
D/MediaProvider( 2366): object removed 2495
D/MediaProvider( 2366): object removed 2496
D/MediaProvider( 2366): object removed 2497
D/MediaProvider( 2366): object removed 2498
D/MediaProvider( 2366): object removed 2499
D/MediaProvider( 2366): object removed 2500
D/MediaProvider( 2366): object removed 2501
D/MediaProvider( 2366): object removed 2502
D/MediaProvider( 2366): object removed 2503
D/MediaProvider( 2366): object removed 2504
D/MediaProvider( 2366): object removed 2505
D/MediaProvider( 2366): object removed 2506
D/MediaProvider( 2366): object removed 2507
D/MediaProvider( 2366): object removed 2508
D/MediaProvider( 2366): object removed 2509
D/MediaProvider( 2366): object removed 2510
D/MediaProvider( 2366): object removed 2511
D/MediaProvider( 2366): object removed 2512
D/MediaProvider( 2366): object removed 2513
D/MediaProvider( 2366): object removed 2514
D/MediaProvider( 2366): object removed 2515
D/MediaProvider( 2366): object removed 2516
D/MediaProvider( 2366): object removed 2517
D/MediaProvider( 2366): object removed 2518
D/MediaProvider( 2366): object removed 2519
D/MediaProvider( 2366): object removed 2520
D/MediaProvider( 2366): object removed 2521
D/MediaProvider( 2366): object removed 2522
D/MediaProvider( 2366): object removed 2523
D/MediaProvider( 2366): object removed 2524
D/MediaProvider( 2366): object removed 2525
D/MediaProvider( 2366): object removed 2526
D/MediaProvider( 2366): object removed 2527
D/MediaProvider( 2366): object removed 2528
D/MediaProvider( 2366): object removed 2529
D/MediaProvider( 2366): object removed 2530
D/MediaProvider( 2366): object removed 2531
D/MediaProvider( 2366): object removed 2532
D/MediaProvider( 2366): object removed 2533
D/MediaProvider( 2366): object removed 2534
D/dalvikvm( 3255): GC_FOR_ALLOC freed 3133K, 47% free 4137K/7696K, paused 37ms, total 38ms
D/dalvikvm( 3255): GC_CONCURRENT freed 348K, 43% free 4392K/7696K, paused 9ms+3ms, total 107ms
D/dalvikvm( 3255): WAIT_FOR_CONCURRENT_GC blocked 85ms
D/dalvikvm( 3255): GC_CONCURRENT freed 145K, 36% free 4934K/7696K, paused 2ms+2ms, total 120ms
D/dalvikvm( 3255): WAIT_FOR_CONCURRENT_GC blocked 100ms
D/MediaProvider( 2366): object removed 2535
D/MediaProvider( 2366): object removed 2536
D/MediaProvider( 2366): object removed 2537
D/MediaProvider( 2366): object removed 2538
D/MediaProvider( 2366): object removed 2539
D/MediaProvider( 2366): object removed 2540
D/MediaProvider( 2366): object removed 2541
D/MediaProvider( 2366): object removed 2542
D/MediaProvider( 2366): object removed 2543
D/MediaProvider( 2366): object removed 2544
D/MediaProvider( 2366): object removed 2545
D/MediaProvider( 2366): object removed 2546
D/MediaProvider( 2366): object removed 2547
D/MediaProvider( 2366): object removed 2548
D/MediaProvider( 2366): object removed 2549
D/MediaProvider( 2366): object removed 2550
D/MediaProvider( 2366): object removed 2551
D/MediaProvider( 2366): object removed 2552
D/MediaProvider( 2366): object removed 2553
D/MediaProvider( 2366): object removed 2554
D/MediaProvider( 2366): object removed 2555
D/MediaProvider( 2366): object removed 2556
D/MediaProvider( 2366): object removed 2557
D/MediaProvider( 2366): object removed 2558
D/MediaProvider( 2366): object removed 2559
D/MediaProvider( 2366): object removed 2560
D/MediaProvider( 2366): object removed 2561
D/MediaProvider( 2366): object removed 2562
D/MediaProvider( 2366): object removed 2563
D/MediaProvider( 2366): object removed 2564
D/MediaProvider( 2366): object removed 2565
D/MediaProvider( 2366): object removed 2566
D/MediaProvider( 2366): object removed 2567
D/MediaProvider( 2366): object removed 2568
D/MediaProvider( 2366): object removed 2569
D/MediaProvider( 2366): object removed 2570
D/MediaProvider( 2366): object removed 2571
D/MediaProvider( 2366): object removed 2572
D/MediaProvider( 2366): object removed 2573
D/MediaProvider( 2366): object removed 2574
D/MediaProvider( 2366): object removed 2575
D/MediaProvider( 2366): object removed 2576
D/MediaProvider( 2366): object removed 2577
D/MediaProvider( 2366): object removed 2578
D/MediaProvider( 2366): object removed 2579
D/MediaProvider( 2366): object removed 2580
D/MediaProvider( 2366): object removed 2581
D/MediaProvider( 2366): object removed 2582
D/MediaProvider( 2366): object removed 2583
D/MediaProvider( 2366): object removed 2584
D/MediaProvider( 2366): object removed 2585
D/MediaProvider( 2366): object removed 2586
D/MediaProvider( 2366): object removed 2587
D/MediaProvider( 2366): object removed 2588
D/MediaProvider( 2366): object removed 2589
D/MediaProvider( 2366): object removed 2590
D/MediaProvider( 2366): object removed 2591
D/MediaProvider( 2366): object removed 2592
D/MediaProvider( 2366): object removed 2593
D/MediaProvider( 2366): object removed 2594
D/MediaProvider( 2366): object removed 2595
D/MediaProvider( 2366): object removed 2596
D/MediaProvider( 2366): object removed 2597
D/MediaProvider( 2366): object removed 2598
D/MediaProvider( 2366): object removed 2599
D/MediaProvider( 2366): object removed 2600
D/MediaProvider( 2366): object removed 2601
D/MediaProvider( 2366): object removed 2602
D/MediaProvider( 2366): object removed 2603
D/MediaProvider( 2366): object removed 2604
D/MediaProvider( 2366): object removed 2605
D/MediaProvider( 2366): object removed 2606
D/MediaProvider( 2366): object removed 2607
D/MediaProvider( 2366): object removed 2608
D/MediaProvider( 2366): object removed 2609
D/MediaProvider( 2366): object removed 2610
D/MediaProvider( 2366): object removed 2611
D/MediaProvider( 2366): object removed 2612
D/MediaProvider( 2366): object removed 2613
D/MediaProvider( 2366): object removed 2614
D/MediaProvider( 2366): object removed 2615
D/MediaProvider( 2366): object removed 2616
D/MediaProvider( 2366): object removed 2617
D/MediaProvider( 2366): object removed 2618
D/MediaProvider( 2366): object removed 2619
D/MediaProvider( 2366): object removed 2620
D/MediaProvider( 2366): object removed 2621
D/MediaProvider( 2366): object removed 2622
D/MediaProvider( 2366): object removed 2623
D/MediaProvider( 2366): object removed 2624
D/MediaProvider( 2366): object removed 2625
D/MediaProvider( 2366): object removed 2626
D/MediaProvider( 2366): object removed 2627
D/MediaProvider( 2366): object removed 2628
D/MediaProvider( 2366): object removed 2629
D/MediaProvider( 2366): object removed 2630
D/MediaProvider( 2366): object removed 2631
D/MediaProvider( 2366): object removed 2632
D/MediaProvider( 2366): object removed 2633
D/MediaProvider( 2366): object removed 2634
D/MediaProvider( 2366): object removed 2635
D/dalvikvm( 3255): GC_CONCURRENT freed 547K, 32% free 5257K/7696K, paused 1ms+2ms, total 29ms
D/dalvikvm( 3255): WAIT_FOR_CONCURRENT_GC blocked 10ms
D/dalvikvm( 3255): GC_CONCURRENT freed 205K, 23% free 5962K/7696K, paused 3ms+44ms, total 97ms
W/ExternalStorageUtils( 3255): Error writing to /storage/sdcard0/Notifications/hangout_dingtone.m4a
W/ExternalStorageUtils( 3255): java.io.FileNotFoundException: /storage/sdcard0/Notifications/hangout_dingtone.m4a: open failed: ENOENT (No such file or directory)
W/ExternalStorageUtils( 3255): at libcore.io.IoBridge.open(IoBridge.java:416)
W/ExternalStorageUtils( 3255): at java.io.FileOutputStream.(FileOutputStream.java:88)
W/ExternalStorageUtils( 3255): at java.io.FileOutputStream.(FileOutputStream.java:73)
W/ExternalStorageUtils( 3255): at com.google.android.apps.plus.hangout.HangoutNotifications.copyResourceToFile(HangoutNotifications.java:160)
W/ExternalStorageUtils( 3255): at com.google.android.apps.plus.hangout.HangoutNotifications.registerHangoutSounds(HangoutNotifications.java:42)
W/ExternalStorageUtils( 3255): at com.google.android.apps.plus.phone.EsApplication$1.doInBackground(EsApplication.java:55)
W/ExternalStorageUtils( 3255): at android.os.AsyncTask$2.call(AsyncTask.java:287)
W/ExternalStorageUtils( 3255): at java.util.concurrent.FutureTask.run(FutureTask.java:234)
W/ExternalStorageUtils( 3255): at android.os.AsyncTask$SerialExecutor$1.run(AsyncTask.java:230)
W/ExternalStorageUtils( 3255): at java.util.concurrent.ThreadPoolExecutor.runWorker(ThreadPoolExecutor.java:1080)
W/ExternalStorageUtils( 3255): at java.util.concurrent.ThreadPoolExecutor$Worker.run(ThreadPoolExecutor.java:573)
W/ExternalStorageUtils( 3255): at java.lang.Thread.run(Thread.java:856)
W/ExternalStorageUtils( 3255): Caused by: libcore.io.ErrnoException: open failed: ENOENT (No such file or directory)
W/ExternalStorageUtils( 3255): at libcore.io.Posix.open(Native Method)
W/ExternalStorageUtils( 3255): at libcore.io.BlockGuardOs.open(BlockGuardOs.java:110)
W/ExternalStorageUtils( 3255): at libcore.io.IoBridge.open(IoBridge.java:400)
W/ExternalStorageUtils( 3255): ... 11 more
I/ActivityManager( 2199): No longer want com.google.android.apps.genie.geniewidget (pid 2907): empty #17
D/dalvikvm( 2366): GC_CONCURRENT freed 453K, 67% free 2567K/7696K, paused 5ms+3ms, total 40ms
D/MediaProvider( 2366): object removed 2636
D/MediaProvider( 2366): object removed 2637
D/MediaProvider( 2366): object removed 2638
D/MediaProvider( 2366): object removed 2639
D/MediaProvider( 2366): object removed 2640
D/MediaProvider( 2366): object removed 2641
D/MediaProvider( 2366): object removed 2642
D/MediaProvider( 2366): object removed 2643
D/MediaProvider( 2366): object removed 2644
D/MediaProvider( 2366): object removed 2645
D/MediaProvider( 2366): object removed 2646
D/MediaProvider( 2366): object removed 2647
D/MediaProvider( 2366): object removed 2648
D/MediaProvider( 2366): object removed 2649
D/MediaProvider( 2366): object removed 2650
D/MediaProvider( 2366): object removed 2651
D/MediaProvider( 2366): object removed 2652
D/MediaProvider( 2366): object removed 2653
D/MediaProvider( 2366): object removed 2654
D/MediaProvider( 2366): object removed 2655
D/MediaProvider( 2366): object removed 2656
D/MediaProvider( 2366): object removed 2657
D/MediaProvider( 2366): object removed 2658
D/MediaProvider( 2366): object removed 2659
D/MediaProvider( 2366): object removed 2660
D/MediaProvider( 2366): object removed 2661
D/MediaProvider( 2366): object removed 2662
D/MediaProvider( 2366): object removed 2663
D/MediaProvider( 2366): object removed 2664
D/MediaProvider( 2366): object removed 2665
D/MediaProvider( 2366): object removed 2666
D/MediaProvider( 2366): object removed 2667
D/MediaProvider( 2366): object removed 2668
D/MediaProvider( 2366): object removed 2669
D/MediaProvider( 2366): object removed 2670
D/MediaProvider( 2366): object removed 2671
D/MediaProvider( 2366): object removed 2672
D/MediaProvider( 2366): object removed 2673
D/MediaProvider( 2366): object removed 2674
D/MediaProvider( 2366): object removed 2675
D/MediaProvider( 2366): object removed 2676
D/MediaProvider( 2366): object removed 2677
D/MediaProvider( 2366): object removed 2678
D/MediaProvider( 2366): object removed 2679
D/MediaProvider( 2366): object removed 2680
D/MediaProvider( 2366): object removed 2681
D/MediaProvider( 2366): object removed 2682
D/MediaProvider( 2366): object removed 2683
D/MediaProvider( 2366): object removed 2684
D/MediaProvider( 2366): object removed 2685
D/MediaProvider( 2366): object removed 2686
D/MediaProvider( 2366): object removed 2687
D/MediaProvider( 2366): object removed 2688
D/MediaProvider( 2366): object removed 2689
D/MediaProvider( 2366): object removed 2690
D/MediaProvider( 2366): object removed 2691
D/MediaProvider( 2366): object removed 2692
D/MediaProvider( 2366): object removed 2693
D/MediaProvider( 2366): object removed 2694
D/MediaProvider( 2366): object removed 2695
D/MediaProvider( 2366): object removed 2696
D/MediaProvider( 2366): object removed 2697
D/MediaProvider( 2366): object removed 2698
D/MediaProvider( 2366): object removed 2699
D/MediaProvider( 2366): object removed 2700
D/MediaProvider( 2366): object removed 2701
D/MediaProvider( 2366): object removed 2702
D/MediaProvider( 2366): object removed 2703
D/MediaProvider( 2366): object removed 2704
D/MediaProvider( 2366): object removed 2705
D/MediaProvider( 2366): object removed 2706
D/MediaProvider( 2366): object removed 2707
D/MediaProvider( 2366): object removed 2708
D/MediaProvider( 2366): object removed 2709
D/MediaProvider( 2366): object removed 2710
D/MediaProvider( 2366): object removed 2711
D/MediaProvider( 2366): object removed 2712
D/MediaProvider( 2366): object removed 2713
D/MediaProvider( 2366): object removed 2714
D/MediaProvider( 2366): object removed 2715
D/MediaProvider( 2366): object removed 2716
D/MediaProvider( 2366): object removed 2717
D/MediaProvider( 2366): object removed 2718
D/MediaProvider( 2366): object removed 2719
D/MediaProvider( 2366): object removed 2720
D/MediaProvider( 2366): object removed 2721
D/MediaProvider( 2366): object removed 2722
D/MediaProvider( 2366): object removed 2723
D/MediaProvider( 2366): object removed 2724
D/MediaProvider( 2366): object removed 2725
D/MediaProvider( 2366): object removed 2726
D/MediaProvider( 2366): object removed 2727
D/MediaProvider( 2366): object removed 2728
D/MediaProvider( 2366): object removed 2729
D/MediaProvider( 2366): object removed 2730
D/MediaProvider( 2366): object removed 2731
D/MediaProvider( 2366): object removed 2732
D/MediaProvider( 2366): object removed 2733
D/MediaProvider( 2366): object removed 2734
D/MediaProvider( 2366): object removed 2735
D/MediaProvider( 2366): object removed 2736
D/MediaProvider( 2366): object removed 2737
D/MediaProvider( 2366): object removed 2738
D/MediaProvider( 2366): object removed 2739
D/MediaProvider( 2366): object removed 2740
D/MediaProvider( 2366): object removed 2741
D/MediaProvider( 2366): object removed 2742
D/MediaProvider( 2366): object removed 2743
D/MediaProvider( 2366): object removed 2744
D/MediaProvider( 2366): object removed 2745
D/MediaProvider( 2366): object removed 2746
D/MediaProvider( 2366): object removed 2747
D/MediaProvider( 2366): object removed 2748
D/MediaProvider( 2366): object removed 2749
D/MediaProvider( 2366): object removed 2750
D/MediaProvider( 2366): object removed 2751
D/MediaProvider( 2366): object removed 2752
D/MediaProvider( 2366): object removed 2753
D/MediaProvider( 2366): object removed 2754
D/MediaProvider( 2366): object removed 2755
D/MediaProvider( 2366): object removed 2756
D/MediaProvider( 2366): object removed 2757
D/MediaProvider( 2366): object removed 2758
D/MediaProvider( 2366): object removed 2759
D/MediaProvider( 2366): object removed 2760
D/MediaProvider( 2366): object removed 2761
D/MediaProvider( 2366): object removed 2762
D/MediaProvider( 2366): object removed 2763
D/MediaProvider( 2366): object removed 2764
D/MediaProvider( 2366): object removed 2765
D/MediaProvider( 2366): object removed 2766
D/MediaProvider( 2366): object removed 2767
D/MediaProvider( 2366): object removed 2768
D/MediaProvider( 2366): object removed 2769
D/MediaProvider( 2366): object removed 2770
D/MediaProvider( 2366): object removed 2771
D/MediaProvider( 2366): object removed 2772
D/MediaProvider( 2366): object removed 2773
D/MediaProvider( 2366): object removed 2774
D/MediaProvider( 2366): object removed 2775
D/MediaProvider( 2366): object removed 2776
D/MediaProvider( 2366): object removed 2777
D/MediaProvider( 2366): object removed 2778
D/MediaProvider( 2366): object removed 2779
D/MediaProvider( 2366): object removed 2780
D/MediaProvider( 2366): object removed 2781
D/MediaProvider( 2366): object removed 2782
D/MediaProvider( 2366): object removed 2783
D/MediaProvider( 2366): object removed 2784
D/MediaProvider( 2366): object removed 2785
D/MediaProvider( 2366): object removed 2786
D/MediaProvider( 2366): object removed 2787
D/MediaProvider( 2366): object removed 2788
D/MediaProvider( 2366): object removed 2789
D/MediaProvider( 2366): object removed 2790
D/MediaProvider( 2366): object removed 2791
D/MediaProvider( 2366): object removed 2792
D/MediaProvider( 2366): object removed 2793
D/MediaProvider( 2366): object removed 2794
D/MediaProvider( 2366): object removed 2795
D/MediaProvider( 2366): object removed 2796
D/MediaProvider( 2366): object removed 2797
D/MediaProvider( 2366): object removed 2798
D/MediaProvider( 2366): object removed 2799
D/MediaProvider( 2366): object removed 2800
D/MediaProvider( 2366): object removed 2801
D/MediaProvider( 2366): object removed 2802
D/MediaProvider( 2366): object removed 2803
D/MediaProvider( 2366): object removed 2804
D/MediaProvider( 2366): object removed 2805
D/MediaProvider( 2366): object removed 2806
D/MediaProvider( 2366): object removed 2807
D/MediaProvider( 2366): object removed 2808
D/MediaProvider( 2366): object removed 2809
D/MediaProvider( 2366): object removed 2810
D/MediaProvider( 2366): object removed 2811
D/MediaProvider( 2366): object removed 2812
D/MediaProvider( 2366): object removed 2813
D/MediaProvider( 2366): object removed 2814
D/MediaProvider( 2366): object removed 2815
D/MediaProvider( 2366): object removed 2816
D/MediaProvider( 2366): object removed 2817
D/MediaProvider( 2366): object removed 2818
D/MediaProvider( 2366): object removed 2819
D/MediaProvider( 2366): object removed 2820
D/MediaProvider( 2366): object removed 2821
D/MediaProvider( 2366): object removed 2822
D/MediaProvider( 2366): object removed 2823
D/MediaProvider( 2366): object removed 2824
D/MediaProvider( 2366): object removed 2825
D/MediaProvider( 2366): object removed 2826
D/MediaProvider( 2366): object removed 2827
D/MediaProvider( 2366): object removed 2828
D/MediaProvider( 2366): object removed 2829
D/MediaProvider( 2366): object removed 2830
D/MediaProvider( 2366): object removed 2831
D/MediaProvider( 2366): object removed 2832
D/MediaProvider( 2366): object removed 2833
D/MediaProvider( 2366): object removed 2834
D/MediaProvider( 2366): object removed 2835
D/MediaProvider( 2366): object removed 2836
D/MediaProvider( 2366): object removed 2837
W/Settings( 2405): Setting auto_time_zone has moved from android.provider.Settings.System to android.provider.Settings.Global, returning read-only value.
D/AlarmManagerService( 2199): Kernel timezone updated to -60 minutes west of GMT
D/MediaProvider( 2366): object removed 2838
D/MediaProvider( 2366): object removed 2839
D/MediaProvider( 2366): object removed 2840
D/MediaProvider( 2366): object removed 2841
D/MediaProvider( 2366): object removed 2842
D/MediaProvider( 2366): object removed 2843
D/MediaProvider( 2366): object removed 2844
D/MediaProvider( 2366): object removed 2845
D/MediaProvider( 2366): object removed 2846
D/MediaProvider( 2366): object removed 2847
D/MediaProvider( 2366): object removed 2848
D/MediaProvider( 2366): object removed 2849
D/MediaProvider( 2366): object removed 2850
D/MediaProvider( 2366): object removed 2851
D/MediaProvider( 2366): object removed 2852
D/MediaProvider( 2366): object removed 2853
D/MediaProvider( 2366): object removed 2854
D/MediaProvider( 2366): object removed 2855
D/MediaProvider( 2366): object removed 2856
D/MediaProvider( 2366): object removed 2857
D/MediaProvider( 2366): object removed 2858
D/MediaProvider( 2366): object removed 2859
D/MediaProvider( 2366): object removed 2860
D/MediaProvider( 2366): object removed 2861
D/MediaProvider( 2366): object removed 2862
D/MediaProvider( 2366): object removed 2863
D/MediaProvider( 2366): object removed 2864
D/MediaProvider( 2366): object removed 2865
D/MediaProvider( 2366): object removed 2866
D/MediaProvider( 2366): object removed 2867
D/MediaProvider( 2366): object removed 2868
D/MediaProvider( 2366): object removed 2869
D/MediaProvider( 2366): object removed 2870
D/MediaProvider( 2366): object removed 2871
D/MediaProvider( 2366): object removed 2872
D/MediaProvider( 2366): object removed 2873
D/MediaProvider( 2366): object removed 2874
D/MediaProvider( 2366): object removed 2875
D/MediaProvider( 2366): object removed 2876
D/MediaProvider( 2366): object removed 2877
D/MediaProvider( 2366): object removed 2878
D/MediaProvider( 2366): object removed 2879
D/MediaProvider( 2366): object removed 2880
D/MediaProvider( 2366): object removed 2881
D/MediaProvider( 2366): object removed 2882
D/MediaProvider( 2366): object removed 2883
D/MediaProvider( 2366): object removed 2884
D/MediaProvider( 2366): object removed 2885
D/MediaProvider( 2366): object removed 2886
D/MediaProvider( 2366): object removed 2887
D/MediaProvider( 2366): object removed 2888
D/MediaProvider( 2366): object removed 2889
D/MediaProvider( 2366): object removed 2890
D/MediaProvider( 2366): object removed 2891
D/MediaProvider( 2366): object removed 2892
D/MediaProvider( 2366): object removed 2893
D/MediaProvider( 2366): object removed 2894
D/MediaProvider( 2366): object removed 2895
D/MediaProvider( 2366): object removed 2896
D/MediaProvider( 2366): object removed 2897
D/MediaProvider( 2366): object removed 2898
D/MediaProvider( 2366): object removed 2899
D/MediaProvider( 2366): object removed 2900
D/MediaProvider( 2366): object removed 2901
D/MediaProvider( 2366): object removed 2902
D/MediaProvider( 2366): object removed 2903
D/MediaProvider( 2366): object removed 2904
D/MediaProvider( 2366): object removed 2905
D/MediaProvider( 2366): object removed 2906
D/MediaProvider( 2366): object removed 2907
D/MediaProvider( 2366): object removed 2908
D/MediaProvider( 2366): object removed 2909
D/MediaProvider( 2366): object removed 2910
D/MediaProvider( 2366): object removed 2911
D/MediaProvider( 2366): object removed 2912
D/MediaProvider( 2366): object removed 2913
D/MediaProvider( 2366): object removed 2914
D/MediaProvider( 2366): object removed 2915
D/MediaProvider( 2366): object removed 2916
D/MediaProvider( 2366): object removed 2917
D/MediaProvider( 2366): object removed 2918
D/MediaProvider( 2366): object removed 2919
D/MediaProvider( 2366): object removed 2920
D/MediaProvider( 2366): object removed 2921
D/MediaProvider( 2366): object removed 2922
D/MediaProvider( 2366): object removed 2923
D/MediaProvider( 2366): object removed 2924
D/MediaProvider( 2366): object removed 2925
D/MediaProvider( 2366): object removed 2926
D/MediaProvider( 2366): object removed 2927
D/MediaProvider( 2366): object removed 2928
D/MediaProvider( 2366): object removed 2929
D/MediaProvider( 2366): object removed 2930
D/MediaProvider( 2366): object removed 2931
D/MediaProvider( 2366): object removed 2932
D/MediaProvider( 2366): object removed 2933
D/MediaProvider( 2366): object removed 2934
D/MediaProvider( 2366): object removed 2935
D/MediaProvider( 2366): object removed 2936
D/MediaProvider( 2366): object removed 2937
D/MediaProvider( 2366): object removed 2938
D/MediaProvider( 2366): object removed 2939
D/MediaProvider( 2366): object removed 2940
D/MediaProvider( 2366): object removed 2941
D/MediaProvider( 2366): object removed 2942
D/MediaProvider( 2366): object removed 2943
D/MediaProvider( 2366): object removed 2944
D/MediaProvider( 2366): object removed 2945
D/MediaProvider( 2366): object removed 2946
D/MediaProvider( 2366): object removed 2947
D/MediaProvider( 2366): object removed 2948
D/MediaProvider( 2366): object removed 2949
D/MediaProvider( 2366): object removed 2950
D/MediaProvider( 2366): object removed 2951
D/MediaProvider( 2366): object removed 2952
D/MediaProvider( 2366): object removed 2953
D/MediaProvider( 2366): object removed 2954
D/MediaProvider( 2366): object removed 2955
D/MediaProvider( 2366): object removed 2956
D/MediaProvider( 2366): object removed 2957
D/MediaProvider( 2366): object removed 2958
D/MediaProvider( 2366): object removed 2959
D/MediaProvider( 2366): object removed 2960
D/MediaProvider( 2366): object removed 2961
D/MediaProvider( 2366): object removed 2962
D/MediaProvider( 2366): object removed 2963
D/MediaProvider( 2366): object removed 2964
D/MediaProvider( 2366): object removed 2965
D/MediaProvider( 2366): object removed 2966
D/MediaProvider( 2366): object removed 2967
D/MediaProvider( 2366): object removed 2968
D/MediaProvider( 2366): object removed 2969
D/MediaProvider( 2366): object removed 2970
D/MediaProvider( 2366): object removed 2971
D/MediaProvider( 2366): object removed 2972
D/MediaProvider( 2366): object removed 2973
D/MediaProvider( 2366): object removed 2974
D/MediaProvider( 2366): object removed 2975
D/MediaProvider( 2366): object removed 2976
D/MediaProvider( 2366): object removed 2977
D/MediaProvider( 2366): object removed 2978
D/MediaProvider( 2366): object removed 2979
D/MediaProvider( 2366): object removed 2980
D/MediaProvider( 2366): object removed 2981
D/MediaProvider( 2366): object removed 2982
D/MediaProvider( 2366): object removed 2983
D/MediaProvider( 2366): object removed 2984
D/MediaProvider( 2366): object removed 2985
D/MediaProvider( 2366): object removed 2986
D/MediaProvider( 2366): object removed 2987
D/MediaProvider( 2366): object removed 2988
D/MediaProvider( 2366): object removed 2989
D/MediaProvider( 2366): object removed 2990
D/MediaProvider( 2366): object removed 2991
D/MediaProvider( 2366): object removed 2992
D/MediaProvider( 2366): object removed 2993
D/MediaProvider( 2366): object removed 2994
D/MediaProvider( 2366): object removed 2995
D/MediaProvider( 2366): object removed 2996
D/MediaProvider( 2366): object removed 2997
D/MediaProvider( 2366): object removed 2998
D/MediaProvider( 2366): object removed 2999
D/MediaProvider( 2366): object removed 3000
D/MediaProvider( 2366): object removed 3001
D/MediaProvider( 2366): object removed 3002
D/MediaProvider( 2366): object removed 3003
D/MediaProvider( 2366): object removed 3004
D/MediaProvider( 2366): object removed 3005
D/MediaProvider( 2366): object removed 3006
D/MediaProvider( 2366): object removed 3007
D/MediaProvider( 2366): object removed 3008
D/MediaProvider( 2366): object removed 3009
D/MediaProvider( 2366): object removed 3010
D/MediaProvider( 2366): object removed 3011
D/MediaProvider( 2366): object removed 3012
D/MediaProvider( 2366): object removed 3013
D/MediaProvider( 2366): object removed 3014
D/MediaProvider( 2366): object removed 3015
D/MediaProvider( 2366): object removed 3016
D/MediaProvider( 2366): object removed 3017
D/MediaProvider( 2366): object removed 3018
D/MediaProvider( 2366): object removed 3019
D/MediaProvider( 2366): object removed 3020
D/MediaProvider( 2366): object removed 3021
D/MediaProvider( 2366): object removed 3022
D/MediaProvider( 2366): object removed 3023
D/MediaProvider( 2366): object removed 3024
D/MediaProvider( 2366): object removed 3025
D/MediaProvider( 2366): object removed 3026
D/MediaProvider( 2366): object removed 3027
D/MediaProvider( 2366): object removed 3028
D/MediaProvider( 2366): object removed 3029
D/MediaProvider( 2366): object removed 3030
D/MediaProvider( 2366): object removed 3031
D/MediaProvider( 2366): object removed 3032
D/MediaProvider( 2366): object removed 3033
D/MediaProvider( 2366): object removed 3034
D/MediaProvider( 2366): object removed 3035
D/MediaProvider( 2366): object removed 3036
D/MediaProvider( 2366): object removed 3037
D/MediaProvider( 2366): object removed 3038
D/MediaProvider( 2366): object removed 3039
D/MediaProvider( 2366): object removed 3040
D/MediaProvider( 2366): object removed 3041
D/MediaProvider( 2366): object removed 3042
D/MediaProvider( 2366): object removed 3043
D/MediaProvider( 2366): object removed 3044
D/MediaProvider( 2366): object removed 3045
D/MediaProvider( 2366): object removed 3046
D/MediaProvider( 2366): object removed 3047
D/MediaProvider( 2366): object removed 3048
D/MediaProvider( 2366): object removed 3049
D/MediaProvider( 2366): object removed 3050
D/MediaProvider( 2366): object removed 3051
D/MediaProvider( 2366): object removed 3052
D/MediaProvider( 2366): object removed 3053
D/MediaProvider( 2366): object removed 3054
D/MediaProvider( 2366): object removed 3055
D/MediaProvider( 2366): object removed 3056
D/MediaProvider( 2366): object removed 3057
D/MediaProvider( 2366): object removed 3058
D/MediaProvider( 2366): object removed 3059
D/MediaProvider( 2366): object removed 3060
D/MediaProvider( 2366): object removed 3061
D/MediaProvider( 2366): object removed 3062
D/MediaProvider( 2366): object removed 3063
D/MediaProvider( 2366): object removed 3064
D/MediaProvider( 2366): object removed 3065
D/MediaProvider( 2366): object removed 3066
D/MediaProvider( 2366): object removed 3067
D/MediaProvider( 2366): object removed 3068
D/MediaProvider( 2366): object removed 3069
D/MediaProvider( 2366): object removed 3070
D/MediaProvider( 2366): object removed 3071
D/MediaProvider( 2366): object removed 3072
D/MediaProvider( 2366): object removed 3073
D/MediaProvider( 2366): object removed 3074
D/MediaProvider( 2366): object removed 3075
D/MediaProvider( 2366): object removed 3076
D/MediaProvider( 2366): object removed 3077
D/MediaProvider( 2366): object removed 3078
D/MediaProvider( 2366): object removed 3079
D/MediaProvider( 2366): object removed 3080
D/dalvikvm( 2366): GC_CONCURRENT freed 344K, 67% free 2606K/7696K, paused 3ms+2ms, total 16ms
D/MediaProvider( 2366): object removed 3081
D/MediaProvider( 2366): object removed 3082
D/MediaProvider( 2366): object removed 3083
D/MediaProvider( 2366): object removed 3084
D/MediaProvider( 2366): object removed 3085
D/MediaProvider( 2366): object removed 3086
D/MediaProvider( 2366): object removed 3087
D/MediaProvider( 2366): object removed 3088
D/MediaProvider( 2366): object removed 3089
D/MediaProvider( 2366): object removed 3090
D/MediaProvider( 2366): object removed 3091
D/MediaProvider( 2366): object removed 3092
D/MediaProvider( 2366): object removed 3093
D/MediaProvider( 2366): object removed 3094
D/MediaProvider( 2366): object removed 3095
D/MediaProvider( 2366): object removed 3096
D/MediaProvider( 2366): object removed 3097
D/MediaProvider( 2366): object removed 3098
D/MediaProvider( 2366): object removed 3099
D/MediaProvider( 2366): object removed 3100
D/MediaProvider( 2366): object removed 3101
D/MediaProvider( 2366): object removed 3102
D/MediaProvider( 2366): object removed 3103
D/MediaProvider( 2366): object removed 3104
D/MediaProvider( 2366): object removed 3105
D/MediaProvider( 2366): object removed 3106
D/MediaProvider( 2366): object removed 3107
D/MediaProvider( 2366): object removed 3108
D/MediaProvider( 2366): object removed 3109
D/MediaProvider( 2366): object removed 3110
D/MediaProvider( 2366): object removed 3111
D/MediaProvider( 2366): object removed 3112
D/MediaProvider( 2366): object removed 3113
D/MediaProvider( 2366): object removed 3114
D/MediaProvider( 2366): object removed 3115
D/MediaProvider( 2366): object removed 3116
D/MediaProvider( 2366): object removed 3117
D/MediaProvider( 2366): object removed 3118
D/MediaProvider( 2366): object removed 3119
D/MediaProvider( 2366): object removed 3120
D/MediaProvider( 2366): object removed 3121
D/MediaProvider( 2366): object removed 3122
D/MediaProvider( 2366): object removed 3123
D/MediaProvider( 2366): object removed 3124
D/MediaProvider( 2366): object removed 3125
D/MediaProvider( 2366): object removed 3126
D/MediaProvider( 2366): object removed 3127
D/MediaProvider( 2366): object removed 3128
D/MediaProvider( 2366): object removed 3129
D/MediaProvider( 2366): object removed 3130
D/MediaProvider( 2366): object removed 3131
D/MediaProvider( 2366): object removed 3132
D/MediaProvider( 2366): object removed 3133
D/MediaProvider( 2366): object removed 3134
D/MediaProvider( 2366): object removed 3135
D/MediaProvider( 2366): object removed 3136
D/MediaProvider( 2366): object removed 3137
D/MediaProvider( 2366): object removed 3138
D/MediaProvider( 2366): object removed 3139
D/MediaProvider( 2366): object removed 3140
I//system/bin/fsck_msdos( 1851): ** Phase 4 - Checking for Lost Files
I//system/bin/fsck_msdos( 1851): 8796 files, 759616 free (23738 clusters)
I/Vold ( 1851): Filesystem check completed OK
I/Vold ( 1851): Device /dev/block/vold/179:25, target /storage/sdcard1 mounted @ /mnt/secure/staging
D/Vold ( 1851): Volume sdcard1 state changing 3 (Checking) -> 4 (Mounted)
D/MountService( 2199): volume state changed for /storage/sdcard1 (checking -> mounted)
E/VoldConnector( 2199): NDC Command {3 volume mount /storage/sdcard1} took too long (24659ms)
D/DirectVolume( 1851): Checking for bad partition major number
D/DirectVolume( 1851): Found bad partition
E/DirectVolume( 1851): Fixing major number from 179 to 259 for partition 11
I/Vold ( 1851): /dev/block/vold/259:3 being considered for volume sdcard0
D/Vold ( 1851): Volume sdcard0 state changing 1 (Idle-Unmounted) -> 3 (Checking)
D/Vold ( 1851): Trying to get filesystem type for /dev/block/vold/259:3
D/MountService( 2199): sendStorageIntent Intent { act=android.intent.action.MEDIA_MOUNTED dat=file:///storage/sdcard1 (has extras) } to UserHandle{-1}
D/MountService( 2199): volume state changed for /storage/sdcard0 (unmounted -> checking)
D/MountService( 2199): sendStorageIntent Intent { act=android.intent.action.MEDIA_CHECKING dat=file:///storage/sdcard0 (has extras) } to UserHandle{-1}
D/MediaScannerReceiver( 2366): action: android.intent.action.MEDIA_MOUNTED path: /storage/sdcard1
D/gp.PicasaSync( 3255): sync account database
D/SizeAdaptiveLayout( 2306): com.android.internal.widget.SizeAdaptiveLayout{416f4130 V.E..... ......I. 0,0-0,0 #7f090072 app:id/adaptive}child view android.widget.FrameLayout{41a47438 G.E..... ......ID 0,0-0,0 #1020324 android:id/status_bar_latest_event_content} measured out of bounds at 95px clamped to 96px
D/gp.PicasaSync( 3255): accounts in DB=1
D/gp.PicasaSyncManager( 3255): active network: null
D/gp.PicasaSyncManager( 3255): background data: true
D/gp.PicasaSyncManager( 3255): battery info: true
I//system/bin/fsck_msdos( 1851): ** /dev/block/vold/259:3
D/Vold ( 1851): Found vfat filesystem on /dev/block/vold/259:3
I//system/bin/fsck_msdos( 1851): ** Phase 1 - Read and Compare FATs
I//system/bin/fsck_msdos( 1851): Attempting to allocate 1473 KB for FAT
I//system/bin/fsck_msdos( 1851): Attempting to allocate 1473 KB for FAT
I//system/bin/fsck_msdos( 1851): ** Phase 2 - Check Cluster Chains
I//system/bin/fsck_msdos( 1851): ** Phase 3 - Checking Directories
D/lights ( 2199): set_light_buttons on=1
D/AKMD2 ( 2199): akm_enable_sensor: Accel is enabled. (orien = 0)
I/AKMD2 ( 2199): enable_accelerometer, mEnabled = 0, enable = 1
I/PowerManagerService( 2199): Waking up from sleep...
I/InputDispatcher( 2199): Dropped event because input dispatch is disabled.
D/dalvikvm( 2199): GC_CONCURRENT freed 1088K, 27% free 7745K/10556K, paused 7ms+10ms, total 112ms
D/dalvikvm( 2199): WAIT_FOR_CONCURRENT_GC blocked 98ms
D/PowerManagerService-JNI( 2199): Excessive delay in autosuspend_disable() while turning screen on: 187ms
D/SurfaceFlinger( 1855): Screen acquired, type=0 flinger=0x4176c318
I/WindowManager( 2199): Lock screen displayed!
D/TinyALSA-Audio Hardware( 1858): audio_hw_set_parameters(0x41286a68, screen_state=on)++
D/TinyALSA-Audio Hardware( 1858): audio_hw_set_parameters(0x41286a68, screen_state=on)-- (PARAMETER ERROR)
D/dalvikvm( 2366): GC_CONCURRENT freed 380K, 67% free 2611K/7696K, paused 3ms+2ms, total 33ms
D/dalvikvm( 2199): GC_FOR_ALLOC freed 1355K, 31% free 7297K/10556K, paused 61ms, total 61ms
D/PhoneInterfaceManager( 2405): wait for done
D/PhoneStatusBar( 2306): disable: < expand icons alerts ticker system_info back* home* RECENT clock search > D/PhoneInterfaceManager( 2405): SUPPLY_PIN_COMPLETE
D/PhoneInterfaceManager( 2405): done
D/dalvikvm( 2199): GC_CONCURRENT freed 446K, 24% free 8096K/10556K, paused 5ms+4ms, total 67ms
D/dalvikvm( 2199): WAIT_FOR_CONCURRENT_GC blocked 44ms
D/dalvikvm( 2199): WAIT_FOR_CONCURRENT_GC blocked 39ms
D/dalvikvm( 2199): WAIT_FOR_CONCURRENT_GC blocked 34ms
D/CAT ( 2405): CatService: ril message arrived
D/CAT ( 2405): CommandParamsFactory: process SelectItem
D/CAT ( 2405): CatService: SET_UP_MENU
D/CAT ( 2405): CatService: encodeOptionalTags() Unsupported Cmd details=CmdDetails: compRequired=true commandNumber=1 typeOfCommand=37 commandQualifier=0
D/CAT ( 2405): StkAppService: SET_UP_MENU
D/CAT ( 2405): StkAppService: Install App
D/dalvikvm( 2199): GC_FOR_ALLOC freed 229K, 22% free 8332K/10556K, paused 57ms, total 57ms
I/dalvikvm-heap( 2199): Grow heap (frag case) to 8.983MB for 104992-byte allocation
D/dalvikvm( 2199): GC_FOR_ALLOC freed 12K, 21% free 8424K/10660K, paused 58ms, total 59ms
I/dalvikvm-heap( 2199): Grow heap (frag case) to 9.073MB for 104992-byte allocation
D/CAT ( 2405): CatService: Return current sInstance
D/CAT ( 2405): CatService: SIM ready. Reporting STK service running now...
D/CAT ( 2405): CatService: ril message arrived
D/CAT ( 2405): CatService: SESSION END
V/TAG ( 2199): bug 7643792: fitSystemWindows([0,38][0,0])
D/PhoneStatusBar( 2306): disable: < expand icons alerts ticker system_info back home recent* clock search > D/PhoneStatusBar( 2306): disable: < expand icons alerts ticker system_info BACK* HOME* recent clock search > D/PhoneStatusBar( 2306): disable: < expand icons alerts ticker system_info BACK HOME recent CLOCK* search > D/PhoneStatusBar( 2306): disable: < expand icons alerts ticker system_info back* home* recent clock* search > W/Settings( 2405): Setting auto_time_zone has moved from android.provider.Settings.System to android.provider.Settings.Global, returning read-only value.
D/AlarmManagerService( 2199): Kernel timezone updated to -60 minutes west of GMT
V/TAG ( 2199): bug 7643792: fitSystemWindows([0,38][0,0])
D/MccTable( 2405): updateMccMncConfiguration: mcc=208, mnc=1
D/TelephonyManager( 2405): getLteOnCdmaMode=0 curVal=-1 product_type='' lteOnCdmaProductType=''
D/MccTable( 2405): locale set to fr_fr
D/MccTable( 2405): WIFI_COUNTRY_CODE set to fr
I/WifiService( 2199): WifiService trying to set country code to fr with persist set to true
I/ActivityManager( 2199): Config changes=1403 {1.0 208mcc1mnc en_GB ldltr sw320dp w320dp h508dp 240dpi nrml long port finger -keyb/v/h -nav/h s.6 themeResource=null}
I/PCKeyboard( 2385): onConfigurationChanged()
D/BluetoothAdapter( 2306): 1098625360: getState() : mService = null. Returning STATE_OFF
